000
CXUS55 KBOU 011000
CF6APA
PRELIMINARY LOCAL CLIMATOLOGICAL DATA (WS FORM: F-6)
STATION: CENTENNIAL CO
MONTH: FEBRUARY
YEAR: 2021
LATITUDE: 39 33 N
LONGITUDE: 104 51 W
TEMPERATURE IN F: :PCPN: SNOW: WIND :SUNSHINE: SKY :PK WND
================================================================================
1 2 3 4 5 6A 6B 7 8 9 10 11 12 13 14 15 16 17 18
12Z AVG MX 2MIN
DY MAX MIN AVG DEP HDD CDD WTR SNW DPTH SPD SPD DIR MIN PSBL S-S WX SPD DR
================================================================================
1 56 23 40 8 25 0 0.00 M M 4.4 12 230 M M 7 15 200
2 64 29 47 15 18 0 0.00 M M 4.9 13 180 M M 2 15 190
3 65 29 47 15 18 0 0.09 M M 12.4 26 240 M M 5 1 39 30
4 39 15 27 -5 38 0 0.00 M M 7.8 24 320 M M 4 31 310
5 41 22 32 0 33 0 0.00 M M 7.6 20 310 M M 7 30 350
6 44 28 36 4 29 0 0.00 M M 11.3 28 300 M M 5 43 300
7 54 11 33 1 32 0 T M M 12.6 35 280 M M 4 1 57 270
8 40 9 25 -7 40 0 T M M 5.1 15 10 M M 4 1 21 360
9 34 10 22 -10 43 0 0.00 M M 3.4 13 350 M M 5 1 16 340
10 39 14 27 -5 38 0 T M M 4.0 15 360 M M 5 18 18 350
11 32 10 21 -11 44 0 T M M 5.4 16 350 M M 6 18 21 360
12 13 2 8 -24 57 0 T M M 7.0 15 350 M M 9 18 19 360
13 6 -5 1 -31 64 0 T M M 7.2 16 350 M M 10 1 19 360
14 3 -8 -2 -34 67 0 0.04 M M 3.8 10 40 M M 6 18 16 20
15 36 -10 13 -20 52 0 T M M 4.4 16 340 M M 4 19 360
16 43 18 31 -2 34 0 0.00 M M 7.1 20 270 M M 5 28 260
17 31 15 23 -10 42 0 0.12 M M 5.7 13 90 M M 8 128 19 80
18 34 7 21 -12 44 0 0.01 M M 4.9 14 170 M M 5 1 17 180
19 46 13 30 -3 35 0 0.00 M M 10.3 31 300 M M 2 46 310
20 55 28 42 8 23 0 0.16 M M 11.6 28 360 M M 5 1 35 10
21 40 16 28 -6 37 0 0.01 M M 9.2 23 300 M M 3 18 31 300
22 59 28 44 10 21 0 0.00 M M 10.1 22 320 M M 3 28 310
23 61 26 44 10 21 0 0.00 M M 9.6 25 310 M M 3 32 310
24 40 21 31 -3 34 0 0.14 M M 8.7 17 140 M M 7 1 23 90
25 31 14 23 -12 42 0 0.13 M M 6.4 17 20 M M 5 1 22 10
26 45 9 27 -8 38 0 0.00 M M 6.6 18 130 M M 2 18 26 130
27 35 18 27 -8 38 0 0.00 M M 7.0 20 320 M M 6 27 320
28 35 14 25 -11 40 0 0.00 M M 3.9 9 250 M M 3 12 260
================================================================================
SM 1121 406 1047 0 0.70 M 202.4 M 140
================================================================================
AV 40.0 14.5 7.2 FASTST M M 5 MAX(MPH)
MISC ----> 35 280 57 270
================================================================================
NOTES:
# LAST OF SEVERAL OCCURRENCES
COLUMN 17 PEAK WIND IN M.P.H.
PRELIMINARY LOCAL CLIMATOLOGICAL DATA (WS FORM: F-6) , PAGE 2
STATION: CENTENNIAL CO
MONTH: FEBRUARY
YEAR: 2021
LATITUDE: 39 33 N
LONGITUDE: 104 51 W
[TEMPERATURE DATA] [PRECIPITATION DATA] SYMBOLS USED IN COLUMN 16
AVERAGE MONTHLY: 27.3 TOTAL FOR MONTH: 0.70 1 = FOG OR MIST
DPTR FM NORMAL: -5.6 DPTR FM NORMAL: 0.22 2 = FOG REDUCING VISIBILITY
HIGHEST: 65 ON 3 GRTST 24HR 0.27 ON 24-25 TO 1/4 MILE OR LESS
LOWEST: -10 ON 15 3 = THUNDER
SNOW, ICE PELLETS, HAIL 4 = ICE PELLETS
TOTAL MONTH: M 5 = HAIL
GRTST 24HR M ON M 6 = FREEZING RAIN OR DRIZZLE
GRTST DEPTH: M ON M 7 = DUSTSTORM OR SANDSTORM:
VSBY 1/2 MILE OR LESS
8 = SMOKE OR HAZE
[NO. OF DAYS WITH] [WEATHER - DAYS WITH] 9 = BLOWING SNOW
X = TORNADO
MAX 32 OR BELOW: 6 0.01 INCH OR MORE: 8
MAX 90 OR ABOVE: 0 0.10 INCH OR MORE: 4
MIN 32 OR BELOW: 28 0.50 INCH OR MORE: 0
MIN 0 OR BELOW: 3 1.00 INCH OR MORE: 0
[HDD (BASE 65) ]
TOTAL THIS MO. 1047 CLEAR (SCALE 0-3) 7
DPTR FM NORMAL 150 PTCLDY (SCALE 4-7) 18
TOTAL FM JUL 1 4178 CLOUDY (SCALE 8-10) 3
DPTR FM NORMAL -283
[CDD (BASE 65) ]
TOTAL THIS MO. 0
DPTR FM NORMAL 0 [PRESSURE DATA]
TOTAL FM JAN 1 0 HIGHEST SLP 30.46 ON 14
DPTR FM NORMAL 0 LOWEST SLP 29.51 ON 3
[REMARKS]
#FINAL-02-21#