000
CXUS52 KMFL 011304
CLMAPF
CLIMATE REPORT
NATIONAL WEATHER SERVICE MIAMI, FL
904 AM EDT WED NOV 01 2023
...................................
...THE NAPLES CLIMATE SUMMARY FOR THE MONTH OF OCTOBER 2023...
CLIMATE NORMAL PERIOD: 1991 TO 2020
CLIMATE RECORD PERIOD: 1942 TO 2023
WEATHER OBSERVED NORMAL DEPART LAST YEAR`S
VALUE DATE(S) VALUE FROM VALUE DATE(S)
NORMAL
................................................................
TEMPERATURE (F)
RECORD
HIGH 96 10/05/2019
LOW 46 10/11/2000
10/28/1957
HIGHEST 92 10/01 91 10/11
10/04
10/30
10/31
LOWEST 58 10/18 57 10/20
AVG. MAXIMUM 87.5 86.5 1.0 85.1
AVG. MINIMUM 71.3 70.5 0.8 69.1
MEAN 79.4 78.5 0.9 77.1
DAYS MAX >= 90 8 MM
DAYS MAX <= 32 0 MM
DAYS MIN <= 32 0 MM
DAYS MIN <= 0 0 MM
PRECIPITATION (INCHES)
RECORD
MAXIMUM 17.52 1951
MINIMUM 0.05 1977
TOTALS 2.50 3.93 -1.43 4.66
DAILY AVG. 0.08 0.13 -0.05 0.15
DAYS >= .01 4 8
DAYS >= .10 3 5
DAYS >= .50 1 4
DAYS >= 1.00 1 1
GREATEST
24 HR. TOTAL 2.04 10/12 TO 10/13 2.00
DEGREE DAYS
HEATING TOTAL 0 1 -1 0
SINCE 7/1 0 0 0 MM
COOLING TOTAL 455 419 36 369
SINCE 1/1 4577 3706 871 MM
................................................................
WIND (MPH)
AVERAGE WIND SPEED 8.5
HIGHEST WIND SPEED/DIRECTION 25/210 DATE 10/12
HIGHEST GUST SPEED/DIRECTION 32/210 DATE 10/12
SKY COVER
POSSIBLE SUNSHINE (PERCENT) MM
AVERAGE SKY COVER 0.24
NUMBER OF DAYS FAIR 22
NUMBER OF DAYS PC 7
NUMBER OF DAYS CLOUDY 1
AVERAGE RH (PERCENT) 72
WEATHER CONDITIONS. NUMBER OF DAYS WITH
THUNDERSTORM 2 MIXED PRECIP 0
HEAVY RAIN 2 RAIN 2
LIGHT RAIN 3 FREEZING RAIN 0
LT FREEZING RAIN 0 HAIL 0
HEAVY SNOW 0 SNOW 0
LIGHT SNOW 0 SLEET 0
FOG 5 FOG W/VIS <= 1/4 MILE 0
HAZE 4
- INDICATES NEGATIVE NUMBERS.
R INDICATES RECORD WAS SET OR TIED.
MM INDICATES DATA IS MISSING.
T INDICATES TRACE AMOUNT.
$$