000
CXUS53 KAPX 010730
CF6APX
PRELIMINARY LOCAL CLIMATOLOGICAL DATA (WS FORM: F-6)
STATION: GAYLORD WFO
MONTH: JULY
YEAR: 2021
LATITUDE: 45 4 N
LONGITUDE: 84 43 W
TEMPERATURE IN F: :PCPN: SNOW: WIND :SUNSHINE: SKY :PK WND
================================================================================
1 2 3 4 5 6A 6B 7 8 9 10 11 12 13 14 15 16 17 18
12Z AVG MX 2MIN
DY MAX MIN AVG DEP HDD CDD WTR SNW DPTH SPD SPD DIR MIN PSBL S-S WX SPD DR
================================================================================
1 69 54 62 -4 3 0 0.00 0.0 0 M M M M M M M M
2 70 48 59 -7 6 0 0.00 0.0 0 M M M M M M M M
3 83 55 69 3 0 4 T 0.0 0 M M M M M M M M
4 89 62 76 9 0 11 0.00 0.0 0 M M M M M M M M
5 85 66 76 9 0 11 0.36 0.0 0 M M M M M M M M
6 83 60 72 5 0 7 0.06 0.0 0 M M M M M M M M
7 60 50 55 -12 10 0 1.16 0.0 0 M M M M M M M M
8 58 50 54 -13 11 0 0.16 0.0 0 M M M M M M M M
9 72 50 61 -6 4 0 0.00 0.0 0 M M M M M M M M
10 79 50 65 -2 0 0 0.00 0.0 0 M M M M M M M M
11 75 52 64 -3 1 0 0.00 0.0 0 M M M M M M M M
12 79 53 66 -1 0 1 0.00 0.0 0 M M M M M M M M
13 74 63 69 2 0 4 0.77 0.0 0 M M M M M M M M
14 83 61 72 5 0 7 0.08 0.0 0 M M M M M M M M
15 71 58 65 -2 0 0 1.46 0.0 0 M M M M M M M M
16 75 56 66 -1 0 1 0.00 0.0 0 M M M M M M M M
17 80 54 67 0 0 2 0.00 0.0 0 M M M M M M M M
18 78 57 68 1 0 3 0.00 0.0 0 M M M M M M M M
19 81 61 71 4 0 6 0.00 0.0 0 M M M M M M M M
20 73 60 67 0 0 2 T 0.0 0 M M M M M M M M
21 72 52 62 -5 3 0 0.00 0.0 0 M M M M M M M M
22 72 55 64 -3 1 0 0.00 0.0 0 M M M M M M M M
23 80 58 69 2 0 4 0.00 0.0 0 M M M M M M M M
24 75 65 70 3 0 5 2.24 0.0 0 M M M M M M 3 M M
25 80 62 71 4 0 6 0.00 0.0 0 M M M M M M M M
26 83 60 72 5 0 7 0.00 0.0 0 M M M M M M M M
27 78 62 70 3 0 5 0.04 0.0 0 M M M M M M M M
28 81 58 70 3 0 5 0.01 0.0 0 M M M M M M M M
29 75 57 66 -1 0 1 0.29 0.0 0 M M M M M M 3 M M
30 65 49 57 -10 8 0 0.00 0.0 0 M M M M M M M M
31 72 49 61 -6 4 0 T 0.0 0 M M M M M M M M
================================================================================
SM 2350 1747 51 92 6.63 0.0 M M M
================================================================================
AV 75.8 56.4 M FASTST M M M MAX(MPH)
MISC ----> M M M M
================================================================================
NOTES:
# LAST OF SEVERAL OCCURRENCES
COLUMN 17 PEAK WIND IN M.P.H.
PRELIMINARY LOCAL CLIMATOLOGICAL DATA (WS FORM: F-6) , PAGE 2
STATION: GAYLORD WFO
MONTH: JULY
YEAR: 2021
LATITUDE: 45 4 N
LONGITUDE: 84 43 W
[TEMPERATURE DATA] [PRECIPITATION DATA] SYMBOLS USED IN COLUMN 16
AVERAGE MONTHLY: 66.1 TOTAL FOR MONTH: 6.63 1 = FOG OR MIST
DPTR FM NORMAL: -1.0 DPTR FM NORMAL: 3.77 2 = FOG REDUCING VISIBILITY
HIGHEST: 89 ON 4 GRTST 24HR 2.24 ON 24-24 TO 1/4 MILE OR LESS
LOWEST: 48 ON 2 3 = THUNDER
SNOW, ICE PELLETS, HAIL 4 = ICE PELLETS
TOTAL MONTH: 0.0 INCH 5 = HAIL
GRTST 24HR 0.0 6 = FREEZING RAIN OR DRIZZLE
GRTST DEPTH: 0 7 = DUSTSTORM OR SANDSTORM:
VSBY 1/2 MILE OR LESS
8 = SMOKE OR HAZE
[NO. OF DAYS WITH] [WEATHER - DAYS WITH] 9 = BLOWING SNOW
X = TORNADO
MAX 32 OR BELOW: 0 0.01 INCH OR MORE: 11
MAX 90 OR ABOVE: 0 0.10 INCH OR MORE: 7
MIN 32 OR BELOW: 0 0.50 INCH OR MORE: 4
MIN 0 OR BELOW: 0 1.00 INCH OR MORE: 3
[HDD (BASE 65) ]
TOTAL THIS MO. 51 CLEAR (SCALE 0-3) 0
DPTR FM NORMAL 1 PTCLDY (SCALE 4-7) 0
TOTAL FM JUL 1 51 CLOUDY (SCALE 8-10) 31
DPTR FM NORMAL -1
[CDD (BASE 65) ]
TOTAL THIS MO. 92
DPTR FM NORMAL -23 [PRESSURE DATA]
TOTAL FM JAN 1 236 HIGHEST SLP M ON M
DPTR FM NORMAL 35 LOWEST SLP M ON M
[REMARKS]
#FINAL-07-21#