000
CXUS54 KEWX 011010
CF6AQO
PRELIMINARY LOCAL CLIMATOLOGICAL DATA (WS FORM: F-6)
STATION: LLANO MUNICIPAL AIRPORT
MONTH: MARCH
YEAR: 2023
LATITUDE: 30 47 N
LONGITUDE: 98 40 W
TEMPERATURE IN F: :PCPN: SNOW: WIND :SUNSHINE: SKY :PK WND
================================================================================
1 2 3 4 5 6A 6B 7 8 9 10 11 12 13 14 15 16 17 18
12Z AVG MX 2MIN
DY MAX MIN AVG DEP HDD CDD WTR SNW DPTH SPD SPD DIR MIN PSBL S-S WX SPD DR
================================================================================
1 82 66 74 M 0 9 0.00 M M 5.0 12 340 M M 5 18 M M
2 81 55 68 M 0 3 0.00 M M 9.7 18 290 M M 7 18 52 290
3 68 43 56 M 9 0 0.00 M M 9.0 16 270 M M 4 28 260
4 82 39 61 M 4 0 0.00 M M 3.6 10 230 M M 2 21 230
5 82 43 63 M 2 0 0.00 M M 6.5 16 200 M M 3 23 190
6 82 50 66 M 0 1 0.00 M M 3.2 10 130 M M 5 15 230
7 84 57 71 M 0 6 0.00 M M 4.3 12 140 M M 8 128 18 140
8 70 57 64 M 1 0 0.00 M M 5.5 13 360 M M 10 1 18 360
9 81 54 68 M 0 3 0.00 M M 5.4 13 340 M M 9 18 360
10 72 52 62 M 3 0 0.00 M M 5.1 12 20 M M 8 1 17 20
11 91 55 73 M 0 8 0.00 M M 7.3 17 220 M M 4 18 24 230
12 72 55 64 M 1 0 0.00 M M 10.0 16 60 M M 3 22 60
13 68 45 57 M 8 0 0.00 M M 8.9 14 90 M M 4 20 70
14 61 43 52 M 13 0 0.00 M M 7.4 14 70 M M 9 18 80
15 73 46 60 M 5 0 0.00 M M 9.0 17 160 M M 10 27 170
16 86 46 66 M 0 1 0.00 M M 11.1 24 360 M M 8 8 36 360
17 55 43 49 M 16 0 0.00 M M 11.9 20 360 M M 4 26 330
18 54 36 45 M 20 0 0.00 M M 4.6 10 190 M M 5 M M
19 61 32 47 M 18 0 0.00 M M 2.6 9 100 M M 5 15 0
20 55 36 46 M 19 0 0.00 M M 7.9 15 160 M M 10 24 160
21 77 50 64 M 1 0 0.00 M M 8.2 20 210 M M 8 1 29 210
22 84 66 75 M 0 10 0.00 M M 9.9 18 170 M M 7 26 160
23 82 68 75 M 0 10 0.00 M M 10.6 21 200 M M 9 8 28 180
24 82 54 68 M 0 3 0.00 M M 9.8 18 300 M M 5 8 24 300
25 79 37 58 M 7 0 0.00 M M 4.7 15 320 M M 3 24 320
26 84 43 64 M 1 0 0.00 M M 4.4 12 20 M M 4 21 30
27 77 55 66 M 0 1 0.00 M M 8.1 14 10 M M 7 8 20 10
28 66 52 59 M 6 0 0.00 M M 10.4 21 10 M M 5 28 10
29 73 50 62 M 3 0 0.00 M M 6.6 13 130 M M 9 21 130
30 75 57 66 M 0 1 0.00 M M 7.1 14 140 M M 10 18 22 160
31 90 57 74 M 0 9 0.00 M M 10.3 21 340 M M 5 30 230
================================================================================
SM 2329 1542 137 65 0.00 M 228.0 M 195
================================================================================
AV 75.1 49.7 7.4 FASTST M M 6 MAX(MPH)
MISC ----> 24 360 52 290
================================================================================
NOTES:
# LAST OF SEVERAL OCCURRENCES
COLUMN 17 PEAK WIND IN M.P.H.
PRELIMINARY LOCAL CLIMATOLOGICAL DATA (WS FORM: F-6) , PAGE 2
STATION: LLANO MUNICIPAL AIRPORT
MONTH: MARCH
YEAR: 2023
LATITUDE: 30 47 N
LONGITUDE: 98 40 W
[TEMPERATURE DATA] [PRECIPITATION DATA] SYMBOLS USED IN COLUMN 16
AVERAGE MONTHLY: 62.4 TOTAL FOR MONTH: 0.00 1 = FOG OR MIST
DPTR FM NORMAL: 0.0 DPTR FM NORMAL: M 2 = FOG REDUCING VISIBILITY
HIGHEST: 91 ON 11 GRTST 24HR 0.00 ON 1- 1 TO 1/4 MILE OR LESS
LOWEST: 32 ON 19 3 = THUNDER
SNOW, ICE PELLETS, HAIL 4 = ICE PELLETS
TOTAL MONTH: M 5 = HAIL
GRTST 24HR M ON M 6 = FREEZING RAIN OR DRIZZLE
GRTST DEPTH: M ON M 7 = DUSTSTORM OR SANDSTORM:
VSBY 1/2 MILE OR LESS
8 = SMOKE OR HAZE
[NO. OF DAYS WITH] [WEATHER - DAYS WITH] 9 = BLOWING SNOW
X = TORNADO
MAX 32 OR BELOW: 0 0.01 INCH OR MORE: 0
MAX 90 OR ABOVE: 2 0.10 INCH OR MORE: 0
MIN 32 OR BELOW: 1 0.50 INCH OR MORE: 0
MIN 0 OR BELOW: 0 1.00 INCH OR MORE: 0
[HDD (BASE 65) ]
TOTAL THIS MO. 137 CLEAR (SCALE 0-3) 2
DPTR FM NORMAL M PTCLDY (SCALE 4-7) 19
TOTAL FM JUL 1 1417 CLOUDY (SCALE 8-10) 10
DPTR FM NORMAL M
[CDD (BASE 65) ]
TOTAL THIS MO. 65
DPTR FM NORMAL M [PRESSURE DATA]
TOTAL FM JAN 1 73 HIGHEST SLP M ON M
DPTR FM NORMAL M LOWEST SLP M ON M
[REMARKS]
#FINAL-03-23#