451
CXUS54 KLCH 011422
CF6ARA
PRELIMINARY LOCAL CLIMATOLOGICAL DATA (WS FORM: F-6)
STATION: NEW IBERIA
MONTH: JULY
YEAR: 2020
LATITUDE: 30 1 N
LONGITUDE: 91 53 W
TEMPERATURE IN F: :PCPN: SNOW: WIND :SUNSHINE: SKY :PK WND
================================================================================
1 2 3 4 5 6A 6B 7 8 9 10 11 12 13 14 15 16 17 18
12Z AVG MX 2MIN
DY MAX MIN AVG DEP HDD CDD WTR SNW DPTH SPD SPD DIR MIN PSBL S-S WX SPD DR
================================================================================
1 92 77 85 3 0 20 0.00 0.0 0 7.1 16 200 M M 1 22 200
2 94 75 85 3 0 20 0.00 0.0 0 5.5 13 260 M M 2 138 17 280
3 94 75 85 3 0 20 0.00 0.0 0 6.6 29 40 M M 3 138 40 40
4 94 74 84 2 0 19 0.00 0.0 0 5.4 10 110 M M 2 123 16 100
5 81 74 78 -4 0 13 0.00 0.0 0 4.1 14 340 M M 4 138 19 190
6 85 75 80 -2 0 15 0.00 0.0 0 4.2 18 260 M M 4 138 24 270
7 89 74 82 0 0 17 0.18 0.0 0 3.7 24 260 M M 3 138 36 280
8 93 78 86 4 0 21 0.00 0.0 0 7.6 17 200 M M 4 13 24 180
9 92 76 84 2 0 19 0.00 0.0 0 7.5 16 190 M M 1 1 21 180
10 95 76 86 4 0 21 0.00 0.0 0 4.6 13 300 M M 2 17 300
11 96 78 87 5 0 22 0.00 0.0 0 4.7 13 300 M M 2 12 16 300
12 94 79 87 5 0 22 0.00 0.0 0 7.1 16 250 M M 1 22 270
13 96 75 86 3 0 21 0.07 0.0 0 5.7 18 150 M M 3 13 26 170
14 94 78 86 3 0 21 0.00 0.0 0 6.0 16 190 M M 2 1 23 170
15 93 77 85 2 0 20 0.52 0.0 0 5.1 17 280 M M 2 13 22 290
16 95 75 85 2 0 20 0.78 0.0 0 5.1 32 110 M M 3 13 44 120
17 91 74 83 0 0 18 0.05 0.0 0 5.8 20 90 M M 5 13 25 80
18 92 75 84 1 0 19 T 0.0 0 4.5 17 110 M M 1 3 25 110
19 93 76 85 2 0 20 0.02 0.0 0 6.6 28 110 M M 1 13 34 100
20 84 76 80 -3 0 15 0.21 0.0 0 6.2 18 170 M M 0 13 28 170
21 91 78 85 2 0 20 0.22 0.0 0 5.1 18 100 M M 3 138 27 90
22 95 77 86 3 0 21 0.24 0.0 0 5.8 20 100 M M 2 138 27 80
23 92 76 84 1 0 19 T 0.0 0 11.1 23 90 M M 3 3 31 80
24 89 77 83 0 0 18 0.60 0.0 0 10.5 22 140 M M 4 13 32 140
25 90 77 84 1 0 19 0.31 0.0 0 8.4 29 70 M M 5 13 37 70
26 81 75 78 -5 0 13 0.81 0.0 0 7.8 20 120 M M M 1 27 110
27 82 73 78 -5 0 13 0.74 0.0 0 5.3 13 140 M M 9 1 16 150
28 86 74 80 -3 0 15 2.84 0.0 0 4.4 20 190 M M 6 138 30 200
29 90 72 81 -2 0 16 0.00 0.0 0 6.5 18 200 M M 3 1 25 210
30 92 76 84 1 0 19 0.00 0.0 0 7.4 17 210 M M 2 1 23 200
31 92 74 83 0 0 18 0.01 0.0 0 6.3 17 320 M M 2 1 25 320
================================================================================
SM 2817 2346 0 574 7.60 0.0 191.7 M 85
================================================================================
AV 90.9 75.7 6.2 FASTST M M 3 MAX(MPH)
MISC ----> # 32 110 # 44 120
================================================================================
NOTES:
# LAST OF SEVERAL OCCURRENCES
COLUMN 17 PEAK WIND IN M.P.H.
PRELIMINARY LOCAL CLIMATOLOGICAL DATA (WS FORM: F-6) , PAGE 2
STATION: NEW IBERIA
MONTH: JULY
YEAR: 2020
LATITUDE: 30 1 N
LONGITUDE: 91 53 W
[TEMPERATURE DATA] [PRECIPITATION DATA] SYMBOLS USED IN COLUMN 16
AVERAGE MONTHLY: 83.3 TOTAL FOR MONTH: 7.60 1 = FOG OR MIST
DPTR FM NORMAL: 0.6 DPTR FM NORMAL: 0.96 2 = FOG REDUCING VISIBILITY
HIGHEST: 96 ON 13,11 GRTST 24HR 2.84 ON 28-28 TO 1/4 MILE OR LESS
LOWEST: 72 ON 29 3 = THUNDER
SNOW, ICE PELLETS, HAIL 4 = ICE PELLETS
TOTAL MONTH: 0.0 INCH 5 = HAIL
GRTST 24HR 0.0 6 = FREEZING RAIN OR DRIZZLE
GRTST DEPTH: 0 7 = DUSTSTORM OR SANDSTORM:
VSBY 1/2 MILE OR LESS
8 = SMOKE OR HAZE
[NO. OF DAYS WITH] [WEATHER - DAYS WITH] 9 = BLOWING SNOW
X = TORNADO
MAX 32 OR BELOW: 0 0.01 INCH OR MORE: 15
MAX 90 OR ABOVE: 23 0.10 INCH OR MORE: 11
MIN 32 OR BELOW: 0 0.50 INCH OR MORE: 6
MIN 0 OR BELOW: 0 1.00 INCH OR MORE: 1
[HDD (BASE 65) ]
TOTAL THIS MO. 0 CLEAR (SCALE 0-3) 21
DPTR FM NORMAL 0 PTCLDY (SCALE 4-7) 8
TOTAL FM JUL 1 0 CLOUDY (SCALE 8-10) 1
DPTR FM NORMAL 0
[CDD (BASE 65) ]
TOTAL THIS MO. 574
DPTR FM NORMAL 27 [PRESSURE DATA]
TOTAL FM JAN 1 1828 HIGHEST SLP 30.12 ON 26
DPTR FM NORMAL 240 LOWEST SLP 29.85 ON 5
[REMARKS]
#FINAL-07-20#