356
CXUS56 KPQR 011200
CF6AST
PRELIMINARY LOCAL CLIMATOLOGICAL DATA (WS FORM: F-6)
STATION: ASTORIA OR
MONTH: JUNE
YEAR: 2020
LATITUDE: 46 9 N
LONGITUDE: 123 53 W
TEMPERATURE IN F: :PCPN: SNOW: WIND :SUNSHINE: SKY :PK WND
================================================================================
1 2 3 4 5 6A 6B 7 8 9 10 11 12 13 14 15 16 17 18
12Z AVG MX 2MIN
DY MAX MIN AVG DEP HDD CDD WTR SNW DPTH SPD SPD DIR MIN PSBL S-S WX SPD DR
================================================================================
1 62 41 52 -3 13 0 0.00 M M 8.7 20 310 M M 0 23 330
2 63 43 53 -2 12 0 0.00 M M 5.3 16 270 M M 5 19 260
3 63 52 58 2 7 0 T M M 10.0 22 320 M M 7 1 26 310
4 63 48 56 0 9 0 0.00 M M 8.6 18 320 M M 5 25 320
5 62 48 55 -1 10 0 0.00 M M 7.7 16 290 M M 3 20 320
6 58 46 52 -4 13 0 0.15 M M 7.4 16 250 M M 8 1 22 210
7 60 45 53 -3 12 0 T M M 9.3 20 300 M M 9 25 300
8 58 50 54 -2 11 0 0.45 M M 7.3 17 210 M M 10 1 25 210
9 61 50 56 0 9 0 0.23 M M 13.3 29 190 M M 10 18 39 200
10 65 55 60 4 5 0 0.05 M M 5.8 17 230 M M 10 1 24 190
11 67 55 61 5 4 0 T M M 4.9 12 270 M M 5 1 16 260
12 63 52 58 2 7 0 0.14 M M 5.6 14 260 M M 8 1 18 260
13 60 49 55 -2 10 0 0.11 M M 7.2 20 310 M M 8 1 26 310
14 63 48 56 -1 9 0 0.06 M M 6.3 17 250 M M 6 1 22 240
15 61 52 57 0 8 0 0.41 M M 8.3 17 250 M M 9 1 23 260
16 64 49 57 0 8 0 0.21 M M 6.8 16 310 M M 5 1 21 310
17 65 48 57 0 8 0 0.00 M M 8.0 17 310 M M 4 22 310
18 71 48 60 3 5 0 0.00 M M 7.0 20 310 M M 1 24 310
19 72 51 62 5 3 0 T M M 5.2 21 260 M M 4 1 26 250
20 63 57 60 2 5 0 0.13 M M 7.2 18 210 M M 10 1 26 200
21 65 51 58 0 7 0 0.03 M M 7.4 16 320 M M 5 1 20 310
22 74 48 61 3 4 0 0.00 M M 6.4 20 310 M M 0 24 320
23 76 52 64 6 1 0 0.00 M M 6.9 20 310 M M 0 25 320
24 66 57 62 4 3 0 0.02 M M 8.6 16 320 M M 10 1 19 320
25 68 56 62 4 3 0 T M M 9.7 20 310 M M 6 26 290
26 69 50 60 2 5 0 0.01 M M 7.5 16 310 M M 4 1 20 310
27 61 53 57 -1 8 0 0.13 M M 8.3 17 280 M M 10 18 22 300
28 65 53 59 1 6 0 0.16 M M 7.9 16 280 M M 6 1 20 310
29 62 55 59 0 6 0 0.01 M M 7.7 15 230 M M 10 18 20 250
30 62 53 58 -1 7 0 0.08 M M 8.5 20 320 M M 10 18 24 310
================================================================================
SM 1932 1515 218 0 2.38 M 228.8 M 188
================================================================================
AV 64.4 50.5 7.6 FASTST M M 6 MAX(MPH)
MISC ----> # 29 190 # 39 200
================================================================================
NOTES:
# LAST OF SEVERAL OCCURRENCES
COLUMN 17 PEAK WIND IN M.P.H.
PRELIMINARY LOCAL CLIMATOLOGICAL DATA (WS FORM: F-6) , PAGE 2
STATION: ASTORIA OR
MONTH: JUNE
YEAR: 2020
LATITUDE: 46 9 N
LONGITUDE: 123 53 W
[TEMPERATURE DATA] [PRECIPITATION DATA] SYMBOLS USED IN COLUMN 16
AVERAGE MONTHLY: 57.5 TOTAL FOR MONTH: 2.38 1 = FOG OR MIST
DPTR FM NORMAL: 0.5 DPTR FM NORMAL: -0.17 2 = FOG REDUCING VISIBILITY
HIGHEST: 76 ON 23 GRTST 24HR 0.45 ON 8- 8 TO 1/4 MILE OR LESS
LOWEST: 41 ON 1 3 = THUNDER
SNOW, ICE PELLETS, HAIL 4 = ICE PELLETS
TOTAL MONTH: M 5 = HAIL
GRTST 24HR M ON M 6 = FREEZING RAIN OR DRIZZLE
GRTST DEPTH: M ON M 7 = DUSTSTORM OR SANDSTORM:
VSBY 1/2 MILE OR LESS
8 = SMOKE OR HAZE
[NO. OF DAYS WITH] [WEATHER - DAYS WITH] 9 = BLOWING SNOW
X = TORNADO
MAX 32 OR BELOW: 0 0.01 INCH OR MORE: 17
MAX 90 OR ABOVE: 0 0.10 INCH OR MORE: 10
MIN 32 OR BELOW: 0 0.50 INCH OR MORE: 0
MIN 0 OR BELOW: 0 1.00 INCH OR MORE: 0
[HDD (BASE 65) ]
TOTAL THIS MO. 218 CLEAR (SCALE 0-3) 5
DPTR FM NORMAL -24 PTCLDY (SCALE 4-7) 13
TOTAL FM JUL 1 4884 CLOUDY (SCALE 8-10) 12
DPTR FM NORMAL -139
[CDD (BASE 65) ]
TOTAL THIS MO. 0
DPTR FM NORMAL 0 [PRESSURE DATA]
TOTAL FM JAN 1 4 HIGHEST SLP 30.33 ON 17
DPTR FM NORMAL 4 LOWEST SLP 29.76 ON 5
[REMARKS]
#FINAL-06-20#