000
CXUS52 KFFC 011010
CF6ATL
PRELIMINARY LOCAL CLIMATOLOGICAL DATA (WS FORM: F-6)
STATION: ATLANTA
MONTH: MAY
YEAR: 2023
LATITUDE: 33 39 N
LONGITUDE: 84 26 W
TEMPERATURE IN F: :PCPN: SNOW: WIND :SUNSHINE: SKY :PK WND
================================================================================
1 2 3 4 5 6A 6B 7 8 9 10 11 12 13 14 15 16 17 18
12Z AVG MX 2MIN
DY MAX MIN AVG DEP HDD CDD WTR SNW DPTH SPD SPD DIR MIN PSBL S-S WX SPD DR
================================================================================
1 68 50 59 -8 6 0 0.00 0.0 M 12.9 26 270 M M 2 41 260
2 73 48 61 -7 4 0 0.00 0.0 M 14.9 29 300 M M 1 42 290
3 72 48 60 -8 5 0 0.00 0.0 M 12.7 25 310 M M 0 38 280
4 75 50 63 -5 2 0 0.00 0.0 M 6.3 15 290 M M 5 21 350
5 64 58 61 -7 4 0 0.01 0.0 0 4.6 13 90 M M 10 16 50
6 76 59 68 -1 0 3 0.00 0.0 0 7.4 14 120 M M 8 21 130
7 83 61 72 3 0 7 0.00 0.0 0 5.3 13 190 M M 5 18 200
8 86 67 77 8 0 12 T 0.0 M 8.1 17 280 M M 8 3 23 290
9 85 68 77 8 0 12 0.00 0.0 M 7.9 20 230 M M 7 138 32 220
10 84 67 76 6 0 11 0.00 0.0 M 7.2 16 90 M M 5 1 22 80
11 81 67 74 4 0 9 T 0.0 M 8.6 15 120 M M 7 1 23 90
12 79 67 73 3 0 8 0.23 0.0 M 5.8 10 210 M M 8 18 16 150
13 86 65 76 6 0 11 0.00 0.0 0 3.5 12 330 M M 8 128 18 320
14 90 70 80 9 0 15 0.00 0.0 0 7.8 17 40 M M 6 22 350
15 85 70 78 7 0 13 0.06 0.0 M 7.9 13 110 M M 6 18 70
16 88 68 78 7 0 13 0.29 0.0 M 6.8 32 330 M M 8 13 44 320
17 81 66 74 2 0 9 T 0.0 M 6.6 14 290 M M 8 1 20 340
18 72 64 68 -4 0 3 T 0.0 0 11.5 25 80 M M 9 1 33 70
19 73 61 67 -5 0 2 0.00 0.0 M 9.0 17 70 M M 9 24 110
20 77 65 71 -1 0 6 0.56 0.0 0 5.4 15 340 M M 9 13 22 310
21 80 65 73 1 0 8 T 0.0 0 7.4 16 50 M M 8 20 50
22 70 63 67 -6 0 2 0.41 0.0 M 12.8 20 80 M M 10 1 27 80
23 72 64 68 -5 0 3 0.01 0.0 M 12.6 21 80 M M 9 1 27 90
24 80 65 73 0 0 8 0.00 0.0 M 9.2 17 90 M M 7 24 50
25 81 62 72 -2 0 7 0.00 0.0 M 10.7 21 70 M M 3 30 50
26 77 62 70 -4 0 5 0.00 0.0 0 13.3 22 60 M M 3 29 100
27 77 60 69 -5 0 4 0.00 0.0 0 16.0 25 50 M M 3 34 60
28 79 58 69 -5 0 4 0.00 0.0 0 9.9 17 60 M M 4 23 330
29 75 62 69 -5 0 4 0.00 0.0 M 9.7 20 310 M M 5 26 320
30 83 61 72 -3 0 7 0.00 0.0 0 9.0 18 50 M M 5 26 40
31 79 67 73 -2 0 8 0.00 0.0 M 12.9 20 80 M M 8 33 70
================================================================================
SM 2431 1928 21 194 1.57 0.0 283.7 M 194
================================================================================
AV 78.4 62.2 9.2 FASTST M M 6 MAX(MPH)
MISC ----> 32 330 44 320
================================================================================
NOTES:
# LAST OF SEVERAL OCCURRENCES
COLUMN 17 PEAK WIND IN M.P.H.
PRELIMINARY LOCAL CLIMATOLOGICAL DATA (WS FORM: F-6) , PAGE 2
STATION: ATLANTA
MONTH: MAY
YEAR: 2023
LATITUDE: 33 39 N
LONGITUDE: 84 26 W
[TEMPERATURE DATA] [PRECIPITATION DATA] SYMBOLS USED IN COLUMN 16
AVERAGE MONTHLY: 70.3 TOTAL FOR MONTH: 1.57 1 = FOG OR MIST
DPTR FM NORMAL: -0.9 DPTR FM NORMAL: -1.99 2 = FOG REDUCING VISIBILITY
HIGHEST: 90 ON 14 GRTST 24HR 0.56 ON 20-20 TO 1/4 MILE OR LESS
LOWEST: 48 ON 3, 2 3 = THUNDER
SNOW, ICE PELLETS, HAIL 4 = ICE PELLETS
TOTAL MONTH: 0.0 INCH 5 = HAIL
GRTST 24HR 0.0 6 = FREEZING RAIN OR DRIZZLE
GRTST DEPTH: 0 7 = DUSTSTORM OR SANDSTORM:
VSBY 1/2 MILE OR LESS
8 = SMOKE OR HAZE
[NO. OF DAYS WITH] [WEATHER - DAYS WITH] 9 = BLOWING SNOW
X = TORNADO
MAX 32 OR BELOW: 0 0.01 INCH OR MORE: 7
MAX 90 OR ABOVE: 1 0.10 INCH OR MORE: 4
MIN 32 OR BELOW: 0 0.50 INCH OR MORE: 1
MIN 0 OR BELOW: 0 1.00 INCH OR MORE: 0
[HDD (BASE 65) ]
TOTAL THIS MO. 21 CLEAR (SCALE 0-3) 5
DPTR FM NORMAL -1 PTCLDY (SCALE 4-7) 17
TOTAL FM JUL 1 1932 CLOUDY (SCALE 8-10) 9
DPTR FM NORMAL -594
[CDD (BASE 65) ]
TOTAL THIS MO. 194
DPTR FM NORMAL -20 [PRESSURE DATA]
TOTAL FM JAN 1 309 HIGHEST SLP 30.25 ON 6
DPTR FM NORMAL 11 LOWEST SLP 29.69 ON 1
[REMARKS]
#FINAL-05-23#