000
CXUS52 KFFC 011010
CF6ATL
PRELIMINARY LOCAL CLIMATOLOGICAL DATA (WS FORM: F-6)
STATION: ATLANTA
MONTH: AUGUST
YEAR: 2020
LATITUDE: 33 39 N
LONGITUDE: 84 26 W
TEMPERATURE IN F: :PCPN: SNOW: WIND :SUNSHINE: SKY :PK WND
================================================================================
1 2 3 4 5 6A 6B 7 8 9 10 11 12 13 14 15 16 17 18
12Z AVG MX 2MIN
DY MAX MIN AVG DEP HDD CDD WTR SNW DPTH SPD SPD DIR MIN PSBL S-S WX SPD DR
================================================================================
1 90 73 82 2 0 17 0.00 0.0 M 7.5 17 240 M M 4 29 210
2 92 74 83 3 0 18 T M M 4.4 14 320 M M 4 17 310
3 89 71 80 0 0 15 0.13 0.0 0 5.6 30 300 M M 6 138 38 290
4 91 68 80 0 0 15 0.00 M M 5.2 13 270 M M 4 17 230
5 91 74 83 3 0 18 0.09 M M 6.1 22 220 M M 4 3 28 230
6 91 73 82 2 0 17 0.00 M M 6.4 13 280 M M 6 3 22 180
7 91 74 83 3 0 18 T M M 5.6 15 60 M M 7 3 19 190
8 94 73 84 4 0 19 0.00 M M 3.9 15 290 M M 3 20 300
9 96 73 85 5 0 20 0.00 0.0 M 4.7 16 50 M M 3 3 19 40
10 95 73 84 4 0 19 0.18 0.0 0 6.3 20 350 M M 7 3 27 240
11 94 72 83 3 0 18 T 0.0 M 6.9 14 330 M M 7 20 340
12 94 74 84 4 0 19 0.09 0.0 M 5.1 21 240 M M 6 3 28 240
13 94 73 84 4 0 19 0.71 0.0 M 5.9 23 300 M M 6 138 29 300
14 87 72 80 0 0 15 0.10 M M 5.1 13 230 M M 8 13 19 210
15 89 73 81 1 0 16 0.32 0.0 0 5.7 23 350 M M 7 13 29 10
16 92 72 82 2 0 17 0.00 0.0 0 8.0 15 340 M M 3 20 340
17 90 73 82 2 0 17 0.00 M M 6.7 16 300 M M 6 3 20 300
18 92 70 81 1 0 16 T 0.0 M 7.3 24 310 M M 4 3 29 300
19 88 70 79 0 0 14 0.64 M M 6.8 31 300 M M 7 13 39 280
20 84 69 77 -2 0 12 0.32 M M 7.7 18 180 M M 8 13 28 180
21 82 70 76 -3 0 11 0.21 0.0 M 6.0 18 290 M M 8 13 26 290
22 85 70 78 -1 0 13 0.06 0.0 M 5.4 17 200 M M 7 12 26 200
23 86 72 79 0 0 14 0.00 0.0 M 4.4 15 150 M M 8 24 160
24 85 73 79 0 0 14 0.15 0.0 M 8.8 15 80 M M 9 1 24 20
25 76 73 75 -4 0 10 1.19 0.0 M 6.9 13 90 M M 10 1 17 100
26 89 74 82 3 0 17 0.02 0.0 M 4.4 20 80 M M 8 123 25 70
27 90 73 82 4 0 17 T M M 5.5 13 160 M M 7 18 190
28 87 75 81 3 0 16 0.12 M M 7.1 14 210 M M 8 23 230
29 89 76 83 5 0 18 0.00 0.0 0 10.7 17 300 M M 8 29 260
30 91 72 82 4 0 17 2.70 M M 5.5 28 170 M M 8 138 45 170
31 89 73 81 3 0 16 0.01 0.0 0 3.5 13 340 M M 9 1 17 340
================================================================================
SM 2773 2245 0 502 7.04 0.0 189.1 M 200
================================================================================
AV 89.5 72.4 6.1 FASTST M M 6 MAX(MPH)
MISC ----> 31 300 45 170
================================================================================
NOTES:
# LAST OF SEVERAL OCCURRENCES
COLUMN 17 PEAK WIND IN M.P.H.
PRELIMINARY LOCAL CLIMATOLOGICAL DATA (WS FORM: F-6) , PAGE 2
STATION: ATLANTA
MONTH: AUGUST
YEAR: 2020
LATITUDE: 33 39 N
LONGITUDE: 84 26 W
[TEMPERATURE DATA] [PRECIPITATION DATA] SYMBOLS USED IN COLUMN 16
AVERAGE MONTHLY: 80.9 TOTAL FOR MONTH: 7.04 1 = FOG OR MIST
DPTR FM NORMAL: 1.5 DPTR FM NORMAL: 3.14 2 = FOG REDUCING VISIBILITY
HIGHEST: 96 ON 9 GRTST 24HR 2.71 ON 30-31 TO 1/4 MILE OR LESS
LOWEST: 68 ON 4 3 = THUNDER
SNOW, ICE PELLETS, HAIL 4 = ICE PELLETS
TOTAL MONTH: 0.0 INCH 5 = HAIL
GRTST 24HR 0.0 6 = FREEZING RAIN OR DRIZZLE
GRTST DEPTH: 0 7 = DUSTSTORM OR SANDSTORM:
VSBY 1/2 MILE OR LESS
8 = SMOKE OR HAZE
[NO. OF DAYS WITH] [WEATHER - DAYS WITH] 9 = BLOWING SNOW
X = TORNADO
MAX 32 OR BELOW: 0 0.01 INCH OR MORE: 17
MAX 90 OR ABOVE: 17 0.10 INCH OR MORE: 12
MIN 32 OR BELOW: 0 0.50 INCH OR MORE: 4
MIN 0 OR BELOW: 0 1.00 INCH OR MORE: 2
[HDD (BASE 65) ]
TOTAL THIS MO. 0 CLEAR (SCALE 0-3) 2
DPTR FM NORMAL 0 PTCLDY (SCALE 4-7) 23
TOTAL FM JUL 1 0 CLOUDY (SCALE 8-10) 6
DPTR FM NORMAL 0
[CDD (BASE 65) ]
TOTAL THIS MO. 502
DPTR FM NORMAL 55 [PRESSURE DATA]
TOTAL FM JAN 1 1668 HIGHEST SLP 30.16 ON 24
DPTR FM NORMAL 129 LOWEST SLP 29.76 ON 30
[REMARKS]
#FINAL-08-20#