000
CXUS52 KFFC 021413
CLMATL
CLIMATE REPORT
NATIONAL WEATHER SERVICE PEACHTREE CITY GA
1013 AM EDT WED AUG 02 2023
...................................
...THE ATLANTA CLIMATE SUMMARY FOR THE MONTH OF JULY 2023...
CLIMATE NORMAL PERIOD: 1991 TO 2020
CLIMATE RECORD PERIOD: 1878 TO 2023
WEATHER OBSERVED NORMAL DEPART LAST YEAR`S
VALUE DATE(S) VALUE FROM VALUE DATE(S)
NORMAL
................................................................
TEMPERATURE (F)
RECORD
HIGH 105 07/01/2012
07/17/1980
07/13/1980
LOW 53 07/15/1967
07/12/1898
HIGHEST 98 07/29 MM MM 94 07/07
07/08
07/29
LOWEST 70 07/10 MM MM 69 07/19
AVG. MAXIMUM 92.8 90.1 2.7 90.3
AVG. MINIMUM 73.4 71.8 1.6 73.0
MEAN 83.1 80.9 2.2 81.6
DAYS MAX >= 90 27 16.4 10.6 24
DAYS MAX <= 32 0 0.0 0.0 0
DAYS MIN <= 32 0 0.0 0.0 0
DAYS MIN <= 0 0 0.0 0.0 0
PRECIPITATION (INCHES)
RECORD
MAXIMUM 17.71 1994
MINIMUM 0.56 1881
TOTALS 1.73 4.75 -3.02 4.17
DAILY AVG. 0.06 0.15 -0.09 0.13
DAYS >= .01 7 12.0 -5.0 15
DAYS >= .10 4 7.5 -3.5 10
DAYS >= .50 2 2.9 -0.9 3
DAYS >= 1.00 0 1.4 -1.4 1
GREATEST
24 HR. TOTAL 0.92 07/09 TO 07/10 1.84 07/04 TO 07/05
DEGREE DAYS
HEATING TOTAL 0 0 0 0
SINCE 7/1 0 0 0 MM
COOLING TOTAL 568 494 74 525
SINCE 1/1 1233 1178 55 MM
................................................................
WIND (MPH)
AVERAGE WIND SPEED 6.7
HIGHEST WIND SPEED/DIRECTION 38/350 DATE 07/20
HIGHEST GUST SPEED/DIRECTION 49/360 DATE 07/20
SKY COVER
POSSIBLE SUNSHINE (PERCENT) MM
AVERAGE SKY COVER 0.55
NUMBER OF DAYS FAIR 7
NUMBER OF DAYS PC 19
NUMBER OF DAYS CLOUDY 5
AVERAGE RH (PERCENT) 67
WEATHER CONDITIONS. NUMBER OF DAYS WITH
THUNDERSTORM 14 MIXED PRECIP 0
HEAVY RAIN 5 RAIN 2
LIGHT RAIN 9 FREEZING RAIN 0
LT FREEZING RAIN 0 HAIL 0
HEAVY SNOW 0 SNOW 0
LIGHT SNOW 0 SLEET 0
FOG 9 FOG W/VIS <= 1/4 MILE 0
HAZE 8
- INDICATES NEGATIVE NUMBERS.
R INDICATES RECORD WAS SET OR TIED.
MM INDICATES DATA IS MISSING.
T INDICATES TRACE AMOUNT.
$$