000
CXUS52 KFFC 011149
CLMATL
CLIMATE REPORT
NATIONAL WEATHER SERVICE PEACHTREE CITY GA
749 AM EDT MON APR 01 2024
...................................
...THE ATLANTA CLIMATE SUMMARY FOR THE MONTH OF MARCH 2024...
CLIMATE NORMAL PERIOD: 1991 TO 2020
CLIMATE RECORD PERIOD: 1878 TO 2024
WEATHER OBSERVED NORMAL DEPART LAST YEAR`S
VALUE DATE(S) VALUE FROM VALUE DATE(S)
NORMAL
................................................................
TEMPERATURE (F)
RECORD
HIGH 89 03/23/1995
LOW 10 03/05/1960
HIGHEST 81 03/14 89 -8 83 03/25
LOWEST 33 03/19 11 22 28 03/20
AVG. MAXIMUM 68.4 65.9 2.5 68.4
AVG. MINIMUM 49.2 45.3 3.9 47.6
MEAN 58.8 55.6 3.2 58.0
DAYS MAX >= 90 0 0.0 0.0 0
DAYS MAX <= 32 0 0.0 0.0 0
DAYS MIN <= 32 0 3.0 -3.0 4
DAYS MIN <= 0 0 0.0 0.0 0
PRECIPITATION (INCHES)
RECORD
MAXIMUM 13.28 1929
MINIMUM 0.88 1905
TOTALS 7.98 4.68 3.30 5.44
DAILY AVG. 0.26 0.15 0.11 0.18
DAYS >= .01 10 10.5 -0.5 9
DAYS >= .10 8 6.7 1.3 9
DAYS >= .50 6 3.1 2.9 3
DAYS >= 1.00 4 1.6 2.4 2
GREATEST
24 HR. TOTAL 3.38 03/05 TO 03/06 2.09 03/26 TO 03/27
SNOWFALL (INCHES)
RECORDS
TOTAL T 2022
24 HR TOTAL T 03/25/2019 TO 03/25/2019
03/15/2017 TO 03/15/2017
03/15/2017 TO 03/03/2016
TOTALS 0.0 0.4 -0.4 0.0
SINCE 7/1 T 2.2 -2.2 MM
SNOWDEPTH AVG. 0 0
DAYS >= TRACE 0 0.1 -0.1 0
DAYS >= 1.0 0 0.1 -0.1 0
GREATEST
24 HR TOTAL MM MM
DEGREE DAYS
HEATING TOTAL 192 308 -116 242
SINCE 7/1 1961 2388 -427 MM
COOLING TOTAL 8 17 -9 31
SINCE 1/1 10 20 -10 MM
................................................................
WIND (MPH)
AVERAGE WIND SPEED 9.0
HIGHEST WIND SPEED/DIRECTION 29/310 DATE 03/18
29/340 03/23
29/320 03/28
HIGHEST GUST SPEED/DIRECTION 40/020 DATE 03/23
SKY COVER
POSSIBLE SUNSHINE (PERCENT) MM
AVERAGE SKY COVER 0.62
NUMBER OF DAYS FAIR 8
NUMBER OF DAYS PC 9
NUMBER OF DAYS CLOUDY 14
AVERAGE RH (PERCENT) 62
WEATHER CONDITIONS. NUMBER OF DAYS WITH
THUNDERSTORM 3 MIXED PRECIP 0
HEAVY RAIN 6 RAIN 9
LIGHT RAIN 13 FREEZING RAIN 0
LT FREEZING RAIN 0 HAIL 0
HEAVY SNOW 0 SNOW 0
LIGHT SNOW 0 SLEET 0
FOG 15 FOG W/VIS <= 1/4 MILE 4
HAZE 7
- INDICATES NEGATIVE NUMBERS.
R INDICATES RECORD WAS SET OR TIED.
MM INDICATES DATA IS MISSING.
T INDICATES TRACE AMOUNT.
$$