000
CXUS53 KABR 011200
CF6ATY
PRELIMINARY LOCAL CLIMATOLOGICAL DATA (WS FORM: F-6)
STATION: WATERTOWN SD
MONTH: JANUARY
YEAR: 2023
LATITUDE: 44 55 N
LONGITUDE: 97 9 W
TEMPERATURE IN F: :PCPN: SNOW: WIND :SUNSHINE: SKY :PK WND
================================================================================
1 2 3 4 5 6A 6B 7 8 9 10 11 12 13 14 15 16 17 18
12Z AVG MX 2MIN
DY MAX MIN AVG DEP HDD CDD WTR SNW DPTH SPD SPD DIR MIN PSBL S-S WX SPD DR
================================================================================
1 27 6 17 3 48 0 0.00 0.0 8 2.2 9 320 M M 0 12 12 320
2 24 9 17 4 48 0 0.00 0.0 8 2.6 9 20 M M 5 18 10 80
3 24 15 20 7 45 0 0.11 1.3 8 15.2 24 20 M M 8 1 32 20
4 24 17 21 8 44 0 0.04 0.6 10 15.9 23 340 M M 10 1 31 330
5 21 1 11 -2 54 0 0.00 0.0 10 6.8 16 330 M M 4 1 20 330
6 12 -2 5 -8 60 0 0.00 0.0 10 3.8 10 20 M M 6 128 13 20
7 11 -2 5 -8 60 0 0.00 0.0 10 5.0 12 150 M M 6 12 14 150
8 18 2 10 -2 55 0 0.00 0.0 10 6.7 13 170 M M 2 128 16 160
9 21 7 14 2 51 0 0.00 0.0 10 7.0 17 160 M M 1 12 22 150
10 28 2 15 3 50 0 0.02 0.0 10 4.1 13 220 M M 4 16 14 220
11 28 12 20 8 45 0 T T 10 11.3 23 340 M M 8 12 29 340
12 18 11 15 3 50 0 0.01 0.1 10 14.7 24 330 M M 10 1 29 320
13 12 0 6 -6 59 0 T T 10 9.9 18 170 M M 4 12 25 170
14 32 11 22 10 43 0 0.00 0.0 10 15.0 23 160 M M 1 1 29 170
15 33 27 30 18 35 0 0.00 0.0 10 9.0 16 160 M M 1 21 160
16 31 23 27 15 38 0 0.09 0.4 8 12.6 21 360 M M 10 126 27 350
17 23 18 21 9 44 0 0.03 0.3 8 11.0 18 350 M M 10 1 22 340
18 23 18 21 9 44 0 T T 9 7.7 15 10 M M 10 12 19 40
19 24 18 21 9 44 0 T T 9 13.5 21 330 M M 10 1 27 330
20 22 15 19 7 46 0 0.00 0.0 9 7.6 14 260 M M 10 1 17 320
21 23 8 16 4 49 0 0.00 0.0 9 5.0 14 250 M M 8 12 17 260
22 18 -1 9 -3 56 0 0.00 0.0 9 2.7 7 160 M M 5 128 8 200
23 32 3 18 6 47 0 0.00 0.0 9 9.8 21 300 M M 3 28 310
24 29 6 18 6 47 0 0.01 0.1 8 9.0 21 300 M M 7 12 30 300
25 26 1 14 2 51 0 0.02 0.2 8 17.0 28 340 M M 7 1689 34 340
26 36 4 20 8 45 0 0.10 0.4 8 12.9 26 200 M M 9 1 33 190
27 35 12 24 12 41 0 0.05 0.2 9 18.0 40 320 M M 7 19 51 320
28 12 -6 3 -9 62 0 T T 9 15.2 23 350 M M 5 1 27 20
29 2 -12 -5 -17 70 0 0.00 0.0 9 10.3 18 260 M M 3 22 270
30 -3 -20 -11 -23 76 0 0.00 0.0 9 9.4 15 200 M M 0 20 280
31 10 -14 -2 -14 67 0 0.00 0.0 M 8.7 15 210 M M 2 18 190
================================================================================
SM 676 189 1574 0 0.48 3.6 299.6 M 176
================================================================================
AV 21.8 6.1 9.7 FASTST M M 6 MAX(MPH)
MISC ----> 40 320 51 320
================================================================================
NOTES:
# LAST OF SEVERAL OCCURRENCES
COLUMN 17 PEAK WIND IN M.P.H.
PRELIMINARY LOCAL CLIMATOLOGICAL DATA (WS FORM: F-6) , PAGE 2
STATION: WATERTOWN SD
MONTH: JANUARY
YEAR: 2023
LATITUDE: 44 55 N
LONGITUDE: 97 9 W
[TEMPERATURE DATA] [PRECIPITATION DATA] SYMBOLS USED IN COLUMN 16
AVERAGE MONTHLY: 14.0 TOTAL FOR MONTH: 0.48 1 = FOG OR MIST
DPTR FM NORMAL: 1.8 DPTR FM NORMAL: -0.10 2 = FOG REDUCING VISIBILITY
HIGHEST: 36 ON 26 GRTST 24HR 0.11 ON 3- 3 TO 1/4 MILE OR LESS
LOWEST: -20 ON 30 3 = THUNDER
SNOW, ICE PELLETS, HAIL 4 = ICE PELLETS
TOTAL MONTH: 3.6 INCHES 5 = HAIL
GRTST 24HR 1.3 ON 3- 3 6 = FREEZING RAIN OR DRIZZLE
GRTST DEPTH: 10 ON 15,14 7 = DUSTSTORM OR SANDSTORM:
VSBY 1/2 MILE OR LESS
8 = SMOKE OR HAZE
[NO. OF DAYS WITH] [WEATHER - DAYS WITH] 9 = BLOWING SNOW
X = TORNADO
MAX 32 OR BELOW: 28 0.01 INCH OR MORE: 10
MAX 90 OR ABOVE: 0 0.10 INCH OR MORE: 2
MIN 32 OR BELOW: 31 0.50 INCH OR MORE: 0
MIN 0 OR BELOW: 8 1.00 INCH OR MORE: 0
[HDD (BASE 65) ]
TOTAL THIS MO. 1574 CLEAR (SCALE 0-3) 9
DPTR FM NORMAL -61 PTCLDY (SCALE 4-7) 13
TOTAL FM JUL 1 4938 CLOUDY (SCALE 8-10) 9
DPTR FM NORMAL -38
[CDD (BASE 65) ]
TOTAL THIS MO. 0
DPTR FM NORMAL 0 [PRESSURE DATA]
TOTAL FM JAN 1 0 HIGHEST SLP 30.57 ON 30
DPTR FM NORMAL 0 LOWEST SLP 29.47 ON 27
[REMARKS]
#FINAL-01-23#