000
CXUS53 KABR 011200
CF6ATY
PRELIMINARY LOCAL CLIMATOLOGICAL DATA (WS FORM: F-6)
STATION: WATERTOWN SD
MONTH: NOVEMBER
YEAR: 2021
LATITUDE: 44 55 N
LONGITUDE: 97 9 W
TEMPERATURE IN F: :PCPN: SNOW: WIND :SUNSHINE: SKY :PK WND
================================================================================
1 2 3 4 5 6A 6B 7 8 9 10 11 12 13 14 15 16 17 18
12Z AVG MX 2MIN
DY MAX MIN AVG DEP HDD CDD WTR SNW DPTH SPD SPD DIR MIN PSBL S-S WX SPD DR
================================================================================
1 41 24 33 -5 32 0 0.00 0.0 0 7.9 18 300 M M 5 24 290
2 39 21 30 -7 35 0 0.00 0.0 0 2.5 13 310 M M 1 17 340
3 47 24 36 -1 29 0 0.00 0.0 0 5.0 10 150 M M 0 8 14 160
4 49 23 36 0 29 0 0.00 0.0 0 9.4 17 160 M M 5 12 23 150
5 60 37 49 13 16 0 0.00 0.0 0 14.7 28 250 M M 3 1 37 190
6 68 32 50 15 15 0 0.00 0.0 0 7.8 14 160 M M 0 20 150
7 64 37 51 16 14 0 0.00 0.0 0 6.0 15 170 M M 0 1 18 170
8 47 28 38 4 27 0 0.00 0.0 0 3.6 12 350 M M 5 15 350
9 52 26 39 5 26 0 0.00 0.0 0 3.9 12 160 M M 2 17 140
10 46 39 43 10 22 0 0.28 0.0 0 12.1 22 310 M M 7 1 32 320
11 39 30 35 2 30 0 0.02 0.1 0 20.0 36 310 M M 6 1 50 310
12 30 25 28 -4 37 0 0.10 1.3 1 26.2 39 340 M M 10 1 53 330
13 37 21 29 -3 36 0 0.04 T 1 15.9 41 320 M M 9 16 60 300
14 32 24 28 -3 37 0 T 0.0 1 9.4 31 320 M M 9 40 320
15 41 30 36 5 29 0 0.00 0.0 1 9.2 16 150 M M 5 23 140
16 52 33 43 13 22 0 0.00 0.0 0 13.8 26 340 M M 1 39 330
17 40 24 32 2 33 0 0.00 0.0 0 21.3 31 290 M M 5 46 270
18 31 19 25 -4 40 0 T T 0 14.3 30 310 M M 5 1 39 300
19 45 24 35 6 30 0 0.00 0.0 0 12.8 29 200 M M 0 41 150
20 40 26 33 5 32 0 T T 0 3.8 12 350 M M 8 13 340
21 35 16 26 -2 39 0 0.00 0.0 0 14.5 33 330 M M 1 45 320
22 41 19 30 3 35 0 0.00 0.0 0 7.1 20 220 M M 0 24 210
23 57 26 42 15 23 0 0.00 0.0 0 9.7 22 170 M M 0 27 170
24 35 14 25 -1 40 0 T T 0 17.6 36 350 M M 5 46 350
25 24 3 14 -12 51 0 T T 0 10.3 24 330 M M 2 1 31 320
26 46 21 34 8 31 0 0.00 0.0 0 10.3 18 160 M M 2 24 160
27 45 25 35 10 30 0 T 0.0 0 12.0 25 340 M M 2 32 350
28 42 18 30 5 35 0 0.00 0.0 0 6.3 16 160 M M 4 21 170
29 55 27 41 17 24 0 0.00 0.0 0 9.0 22 330 M M 0 30 320
30 46 23 35 11 30 0 0.10 0.0 0 5.8 15 150 M M 4 12 20 150
================================================================================
SM 1326 739 909 0 0.54 1.4 322.2 M 106
================================================================================
AV 44.2 24.6 10.7 FASTST M M 4 MAX(MPH)
MISC ----> 41 320 60 300
================================================================================
NOTES:
# LAST OF SEVERAL OCCURRENCES
COLUMN 17 PEAK WIND IN M.P.H.
PRELIMINARY LOCAL CLIMATOLOGICAL DATA (WS FORM: F-6) , PAGE 2
STATION: WATERTOWN SD
MONTH: NOVEMBER
YEAR: 2021
LATITUDE: 44 55 N
LONGITUDE: 97 9 W
[TEMPERATURE DATA] [PRECIPITATION DATA] SYMBOLS USED IN COLUMN 16
AVERAGE MONTHLY: 34.4 TOTAL FOR MONTH: 0.54 1 = FOG OR MIST
DPTR FM NORMAL: 3.8 DPTR FM NORMAL: -0.14 2 = FOG REDUCING VISIBILITY
HIGHEST: 68 ON 6 GRTST 24HR 0.28 ON 10-10 TO 1/4 MILE OR LESS
LOWEST: 3 ON 25 3 = THUNDER
SNOW, ICE PELLETS, HAIL 4 = ICE PELLETS
TOTAL MONTH: 1.4 INCHES 5 = HAIL
GRTST 24HR 1.3 ON 12-12 6 = FREEZING RAIN OR DRIZZLE
GRTST DEPTH: 1 ON 14,15 7 = DUSTSTORM OR SANDSTORM:
VSBY 1/2 MILE OR LESS
8 = SMOKE OR HAZE
[NO. OF DAYS WITH] [WEATHER - DAYS WITH] 9 = BLOWING SNOW
X = TORNADO
MAX 32 OR BELOW: 4 0.01 INCH OR MORE: 5
MAX 90 OR ABOVE: 0 0.10 INCH OR MORE: 3
MIN 32 OR BELOW: 26 0.50 INCH OR MORE: 0
MIN 0 OR BELOW: 0 1.00 INCH OR MORE: 0
[HDD (BASE 65) ]
TOTAL THIS MO. 909 CLEAR (SCALE 0-3) 15
DPTR FM NORMAL -125 PTCLDY (SCALE 4-7) 12
TOTAL FM JUL 1 1448 CLOUDY (SCALE 8-10) 3
DPTR FM NORMAL -430
[CDD (BASE 65) ]
TOTAL THIS MO. 0
DPTR FM NORMAL 0 [PRESSURE DATA]
TOTAL FM JAN 1 746 HIGHEST SLP 30.55 ON 25
DPTR FM NORMAL 226 LOWEST SLP 29.40 ON 16
[REMARKS]
#FINAL-11-21#