000
CXUS55 KABR 011200
CF6ATY
PRELIMINARY LOCAL CLIMATOLOGICAL DATA (WS FORM: F-6)
STATION: WATERTOWN SD
MONTH: OCTOBER
YEAR: 2020
LATITUDE: 44 55 N
LONGITUDE: 97 9 W
TEMPERATURE IN F: :PCPN: SNOW: WIND :SUNSHINE: SKY :PK WND
================================================================================
1 2 3 4 5 6A 6B 7 8 9 10 11 12 13 14 15 16 17 18
12Z AVG MX 2MIN
DY MAX MIN AVG DEP HDD CDD WTR SNW DPTH SPD SPD DIR MIN PSBL S-S WX SPD DR
================================================================================
1 51 32 42 -10 23 0 0.00 0.0 0 14.4 25 330 M M 5 36 330
2 52 35 44 -8 21 0 0.00 0.0 0 3.6 9 120 M M 8 14 170
3 54 34 44 -7 21 0 0.00 0.0 0 3.5 10 360 M M 7 15 350
4 61 27 44 -7 21 0 0.00 0.0 0 9.3 20 160 M M 0 28 160
5 72 48 60 10 5 0 0.00 0.0 0 12.7 22 310 M M 0 31 300
6 80 41 61 11 4 0 0.00 0.0 0 9.4 26 230 M M 1 8 33 230
7 70 49 60 11 5 0 0.00 0.0 0 7.2 18 330 M M 4 25 330
8 72 43 58 9 7 0 0.00 0.0 0 10.4 26 150 M M 0 37 140
9 82 46 64 16 1 0 0.00 0.0 0 8.1 16 350 M M 0 1 23 200
10 67 39 53 5 12 0 0.00 0.0 0 8.1 18 150 M M 0 25 160
11 79 52 66 18 0 1 T 0.0 0 20.6 36 170 M M 2 8 55 170
12 66 40 53 6 12 0 0.00 0.0 0 11.9 24 240 M M 2 34 240
13 59 43 51 4 14 0 0.00 0.0 0 14.3 25 300 M M 1 35 310
14 59 35 47 1 18 0 T 0.0 0 18.7 35 310 M M 4 49 290
15 50 28 39 -7 26 0 0.00 0.0 0 14.0 25 310 M M 3 34 300
16 47 29 38 -8 27 0 T T 0 12.2 25 260 M M 4 1 33 260
17 48 29 39 -6 26 0 0.00 0.0 0 12.5 23 340 M M 7 31 340
18 38 23 31 -14 34 0 0.00 0.0 0 10.9 20 310 M M 3 26 320
19 32 28 30 -14 35 0 0.15 1.2 T 4.7 9 120 M M 10 1 16 120
20 36 32 34 -10 31 0 0.60 2.3 T 12.3 23 310 M M 10 123 32 300
21 34 29 32 -11 33 0 T T 2 7.1 21 320 M M 8 1 28 320
22 31 27 29 -14 36 0 0.02 T 2 16.0 23 30 M M 10 1 30 30
23 30 14 22 -20 43 0 0.00 0.0 2 13.1 24 360 M M 5 1 31 360
24 25 16 21 -21 44 0 0.05 1.0 2 6.0 14 70 M M 9 18 18 60
25 24 18 21 -21 44 0 0.06 1.0 4 10.9 18 330 M M 7 1 22 340
26 24 10 17 -24 48 0 0.00 0.0 3 7.8 16 200 M M 6 12 21 190
27 31 9 20 -21 45 0 0.00 0.0 3 14.1 22 200 M M 1 27 200
28 42 26 34 -6 31 0 0.00 0.0 3 9.0 17 10 M M 3 23 330
29 38 17 28 -12 37 0 T T 1 7.1 13 160 M M 4 1 18 140
30 42 27 35 -4 30 0 0.00 0.0 1 12.8 24 160 M M 0 33 140
31 52 30 41 2 24 0 0.00 0.0 0 19.1 36 310 M M 1 50 310
================================================================================
SM 1548 956 758 1 0.88 5.5 341.8 M 125
================================================================================
AV 49.9 30.8 11.0 FASTST M M 4 MAX(MPH)
MISC ----> # 36 170 55 170
================================================================================
NOTES:
# LAST OF SEVERAL OCCURRENCES
COLUMN 17 PEAK WIND IN M.P.H.
PRELIMINARY LOCAL CLIMATOLOGICAL DATA (WS FORM: F-6) , PAGE 2
STATION: WATERTOWN SD
MONTH: OCTOBER
YEAR: 2020
LATITUDE: 44 55 N
LONGITUDE: 97 9 W
[TEMPERATURE DATA] [PRECIPITATION DATA] SYMBOLS USED IN COLUMN 16
AVERAGE MONTHLY: 40.4 TOTAL FOR MONTH: 0.88 1 = FOG OR MIST
DPTR FM NORMAL: -5.1 DPTR FM NORMAL: -1.04 2 = FOG REDUCING VISIBILITY
HIGHEST: 82 ON 9 GRTST 24HR 0.60 ON 20-20 TO 1/4 MILE OR LESS
LOWEST: 9 ON 27 3 = THUNDER
SNOW, ICE PELLETS, HAIL 4 = ICE PELLETS
TOTAL MONTH: 5.5 INCHES 5 = HAIL
GRTST 24HR 2.3 ON 20-20 6 = FREEZING RAIN OR DRIZZLE
GRTST DEPTH: 4 ON 25 7 = DUSTSTORM OR SANDSTORM:
VSBY 1/2 MILE OR LESS
8 = SMOKE OR HAZE
[NO. OF DAYS WITH] [WEATHER - DAYS WITH] 9 = BLOWING SNOW
X = TORNADO
MAX 32 OR BELOW: 7 0.01 INCH OR MORE: 5
MAX 90 OR ABOVE: 0 0.10 INCH OR MORE: 2
MIN 32 OR BELOW: 19 0.50 INCH OR MORE: 1
MIN 0 OR BELOW: 0 1.00 INCH OR MORE: 0
[HDD (BASE 65) ]
TOTAL THIS MO. 758 CLEAR (SCALE 0-3) 13
DPTR FM NORMAL 150 PTCLDY (SCALE 4-7) 13
TOTAL FM JUL 1 965 CLOUDY (SCALE 8-10) 5
DPTR FM NORMAL 81
[CDD (BASE 65) ]
TOTAL THIS MO. 1
DPTR FM NORMAL -1 [PRESSURE DATA]
TOTAL FM JAN 1 659 HIGHEST SLP 30.50 ON 26
DPTR FM NORMAL 144 LOWEST SLP 29.41 ON 11
[REMARKS]
#FINAL-10-20#