014
CXUS55 KABR 011100
CF6ATY
PRELIMINARY LOCAL CLIMATOLOGICAL DATA (WS FORM: F-6)
STATION: WATERTOWN SD
MONTH: AUGUST
YEAR: 2020
LATITUDE: 44 55 N
LONGITUDE: 97 9 W
TEMPERATURE IN F: :PCPN: SNOW: WIND :SUNSHINE: SKY :PK WND
================================================================================
1 2 3 4 5 6A 6B 7 8 9 10 11 12 13 14 15 16 17 18
12Z AVG MX 2MIN
DY MAX MIN AVG DEP HDD CDD WTR SNW DPTH SPD SPD DIR MIN PSBL S-S WX SPD DR
================================================================================
1 78 56 67 -4 0 2 T 0.0 0 12.2 23 350 M M 4 31 350
2 76 52 64 -7 1 0 0.00 0.0 0 9.6 18 10 M M 2 24 350
3 76 48 62 -8 3 0 0.00 0.0 0 5.0 13 360 M M 2 16 340
4 77 53 65 -5 0 0 0.00 0.0 0 6.9 14 190 M M 2 21 170
5 68 59 64 -6 1 0 0.00 0.0 0 8.2 21 170 M M 9 30 170
6 80 53 67 -3 0 2 0.00 0.0 0 6.0 14 160 M M 3 12 20 150
7 82 69 76 6 0 11 0.08 0.0 0 14.4 25 160 M M 8 13 37 130
8 81 68 75 5 0 10 0.24 0.0 0 7.3 30 310 M M 7 13 38 310
9 87 65 76 6 0 11 0.20 0.0 0 10.7 39 210 M M 4 3 54 210
10 79 55 67 -3 0 2 T 0.0 0 6.1 16 280 M M 1 23 280
11 80 57 69 -1 0 4 0.01 0.0 0 10.2 20 170 M M 1 27 170
12 86 62 74 4 0 9 0.11 0.0 0 11.0 25 270 M M 2 1 35 270
13 88 70 79 10 0 14 0.00 0.0 0 14.8 28 190 M M 4 40 200
14 84 60 72 3 0 7 0.00 0.0 0 13.2 25 270 M M 3 1 35 270
15 84 53 69 0 0 4 0.00 0.0 0 6.0 14 230 M M 0 1 19 240
16 86 53 70 1 0 5 0.00 0.0 0 6.2 21 340 M M 0 1 25 330
17 82 54 68 -1 0 3 0.00 0.0 0 5.5 16 350 M M 0 21 350
18 84 55 70 2 0 5 0.00 0.0 0 8.1 14 160 M M 0 19 160
19 87 60 74 6 0 9 0.00 0.0 0 13.0 28 210 M M 0 35 200
20 86 64 75 7 0 10 0.02 0.0 0 8.8 15 160 M M 0 19 170
21 86 65 76 8 0 11 T 0.0 0 5.7 14 160 M M 1 3 17 150
22 91 61 76 8 0 11 0.00 0.0 0 3.5 12 260 M M 0 1 16 220
23 92 64 78 10 0 13 0.00 0.0 0 5.0 12 150 M M 0 1 17 150
24 85 67 76 9 0 11 0.00 0.0 0 11.0 23 60 M M 1 3 34 60
25 91 69 80 13 0 15 0.00 0.0 0 9.0 16 170 M M 0 23 170
26 87 69 78 11 0 13 0.00 0.0 0 10.2 21 200 M M 0 1 28 190
27 80 62 71 5 0 6 0.07 0.0 0 7.6 15 90 M M 6 13 24 80
28 79 61 70 4 0 5 0.32 0.0 0 13.0 28 350 M M 5 13 34 330
29 76 49 63 -3 2 0 0.00 0.0 0 3.9 12 200 M M 0 17 320
30 78 55 67 1 0 2 0.59 0.0 0 14.1 31 350 M M 3 13 42 360
31 72 50 61 -4 4 0 0.18 0.0 0 10.4 23 320 M M 1 13 30 310
================================================================================
SM 2548 1838 11 195 1.82 0.0 276.6 M 69
================================================================================
AV 82.2 59.3 8.9 FASTST M M 2 MAX(MPH)
MISC ----> 39 210 54 210
================================================================================
NOTES:
# LAST OF SEVERAL OCCURRENCES
COLUMN 17 PEAK WIND IN M.P.H.
PRELIMINARY LOCAL CLIMATOLOGICAL DATA (WS FORM: F-6) , PAGE 2
STATION: WATERTOWN SD
MONTH: AUGUST
YEAR: 2020
LATITUDE: 44 55 N
LONGITUDE: 97 9 W
[TEMPERATURE DATA] [PRECIPITATION DATA] SYMBOLS USED IN COLUMN 16
AVERAGE MONTHLY: 70.7 TOTAL FOR MONTH: 1.82 1 = FOG OR MIST
DPTR FM NORMAL: 2.1 DPTR FM NORMAL: -0.96 2 = FOG REDUCING VISIBILITY
HIGHEST: 92 ON 23 GRTST 24HR 0.77 ON 30-31 TO 1/4 MILE OR LESS
LOWEST: 48 ON 3 3 = THUNDER
SNOW, ICE PELLETS, HAIL 4 = ICE PELLETS
TOTAL MONTH: 0.0 INCH 5 = HAIL
GRTST 24HR 0.0 6 = FREEZING RAIN OR DRIZZLE
GRTST DEPTH: 0 7 = DUSTSTORM OR SANDSTORM:
VSBY 1/2 MILE OR LESS
8 = SMOKE OR HAZE
[NO. OF DAYS WITH] [WEATHER - DAYS WITH] 9 = BLOWING SNOW
X = TORNADO
MAX 32 OR BELOW: 0 0.01 INCH OR MORE: 10
MAX 90 OR ABOVE: 3 0.10 INCH OR MORE: 6
MIN 32 OR BELOW: 0 0.50 INCH OR MORE: 1
MIN 0 OR BELOW: 0 1.00 INCH OR MORE: 0
[HDD (BASE 65) ]
TOTAL THIS MO. 11 CLEAR (SCALE 0-3) 22
DPTR FM NORMAL -29 PTCLDY (SCALE 4-7) 8
TOTAL FM JUL 1 11 CLOUDY (SCALE 8-10) 1
DPTR FM NORMAL -48
[CDD (BASE 65) ]
TOTAL THIS MO. 195
DPTR FM NORMAL 45 [PRESSURE DATA]
TOTAL FM JAN 1 631 HIGHEST SLP 30.21 ON 3
DPTR FM NORMAL 157 LOWEST SLP 29.53 ON 30
[REMARKS]
#FINAL-08-20#