000
CXUS54 KBMX 011010
CF6AUO
PRELIMINARY LOCAL CLIMATOLOGICAL DATA (WS FORM: F-6)
STATION: AUBURN AWOS
MONTH: APRIL
YEAR: 2022
LATITUDE: 32 34 N
LONGITUDE: 85 30 W
TEMPERATURE IN F: :PCPN: SNOW: WIND :SUNSHINE: SKY :PK WND
================================================================================
1 2 3 4 5 6A 6B 7 8 9 10 11 12 13 14 15 16 17 18
12Z AVG MX 2MIN
DY MAX MIN AVG DEP HDD CDD WTR SNW DPTH SPD SPD DIR MIN PSBL S-S WX SPD DR
================================================================================
1 69 45 57 M 8 0 0.00 0.0 0 5.8 12 310 M M 0 17 310
2 67 47 57 M 8 0 0.00 0.0 0 5.4 9 40 M M 0 M M
3 74 47 61 M 4 0 0.00 0.0 0 7.9 13 300 M M 0 18 300
4 78 48 63 M 2 0 0.00 0.0 0 5.0 8 160 M M 0 M M
5 65 57 61 M 4 0 2.79 0.0 0 8.0 37 180 M M 7 13 50 210
6 79 62 71 M 0 6 0.97 0.0 0 7.3 18 280 M M 8 123 32 330
7 69 51 60 M 5 0 T 0.0 0 11.0 18 260 M M 3 28 270
8 63 44 54 M 11 0 0.00 0.0 0 11.3 23 260 M M 5 36 230
9 60 40 50 M 15 0 0.00 0.0 0 9.0 18 310 M M 4 30 320
10 76 41 59 M 6 0 0.00 0.0 0 5.3 14 200 M M 0 18 200
11 70 49 60 M 5 0 T 0.0 0 6.0 12 200 M M 2 M M
12 80 52 66 M 0 1 0.00 0.0 0 6.8 14 190 M M 3 22 190
13 77 63 70 M 0 5 0.02 0.0 0 10.8 18 170 M M 4 30 180
14 78 55 67 M 0 2 0.08 0.0 0 9.1 16 210 M M 4 3 36 290
15 79 50 65 M 0 0 M M M 7.6 15 100 M M 0 8 23 100
16 71 60 66 M 0 1 0.77 0.0 M 7.4 12 160 M M 7 13 18 210
17 73 60 67 M 0 2 1.69 0.0 M 4.2 13 160 M M 9 123 M M
18 72 48 60 M 5 0 T M M 9.1 17 300 M M 5 25 310
19 67 42 55 M 10 0 0.00 0.0 0 6.8 15 360 M M 0 M M
20 73 44 59 M 6 0 0.00 0.0 0 8.1 14 140 M M 0 23 130
21 78 58 68 M 0 3 0.00 0.0 0 6.5 13 160 M M 1 17 160
22 80 57 69 M 0 4 0.00 0.0 0 5.6 13 140 M M 0 M M
23 81 59 70 M 0 5 0.00 0.0 0 6.5 14 140 M M 1 18 99
24 80 61 71 M 0 6 0.00 0.0 0 5.6 12 170 M M 2 18 130
25 83 61 72 M 0 7 0.00 0.0 0 5.5 12 190 M M 4 M M
26 72 54 63 M 2 0 0.02 0.0 0 7.5 12 350 M M 4 M M
27 77 47 62 M 3 0 0.00 0.0 0 7.2 13 10 M M 0 M M
28 79 51 65 M 0 0 0.00 0.0 0 7.0 15 160 M M 0 18 160
29 80 60 70 M 0 5 0.00 0.0 0 6.5 12 170 M M 5 16 140
30 84 61 73 M 0 8 0.00 0.0 0 6.9 13 160 M M 2 M M
================================================================================
SM 2234 1574 94 55 6.34 0.0 216.7 M 80
================================================================================
AV 74.5 52.5 7.2 FASTST M M 3 MAX(MPH)
MISC ----> 37 180 50 210
================================================================================
NOTES:
# LAST OF SEVERAL OCCURRENCES
COLUMN 17 PEAK WIND IN M.P.H.
PRELIMINARY LOCAL CLIMATOLOGICAL DATA (WS FORM: F-6) , PAGE 2
STATION: AUBURN AWOS
MONTH: APRIL
YEAR: 2022
LATITUDE: 32 34 N
LONGITUDE: 85 30 W
[TEMPERATURE DATA] [PRECIPITATION DATA] SYMBOLS USED IN COLUMN 16
AVERAGE MONTHLY: 63.5 TOTAL FOR MONTH: 6.34 1 = FOG OR MIST
DPTR FM NORMAL: 0.0 DPTR FM NORMAL: M 2 = FOG REDUCING VISIBILITY
HIGHEST: 84 ON 30 GRTST 24HR 2.79 ON 5- 5 TO 1/4 MILE OR LESS
LOWEST: 40 ON 9 3 = THUNDER
SNOW, ICE PELLETS, HAIL 4 = ICE PELLETS
TOTAL MONTH: 0.0 INCH 5 = HAIL
GRTST 24HR 0.0 6 = FREEZING RAIN OR DRIZZLE
GRTST DEPTH: 0 7 = DUSTSTORM OR SANDSTORM:
VSBY 1/2 MILE OR LESS
8 = SMOKE OR HAZE
[NO. OF DAYS WITH] [WEATHER - DAYS WITH] 9 = BLOWING SNOW
X = TORNADO
MAX 32 OR BELOW: 0 0.01 INCH OR MORE: 7
MAX 90 OR ABOVE: 0 0.10 INCH OR MORE: 4
MIN 32 OR BELOW: 0 0.50 INCH OR MORE: 4
MIN 0 OR BELOW: 0 1.00 INCH OR MORE: 2
[HDD (BASE 65) ]
TOTAL THIS MO. 94 CLEAR (SCALE 0-3) 16
DPTR FM NORMAL M PTCLDY (SCALE 4-7) 12
TOTAL FM JUL 1 1773 CLOUDY (SCALE 8-10) 2
DPTR FM NORMAL M
[CDD (BASE 65) ]
TOTAL THIS MO. 55
DPTR FM NORMAL M [PRESSURE DATA]
TOTAL FM JAN 1 93 HIGHEST SLP M ON M
DPTR FM NORMAL M LOWEST SLP M ON M
[REMARKS]
#FINAL-04-22#