000
CXUS54 KEWX 031250
CF6AUS
PRELIMINARY LOCAL CLIMATOLOGICAL DATA (WS FORM: F-6)
STATION: AUSTIN BERGSTROM
MONTH: APRIL
YEAR: 2022
LATITUDE: 30 13 N
LONGITUDE: 97 40 W
TEMPERATURE IN F: :PCPN: SNOW: WIND :SUNSHINE: SKY :PK WND
================================================================================
1 2 3 4 5 6A 6B 7 8 9 10 11 12 13 14 15 16 17 18
12Z AVG MX 2MIN
DY MAX MIN AVG DEP HDD CDD WTR SNW DPTH SPD SPD DIR MIN PSBL S-S WX SPD DR
================================================================================
1 81 42 62 -3 3 0 0.00 0.0 0 8.8 22 150 M M 2 34 160
2 85 51 68 3 0 3 0.00 0.0 0 6.7 17 10 M M 2 24 40
3 85 47 66 1 0 1 0.00 0.0 0 7.8 17 150 M M 1 26 140
4 81 64 73 7 0 8 0.00 0.0 0 7.5 17 150 M M 8 25 100
5 93 66 80 14 0 15 0.00 0.0 0 11.0 22 180 M M 5 31 170
6 78 52 65 -1 0 0 0.00 0.0 0 14.9 30 360 M M 0 40 20
7 76 42 59 -7 6 0 0.00 0.0 0 10.8 25 360 M M 0 33 360
8 78 36 57 -9 8 0 0.00 0.0 0 6.2 18 320 M M 0 28 300
9 86 35 61 -6 4 0 0.00 0.0 0 10.1 26 180 M M 0 35 170
10 85 52 69 2 0 4 0.00 0.0 0 15.0 28 150 M M 6 39 170
11 80 68 74 7 0 9 0.17 0.0 0 12.9 23 170 M M 8 3 32 170
12 90 71 81 14 0 16 0.00 0.0 0 15.3 28 180 M M 8 45 150
13 93 57 75 7 0 10 T 0.0 0 12.9 24 350 M M 5 34 350
14 82 47 65 -3 0 0 0.00 0.0 0 8.5 17 130 M M 1 27 80
15 83 49 66 -2 0 1 0.00 0.0 0 6.3 16 170 M M 9 21 170
16 82 70 76 8 0 11 0.00 0.0 0 5.1 15 200 M M 9 20 170
17 87 63 75 7 0 10 0.02 0.0 0 4.5 13 190 M M 7 1 18 150
18 77 58 68 -1 0 3 0.00 0.0 0 11.6 21 20 M M 3 29 20
19 71 48 60 -9 5 0 0.01 0.0 0 10.3 22 140 M M 7 1 30 150
20 84 67 76 7 0 11 T 0.0 0 15.6 28 190 M M 9 1 38 190
21 80 71 76 7 0 11 T 0.0 0 12.1 21 140 M M 9 28 140
22 88 71 80 10 0 15 0.00 0.0 0 16.1 28 140 M M 8 36 140
23 87 70 79 9 0 14 0.00 0.0 0 17.5 30 150 M M 7 42 150
24 91 68 80 10 0 15 T 0.0 0 13.8 25 150 M M 8 37 150
25 74 60 67 -3 0 2 1.96 0.0 0 11.1 25 30 M M 9 13 34 20
26 76 57 67 -3 0 2 0.04 0.0 0 9.0 17 10 M M 7 25 30
27 79 56 68 -3 0 3 0.00 0.0 0 6.4 18 160 M M 6 27 160
28 86 68 77 6 0 12 0.00 0.0 0 12.4 22 150 M M 7 30 150
29 85 70 78 7 0 13 T 0.0 0 14.2 23 190 M M 8 32 160
30 89 71 80 9 0 15 T 0.0 0 7.2 20 180 M M 7 26 170
================================================================================
SM 2492 1747 26 204 2.20 0.0 321.6 M 166
================================================================================
AV 83.1 58.2 10.7 FASTST M M 6 MAX(MPH)
MISC ----> # 30 360 45 150
================================================================================
NOTES:
# LAST OF SEVERAL OCCURRENCES
COLUMN 17 PEAK WIND IN M.P.H.
PRELIMINARY LOCAL CLIMATOLOGICAL DATA (WS FORM: F-6) , PAGE 2
STATION: AUSTIN BERGSTROM
MONTH: APRIL
YEAR: 2022
LATITUDE: 30 13 N
LONGITUDE: 97 40 W
[TEMPERATURE DATA] [PRECIPITATION DATA] SYMBOLS USED IN COLUMN 16
AVERAGE MONTHLY: 70.7 TOTAL FOR MONTH: 2.20 1 = FOG OR MIST
DPTR FM NORMAL: 2.6 DPTR FM NORMAL: -0.19 2 = FOG REDUCING VISIBILITY
HIGHEST: 93 ON 13, 5 GRTST 24HR 1.96 ON 25-25 TO 1/4 MILE OR LESS
LOWEST: 35 ON 9 3 = THUNDER
SNOW, ICE PELLETS, HAIL 4 = ICE PELLETS
TOTAL MONTH: 0.0 INCH 5 = HAIL
GRTST 24HR 0.0 6 = FREEZING RAIN OR DRIZZLE
GRTST DEPTH: 0 7 = DUSTSTORM OR SANDSTORM:
VSBY 1/2 MILE OR LESS
8 = SMOKE OR HAZE
[NO. OF DAYS WITH] [WEATHER - DAYS WITH] 9 = BLOWING SNOW
X = TORNADO
MAX 32 OR BELOW: 0 0.01 INCH OR MORE: 5
MAX 90 OR ABOVE: 4 0.10 INCH OR MORE: 2
MIN 32 OR BELOW: 0 0.50 INCH OR MORE: 1
MIN 0 OR BELOW: 0 1.00 INCH OR MORE: 1
[HDD (BASE 65) ]
TOTAL THIS MO. 26 CLEAR (SCALE 0-3) 9
DPTR FM NORMAL -26 PTCLDY (SCALE 4-7) 14
TOTAL FM JUL 1 1710 CLOUDY (SCALE 8-10) 7
DPTR FM NORMAL -5
[CDD (BASE 65) ]
TOTAL THIS MO. 204
DPTR FM NORMAL 59 [PRESSURE DATA]
TOTAL FM JAN 1 261 HIGHEST SLP 30.32 ON 26
DPTR FM NORMAL 27 LOWEST SLP 29.45 ON 5
[REMARKS]
#FINAL-04-22#