000
CXUS53 KGRB 210701
CF6AUW
PRELIMINARY LOCAL CLIMATOLOGICAL DATA (WS FORM: F-6)
STATION: WAUSAU WI
MONTH: FEBRUARY
YEAR: 2023
LATITUDE: 44 55 N
LONGITUDE: 89 37 W
TEMPERATURE IN F: :PCPN: SNOW: WIND :SUNSHINE: SKY :PK WND
================================================================================
1 2 3 4 5 6A 6B 7 8 9 10 11 12 13 14 15 16 17 18
12Z AVG MX 2MIN
DY MAX MIN AVG DEP HDD CDD WTR SNW DPTH SPD SPD DIR MIN PSBL S-S WX SPD DR
================================================================================
1 19 -2 9 -6 56 0 0.00 0.0 11 3.0 9 260 M M 4 13 210
2 17 -5 6 -9 59 0 0.00 0.0 11 12.6 23 300 M M 2 8 34 310
3 4 -13 -4 -19 69 0 0.00 0.0 10 7.3 15 140 M M 5 21 120
4 26 3 15 0 50 0 0.00 0.0 10 7.0 18 170 M M 2 27 160
5 31 11 21 5 44 0 0.00 0.0 9 5.1 13 290 M M 5 18 19 290
6 36 5 21 5 44 0 0.09 0.6 10 8.5 20 120 M M 3 1468 29 90
7 37 27 32 16 33 0 0.00 0.0 9 11.6 22 270 M M 6 18 30 240
8 45 21 33 17 32 0 0.00 0.0 8 4.1 9 210 M M 0 M M
9 41 23 32 16 33 0 0.00 0.0 8 8.4 23 310 M M 6 33 320
10 33 14 24 7 41 0 0.00 0.0 8 9.9 21 280 M M 1 28 280
11 42 15 29 12 36 0 0.00 0.0 7 7.0 17 210 M M 0 26 230
12 44 18 31 14 34 0 0.00 0.0 7 2.7 12 270 M M 0 14 270
13 40 25 33 15 32 0 0.00 0.0 7 7.4 17 270 M M 2 24 260
14 44 29 37 19 28 0 0.32 0.0 6 9.7 29 110 M M 5 1 46 110
15 44 26 35 17 30 0 0.21 0.0 4 14.9 29 270 M M 10 1 38 260
16 26 15 21 2 44 0 0.00 0.0 4 9.0 16 340 M M 8 26 350
17 26 9 18 -1 47 0 0.00 0.0 4 7.5 15 190 M M 2 25 200
18 38 21 30 11 35 0 0.00 0.0 3 5.6 12 140 M M 1 21 210
19 38 24 31 11 34 0 0.00 0.0 3 8.9 21 270 M M 2 27 250
20 34 15 25 5 40 0 0.09 1.4 4 8.6 29 240 M M 6 1268 40 240
21 29 15 22 2 43 0 0.05 1.5 5 9.5 31 250 M M 10 45 260
22 23 16 20 -1 45 0 0.30 7.0 13 13.7 25 40 M M 10 35 50
23 22 6 14 -7 51 0 0.29 3.5 14 9.7 20 50 M M 9 32 30
24 17 -10 4 -18 61 0 0.04 0.5 15 3.3 12 290 M M 6 18 14 300
25 28 13 21 -1 44 0 0.13 2.0 17 7.6 16 260 M M 5 18 24 240
26 33 10 22 0 43 0 0.00 0.0 15 5.3 15 260 M M 0 21 260
27 33 23 28 5 37 0 0.49 1.0 11 10.6 23 50 M M 8 168 35 60
28 36 26 31 8 34 0 0.00 0.0 10 5.6 17 280 M M 4 1 25 280
================================================================================
SM 886 380 1179 0 2.01 17.5 224.1 M 122
================================================================================
AV 31.6 13.6 8.0 FASTST M M 4 MAX(MPH)
MISC ----> 31 250 46 110
================================================================================
NOTES:
# LAST OF SEVERAL OCCURRENCES
COLUMN 17 PEAK WIND IN M.P.H.
PRELIMINARY LOCAL CLIMATOLOGICAL DATA (WS FORM: F-6) , PAGE 2
STATION: WAUSAU WI
MONTH: FEBRUARY
YEAR: 2023
LATITUDE: 44 55 N
LONGITUDE: 89 37 W
[TEMPERATURE DATA] [PRECIPITATION DATA] SYMBOLS USED IN COLUMN 16
AVERAGE MONTHLY: 22.6 TOTAL FOR MONTH: 2.01 1 = FOG OR MIST
DPTR FM NORMAL: 4.1 DPTR FM NORMAL: 0.93 2 = FOG REDUCING VISIBILITY
HIGHEST: 45 ON 8 GRTST 24HR 0.53 ON 14-15 TO 1/4 MILE OR LESS
LOWEST: -13 ON 3 3 = THUNDER
SNOW, ICE PELLETS, HAIL 4 = ICE PELLETS
TOTAL MONTH: 17.5 INCHES 5 = HAIL
GRTST 24HR 7.0 ON 22-22 6 = FREEZING RAIN OR DRIZZLE
GRTST DEPTH: 17 ON 25 7 = DUSTSTORM OR SANDSTORM:
VSBY 1/2 MILE OR LESS
8 = SMOKE OR HAZE
[NO. OF DAYS WITH] [WEATHER - DAYS WITH] 9 = BLOWING SNOW
X = TORNADO
MAX 32 OR BELOW: 12 0.01 INCH OR MORE: 10
MAX 90 OR ABOVE: 0 0.10 INCH OR MORE: 6
MIN 32 OR BELOW: 28 0.50 INCH OR MORE: 0
MIN 0 OR BELOW: 4 1.00 INCH OR MORE: 0
[HDD (BASE 65) ]
TOTAL THIS MO. 1179 CLEAR (SCALE 0-3) 12
DPTR FM NORMAL -124 PTCLDY (SCALE 4-7) 12
TOTAL FM JUL 1 5385 CLOUDY (SCALE 8-10) 4
DPTR FM NORMAL -664
[CDD (BASE 65) ]
TOTAL THIS MO. 0
DPTR FM NORMAL 0 [PRESSURE DATA]
TOTAL FM JAN 1 0 HIGHEST SLP 30.70 ON 24
DPTR FM NORMAL 0 LOWEST SLP 29.16 ON 15
[REMARKS]
#FINAL-02-23#