000
CXUS51 KOKX 010910
CF6BDR
PRELIMINARY LOCAL CLIMATOLOGICAL DATA (WS FORM: F-6)
STATION: BRIDGEPORT CT
MONTH: OCTOBER
YEAR: 2023
LATITUDE: 41 10 N
LONGITUDE: 73 8 W
TEMPERATURE IN F: :PCPN: SNOW: WIND :SUNSHINE: SKY :PK WND
================================================================================
1 2 3 4 5 6A 6B 7 8 9 10 11 12 13 14 15 16 17 18
12Z AVG MX 2MIN
DY MAX MIN AVG DEP HDD CDD WTR SNW DPTH SPD SPD DIR MIN PSBL S-S WX SPD DR
================================================================================
1 78 55 67 5 0 2 0.00 0.0 0 5.9 16 10 M M 0 20 10
2 74 58 66 4 0 1 0.00 0.0 0 3.7 12 180 M M 1 16 20
3 76 52 64 3 1 0 0.00 0.0 0 4.6 13 220 M M 0 15 210
4 79 60 70 9 0 5 0.00 0.0 0 2.4 10 110 M M 0 1 11 110
5 73 54 64 4 1 0 0.00 0.0 0 M M M M M 1 12 M M
6 69 64 67 7 0 2 0.00 0.0 0 11.2 16 80 M M 10 1 20 70
7 69 53 61 1 4 0 0.36 0.0 0 11.2 22 340 M M 10 1 31 320
8 64 50 57 -2 8 0 0.00 0.0 0 11.4 17 260 M M 3 25 270
9 63 48 56 -3 9 0 0.00 0.0 0 8.3 17 220 M M 3 29 250
10 66 50 58 0 7 0 0.03 0.0 0 6.1 14 200 M M 6 18 230
11 70 50 60 2 5 0 0.00 0.0 0 4.3 13 230 M M 3 17 220
12 70 47 59 1 6 0 0.00 0.0 0 4.9 12 220 M M 1 18 240
13 64 48 56 -1 9 0 0.00 0.0 0 7.1 15 320 M M 1 21 310
14 53 50 52 -5 13 0 0.56 0.0 0 5.7 12 360 M M 8 16 330
15 61 46 54 -3 11 0 T 0.0 0 9.7 21 320 M M 4 26 320
16 64 45 55 -1 10 0 0.01 0.0 0 6.9 16 340 M M 6 21 320
17 64 48 56 0 9 0 0.00 0.0 0 5.1 10 200 M M 6 13 20
18 63 51 57 1 8 0 0.00 0.0 0 5.4 13 160 M M 10 17 150
19 65 49 57 2 8 0 0.00 0.0 0 7.5 15 190 M M 3 20 190
20 65 59 62 7 3 0 0.51 0.0 0 10.6 22 180 M M 8 1 31 190
21 62 56 59 5 6 0 0.42 0.0 0 10.3 22 310 M M 8 1 33 290
22 59 44 52 -2 13 0 0.00 0.0 0 12.8 24 300 M M 4 34 300
23 62 42 52 -2 13 0 0.00 0.0 0 7.9 16 340 M M 0 22 350
24 61 41 51 -2 14 0 0.00 0.0 M 6.4 18 220 M M 0 22 220
25 70 49 60 7 5 0 0.00 0.0 0 7.0 14 220 M M 0 18 220
26 74 51 63 10 2 0 0.00 0.0 0 4.6 13 230 M M 0 16 240
27 70 54 62 10 3 0 0.00 0.0 0 4.8 13 220 M M 0 1 22 280
28 77 56 67 15 0 2 0.00 0.0 0 7.6 16 350 M M 3 22 360
29 60 49 55 3 10 0 0.53 0.0 0 10.8 17 30 M M 10 1 22 20
30 57 48 53 2 12 0 0.42 0.0 0 7.9 16 320 M M 10 1 23 320
31 51 43 47 -4 18 0 0.00 0.0 0 7.3 14 360 M M 4 8 19 40
================================================================================
SM 2053 1570 208 12 2.84 0.0 219.4 M 123
================================================================================
AV 66.2 50.6 7.3 FASTST M M 4 MAX(MPH)
MISC ----> 24 300 34 300
================================================================================
NOTES:
# LAST OF SEVERAL OCCURRENCES
COLUMN 17 PEAK WIND IN M.P.H.
PRELIMINARY LOCAL CLIMATOLOGICAL DATA (WS FORM: F-6) , PAGE 2
STATION: BRIDGEPORT CT
MONTH: OCTOBER
YEAR: 2023
LATITUDE: 41 10 N
LONGITUDE: 73 8 W
[TEMPERATURE DATA] [PRECIPITATION DATA] SYMBOLS USED IN COLUMN 16
AVERAGE MONTHLY: 58.4 TOTAL FOR MONTH: 2.84 1 = FOG OR MIST
DPTR FM NORMAL: 2.0 DPTR FM NORMAL: -1.00 2 = FOG REDUCING VISIBILITY
HIGHEST: 79 ON 4 GRTST 24HR 0.95 ON 29-30 TO 1/4 MILE OR LESS
LOWEST: 41 ON 24 3 = THUNDER
SNOW, ICE PELLETS, HAIL 4 = ICE PELLETS
TOTAL MONTH: 0.0 INCH 5 = HAIL
GRTST 24HR 0.0 6 = FREEZING RAIN OR DRIZZLE
GRTST DEPTH: 0 7 = DUSTSTORM OR SANDSTORM:
VSBY 1/2 MILE OR LESS
8 = SMOKE OR HAZE
[NO. OF DAYS WITH] [WEATHER - DAYS WITH] 9 = BLOWING SNOW
X = TORNADO
MAX 32 OR BELOW: 0 0.01 INCH OR MORE: 8
MAX 90 OR ABOVE: 0 0.10 INCH OR MORE: 6
MIN 32 OR BELOW: 0 0.50 INCH OR MORE: 3
MIN 0 OR BELOW: 0 1.00 INCH OR MORE: 0
[HDD (BASE 65) ]
TOTAL THIS MO. 208 CLEAR (SCALE 0-3) 17
DPTR FM NORMAL -74 PTCLDY (SCALE 4-7) 7
TOTAL FM JUL 1 267 CLOUDY (SCALE 8-10) 7
DPTR FM NORMAL -61
[CDD (BASE 65) ]
TOTAL THIS MO. 12
DPTR FM NORMAL -2 [PRESSURE DATA]
TOTAL FM JAN 1 913 HIGHEST SLP M ON M
DPTR FM NORMAL -41 LOWEST SLP 29.16 ON 21
[REMARKS]
#FINAL-10-23#