000
CXUS51 KOKX 011806
CLSBDR
CLIMATE REPORT
NATIONAL WEATHER SERVICE NEW YORK, NY
206 PM EDT THU JUN 01 2023
...................................
...THE BRIDGEPORT CT CLIMATE SUMMARY FOR THE SEASON, FROM
3/1/2023 TO 5/31/2023...
CLIMATE NORMAL PERIOD 1991 TO 2020
CLIMATE RECORD PERIOD 1948 TO 2023
WEATHER OBSERVED NORMAL DEPART LAST YEAR`S
VALUE DATE(S) VALUE FROM VALUE
NORMAL
..............................................................
TEMPERATURE (F)
RECORD
HIGH 97 05/20/1996
LOW 4 03/19/1967
HIGHEST 87 04/14 MM MM
LOWEST 26 03/01 MM MM
AVG. MAXIMUM 59.4 58.0 1.4
AVG. MINIMUM 42.6 41.9 0.7
MEAN 51.0 50.0 1.0
DAYS MAX >= 90 0 0.2 -0.2
DAYS MAX <= 32 0 1.1 -1.1
DAYS MIN <= 32 14 18.0 -4.0
DAYS MIN <= 0 0 0.0 0.0
PRECIPITATION (INCHES)
RECORD
MAXIMUM 24.70 1983
MINIMUM 4.38 1986
TOTALS 10.75 11.83 -1.08 7.85
DAILY AVG. 0.12 0.13 -0.01
DAYS >= .01 30 34.8 -4.8
DAYS >= .10 16 21.5 -5.5
DAYS >= .50 7 7.5 -0.5
DAYS >= 1.00 3 2.7 0.3
GREATEST
24 HR. TOTAL 2.34 05/20 TO 05/20
STORM TOTAL 2.34
(MM/DD(HH))
SNOWFALL (INCHES)
RECORDS
TOTAL 22.0 1996
24 HR TOTAL 11.1 03/22/1967 TO 03/22/1967
TOTALS T 7.9 -7.9
LIQUID EQUIV T 0.70 -0.70
SINCE 7/1 4.9 33.6 -28.7
LIQUID 7/1 0.49
DAYS >= TRACE 2 2.9 -0.9
DAYS >= 1.0 0 2.2 -2.2
GREATEST
SNOW DEPTH 3 03/01
24 HR TOTAL MM
STORM TOTAL 0.0
(MM/DD(HH))
DEGREE DAYS
HEATING TOTAL 1292 1413 -121
SINCE 7/1 4576 5116 -540
COOLING TOTAL 22 30 -8
SINCE 1/1 22 30 -8
..............................................................
WIND (MPH)
AVERAGE WIND SPEED 9.4
HIGHEST WIND SPEED/DIRECTION 41/070 DATE 03/04
HIGHEST GUST SPEED/DIRECTION 49/090 DATE 03/04
SKY COVER
POSSIBLE SUNSHINE (PERCENT) MM
AVERAGE SKY COVER 0.36
NUMBER OF DAYS FAIR 52
NUMBER OF DAYS PC 23
NUMBER OF DAYS CLOUDY 17
AVERAGE RH (PERCENT) 64
WEATHER CONDITIONS. NUMBER OF DAYS WITH
THUNDERSTORM 4 MIXED PRECIP 0
HEAVY RAIN 9 RAIN 13
LIGHT RAIN 37 FREEZING RAIN 0
LT FREEZING RAIN 0 HAIL 0
HEAVY SNOW 0 SNOW 0
LIGHT SNOW 3 SLEET 0
FOG 27 FOG W/VIS <= 1/4 MILE 7
HAZE 2
- INDICATES NEGATIVE NUMBERS.
R INDICATES RECORD WAS SET OR TIED.
MM INDICATES DATA IS MISSING.
T INDICATES TRACE AMOUNT.
$$