000
CXAK58 PABE 011021
CLMBET
CLIMATE REPORT
NATIONAL WEATHER SERVICE ANCHORAGE, AK
221 AM AKDT SAT JUL 01 2023
...................................
...THE BETHEL CLIMATE SUMMARY FOR THE MONTH OF JUNE 2023...
CLIMATE NORMAL PERIOD: 1991 TO 2020
CLIMATE RECORD PERIOD: 1948 TO 2023
WEATHER OBSERVED NORMAL DEPART LAST YEAR`S
VALUE DATE(S) VALUE FROM VALUE
NORMAL
..............................................................
TEMPERATURE (F)
RECORD
HIGH 90 MM
LOW 11 06/16/2017
HIGHEST 72 MM MM 80
LOWEST 35 MM MM 34
AVG. MAXIMUM 60.0 62.1 -2.1 68.3
AVG. MINIMUM 44.8 44.5 0.3 46.4
MEAN 52.4 53.3 -0.9 57.4
DAYS MAX >= 90 0 0.0 0.0 15
DAYS MAX <= 32 0 0.0 0.0 0
DAYS MIN <= 32 0 0.3 -0.3 0
DAYS MIN <= 0 0 0.0 0.0 0
PRECIPITATION (INCHES)
RECORD
MAXIMUM 2.05 2020
MINIMUM 0.33
TOTALS 1.50 1.77 -0.27 0.33
DAILY AVG. 0.05 0.06 -0.01 0.01
DAYS >= .01 18 12.9 5.1 10
DAYS >= .10 6 5.7 0.3 0
DAYS >= .50 0 0.6 -0.6 0
DAYS >= 1.00 0 0.1 -0.1 0
GREATEST
24 HR. TOTAL 0.28 06/12 TO 06/13 0.10
STORM TOTAL 0.24 0.09
(MM/DD(HH))
DEGREE DAYS
HEATING TOTAL 372 353 19 224
SINCE 7/1 12323 12224 99 MM
COOLING TOTAL 0 2 -2 1
SINCE 1/1 0 2 -2 MM
FREEZE DATES
RECORD
EARLIEST MM
LATEST MM
EARLIEST 09/25 09/25
LATEST 05/31 05/18
..............................................................
WIND (MPH)
AVERAGE WIND SPEED 9.1
RESULTANT WIND SPEED/DIRECTION 2/150
HIGHEST WIND SPEED/DIRECTION 30/080 DATE 06/11
30/180 06/25
HIGHEST GUST SPEED/DIRECTION 38/080 DATE 06/11
SKY COVER
POSSIBLE SUNSHINE (PERCENT) MM
AVERAGE SKY COVER 0.78
NUMBER OF DAYS FAIR 2
NUMBER OF DAYS PC 8
NUMBER OF DAYS CLOUDY 20
AVERAGE RH (PERCENT) 75
WEATHER CONDITIONS. NUMBER OF DAYS WITH
THUNDERSTORM 0 MIXED PRECIP 0
HEAVY RAIN 2 RAIN 6
LIGHT RAIN 25 FREEZING RAIN 0
LT FREEZING RAIN 0 HAIL 0
HEAVY SNOW 0 SNOW 0
LIGHT SNOW 0 SLEET 0
FOG 13 FOG W/VIS <= 1/4 MILE 2
HAZE 2
- INDICATES NEGATIVE NUMBERS.
R INDICATES RECORD WAS SET OR TIED.
MM INDICATES DATA IS MISSING.
T INDICATES TRACE AMOUNT.
$$