000
CXUS54 KAMA 280710
CF6BGD
PRELIMINARY LOCAL CLIMATOLOGICAL DATA (WS FORM: F-6)
STATION: BORGER
MONTH: MARCH
YEAR: 2024
LATITUDE: 35 42 N
LONGITUDE: 101 24 W
TEMPERATURE IN F: :PCPN: SNOW: WIND :SUNSHINE: SKY :PK WND
================================================================================
1 2 3 4 5 6A 6B 7 8 9 10 11 12 13 14 15 16 17 18
12Z AVG MX 2MIN
DY MAX MIN AVG DEP HDD CDD WTR SNW DPTH SPD SPD DIR MIN PSBL S-S WX SPD DR
================================================================================
1 77 38 58 12 7 0 0.00 M M 9.8 18 240 M M 0 25 240
2 80 46 63 16 2 0 0.00 M M 16.8 32 250 M M 0 47 200
3 81 52 67 20 0 2 0.00 M M 17.2 32 240 M M 0 46 250
4 64 45 55 8 10 0 0.00 M M 9.4 20 210 M M 0 29 200
5 64 36 50 2 15 0 0.00 M M 7.6 17 70 M M 0 26 40
6 70 35 53 5 12 0 0.00 M M 8.5 21 160 M M 0 29 170
7 73 43 58 10 7 0 T M M 12.2 29 20 M M 3 37 30
8 44 33 39 -10 26 0 0.00 M M 18.1 25 10 M M 10 34 340
9 57 31 44 -5 21 0 0.00 M M 5.8 16 330 M M 3 22 360
10 70 36 53 3 12 0 0.00 M M 10.7 22 230 M M 0 31 240
11 77 44 61 11 4 0 0.00 M M 15.5 26 220 M M 0 37 180
12 80 48 64 14 1 0 0.00 M M 11.0 25 210 M M 0 37 210
13 78 46 62 11 3 0 0.00 M M 12.2 30 220 M M 1 43 240
14 67 44 56 5 9 0 0.00 M M 11.0 25 20 M M 5 33 10
15 54 41 48 -3 17 0 0.03 M M 12.5 28 30 M M 8 36 40
16 53 38 46 -6 19 0 0.10 M M 4.1 9 290 M M 8 1 13 40
17 64 47 56 4 9 0 0.01 M M 8.9 18 20 M M 7 26 60
18 64 34 49 -3 16 0 0.00 M M 6.5 21 190 M M 1 31 180
19 74 46 60 7 5 0 0.00 M M 15.3 24 240 M M 1 33 240
20 76 45 61 8 4 0 T M M 6.8 18 250 M M 2 25 250
21 73 46 60 7 5 0 0.01 M M 7.8 21 140 M M 3 3 31 140
22 67 40 54 0 11 0 0.00 M M 11.8 28 20 M M 0 1 36 10
23 65 37 51 -3 14 0 0.00 M M 9.8 23 180 M M 0 32 170
24 77 52 65 11 0 0 T M M 24.0 43 230 M M 4 8 59 220
25 53 30 42 -13 23 0 0.01 M M 15.4 30 240 M M 7 18 44 250
26 55 25 40 -15 25 0 T M M 6.8 20 160 M M 2 28 150
27 59 37 48 -7 17 0 T M M 8.8 18 180 M M 6 26 140
================================================================================
SM 1816 1095 294 2 0.16 M 304.3 M 71
================================================================================
AV 67.3 40.6 11.3 FASTST M M 3 MAX(MPH)
MISC ----> 43 230 59 220
================================================================================
NOTES:
# LAST OF SEVERAL OCCURRENCES
COLUMN 17 PEAK WIND IN M.P.H.
PRELIMINARY LOCAL CLIMATOLOGICAL DATA (WS FORM: F-6) , PAGE 2
STATION: BORGER
MONTH: MARCH
YEAR: 2024
LATITUDE: 35 42 N
LONGITUDE: 101 24 W
[TEMPERATURE DATA] [PRECIPITATION DATA] SYMBOLS USED IN COLUMN 16
AVERAGE MONTHLY: 53.9 TOTAL FOR MONTH: 0.16 1 = FOG OR MIST
DPTR FM NORMAL: 3.0 DPTR FM NORMAL: -0.78 2 = FOG REDUCING VISIBILITY
HIGHEST: 81 ON 3 GRTST 24HR 0.12 ON 15-16 TO 1/4 MILE OR LESS
LOWEST: 25 ON 26 3 = THUNDER
SNOW, ICE PELLETS, HAIL 4 = ICE PELLETS
TOTAL MONTH: M 5 = HAIL
GRTST 24HR M ON M 6 = FREEZING RAIN OR DRIZZLE
GRTST DEPTH: M ON M 7 = DUSTSTORM OR SANDSTORM:
VSBY 1/2 MILE OR LESS
8 = SMOKE OR HAZE
[NO. OF DAYS WITH] [WEATHER - DAYS WITH] 9 = BLOWING SNOW
X = TORNADO
MAX 32 OR BELOW: 0 0.01 INCH OR MORE: 5
MAX 90 OR ABOVE: 0 0.10 INCH OR MORE: 1
MIN 32 OR BELOW: 3 0.50 INCH OR MORE: 0
MIN 0 OR BELOW: 0 1.00 INCH OR MORE: 0
[HDD (BASE 65) ]
TOTAL THIS MO. 294 CLEAR (SCALE 0-3) 18
DPTR FM NORMAL -98 PTCLDY (SCALE 4-7) 7
TOTAL FM JUL 1 2723 CLOUDY (SCALE 8-10) 2
DPTR FM NORMAL -498
[CDD (BASE 65) ]
TOTAL THIS MO. 2
DPTR FM NORMAL -6 [PRESSURE DATA]
TOTAL FM JAN 1 8 HIGHEST SLP M ON M
DPTR FM NORMAL -1 LOWEST SLP 29.12 ON 24
[REMARKS]