000
CXUS51 KCAR 010700
CF6BGR
PRELIMINARY LOCAL CLIMATOLOGICAL DATA (WS FORM: F-6)
STATION: BANGOR ME
MONTH: JULY
YEAR: 2023
LATITUDE: 44 47 N
LONGITUDE: 68 49 W
TEMPERATURE IN F: :PCPN: SNOW: WIND :SUNSHINE: SKY :PK WND
================================================================================
1 2 3 4 5 6A 6B 7 8 9 10 11 12 13 14 15 16 17 18
12Z AVG MX 2MIN
DY MAX MIN AVG DEP HDD CDD WTR SNW DPTH SPD SPD DIR MIN PSBL S-S WX SPD DR
================================================================================
1 79 65 72 4 0 7 T 0.0 0 7.6 21 170 M M 9 1 26 170
2 70 63 67 -1 0 2 1.34 0.0 0 6.9 15 180 M M 10 1 23 170
3 78 63 71 3 0 6 0.02 0.0 0 5.7 15 360 M M 9 1 20 10
4 85 64 75 7 0 10 0.00 0.0 0 4.2 12 180 M M 8 1 15 200
5 91 67 79 11 0 14 0.00 0.0 0 4.0 16 120 M M 5 13 23 120
6 92 65 79 10 0 14 0.00 0.0 0 5.2 17 190 M M 2 22 190
7 86 66 76 7 0 11 0.00 0.0 0 9.0 20 180 M M 5 1 27 190
8 82 65 74 5 0 9 0.00 0.0 0 7.7 15 190 M M 8 1 20 180
9 82 67 75 6 0 10 0.00 0.0 0 6.0 13 180 M M 9 1 17 180
10 74 65 70 1 0 5 0.09 0.0 0 6.3 14 130 M M 10 1 19 120
11 81 64 73 4 0 8 0.47 0.0 0 4.6 13 110 M M 7 18 16 120
12 88 62 75 5 0 10 T 0.0 0 4.6 17 170 M M 4 1 22 160
13 87 66 77 7 0 12 0.00 0.0 0 7.1 18 170 M M 6 1 24 170
14 82 68 75 5 0 10 0.00 0.0 0 8.3 16 190 M M 8 1 23 170
15 78 68 73 3 0 8 0.12 0.0 0 7.2 15 140 M M 10 13 20 130
16 73 69 71 1 0 6 1.33 0.0 0 9.3 17 180 M M 10 12 27 170
17 84 69 77 7 0 12 0.16 0.0 0 8.1 14 180 M M 8 1 19 190
18 81 66 74 4 0 9 0.00 0.0 0 7.6 20 170 M M 10 128 27 170
19 85 65 75 5 0 10 0.00 0.0 0 3.5 10 330 M M 8 12 15 310
20 85 60 73 3 0 8 0.00 0.0 0 3.9 13 180 M M 3 17 180
21 81 59 70 0 0 5 0.02 0.0 0 4.4 13 130 M M 6 1 16 130
22 78 64 71 1 0 6 T 0.0 0 6.6 16 180 M M 8 1 21 180
23 84 64 74 4 0 9 0.00 0.0 0 4.7 13 330 M M 6 12 17 290
24 86 58 72 2 0 7 0.00 0.0 0 5.0 17 190 M M 3 1 22 170
25 85 68 77 7 0 12 T 0.0 0 7.6 18 170 M M 6 26 170
26 86 65 76 6 0 11 0.00 0.0 0 4.8 14 170 M M 6 1 21 200
27 76 66 71 1 0 6 0.09 0.0 0 7.7 18 170 M M 9 1 26 180
28 87 63 75 5 0 10 0.00 0.0 0 5.1 15 230 M M 4 12 23 240
29 84 62 73 3 0 8 0.13 0.0 0 7.7 18 330 M M 7 23 330
30 76 55 66 -4 0 1 0.00 0.0 0 8.4 18 330 M M 4 28 330
31 76 54 65 -5 0 0 0.21 0.0 0 3.9 23 310 M M 6 13 35 300
================================================================================
SM 2542 1985 0 256 3.98 0.0 192.7 M 214
================================================================================
AV 82.0 64.0 6.2 FASTST M M 7 MAX(MPH)
MISC ----> 23 310 35 300
================================================================================
NOTES:
# LAST OF SEVERAL OCCURRENCES
COLUMN 17 PEAK WIND IN M.P.H.
PRELIMINARY LOCAL CLIMATOLOGICAL DATA (WS FORM: F-6) , PAGE 2
STATION: BANGOR ME
MONTH: JULY
YEAR: 2023
LATITUDE: 44 47 N
LONGITUDE: 68 49 W
[TEMPERATURE DATA] [PRECIPITATION DATA] SYMBOLS USED IN COLUMN 16
AVERAGE MONTHLY: 73.0 TOTAL FOR MONTH: 3.98 1 = FOG OR MIST
DPTR FM NORMAL: 3.5 DPTR FM NORMAL: 0.82 2 = FOG REDUCING VISIBILITY
HIGHEST: 92 ON 6 GRTST 24HR 1.49 ON 16-17 TO 1/4 MILE OR LESS
LOWEST: 54 ON 31 3 = THUNDER
SNOW, ICE PELLETS, HAIL 4 = ICE PELLETS
TOTAL MONTH: 0.0 INCH 5 = HAIL
GRTST 24HR 0.0 6 = FREEZING RAIN OR DRIZZLE
GRTST DEPTH: 0 7 = DUSTSTORM OR SANDSTORM:
VSBY 1/2 MILE OR LESS
8 = SMOKE OR HAZE
[NO. OF DAYS WITH] [WEATHER - DAYS WITH] 9 = BLOWING SNOW
X = TORNADO
MAX 32 OR BELOW: 0 0.01 INCH OR MORE: 11
MAX 90 OR ABOVE: 2 0.10 INCH OR MORE: 7
MIN 32 OR BELOW: 0 0.50 INCH OR MORE: 2
MIN 0 OR BELOW: 0 1.00 INCH OR MORE: 2
[HDD (BASE 65) ]
TOTAL THIS MO. 0 CLEAR (SCALE 0-3) 3
DPTR FM NORMAL -16 PTCLDY (SCALE 4-7) 19
TOTAL FM JUL 1 0 CLOUDY (SCALE 8-10) 9
DPTR FM NORMAL -11
[CDD (BASE 65) ]
TOTAL THIS MO. 256
DPTR FM NORMAL 100 [PRESSURE DATA]
TOTAL FM JAN 1 302 HIGHEST SLP 30.12 ON 1
DPTR FM NORMAL 81 LOWEST SLP 29.69 ON 29
[REMARKS]
#FINAL-07-23#