000
CXUS53 KBIS 021655
CLMBIS

CLIMATE REPORT
NATIONAL WEATHER SERVICE BISMARCK ND
1041 AM CDT WED MAY 2 2018

...................................

...THE BISMARCK ND CLIMATE SUMMARY FOR THE MONTH OF APRIL 2018...

CLIMATE NORMAL PERIOD 1981 TO 2010
CLIMATE RECORD PERIOD 1875 TO 2018

WEATHER         OBSERVED          NORMAL  DEPART  LAST YEAR`S
                 VALUE   DATE(S)  VALUE   FROM    VALUE  DATE(S)
                                          NORMAL
................................................................
TEMPERATURE (F)
RECORD
 HIGH              93   04/30/1992
                        04/21/1980
 LOW              -12   04/01/1975
HIGHEST            83   04/29                         76  04/14
                                                          04/07
LOWEST              2   04/06                         20  04/17
                                                          04/06
AVG. MAXIMUM     48.5              57.0    -8.5     58.5
AVG. MINIMUM     24.0              30.7    -6.7     32.0
MEAN             36.2              43.8    -7.6     45.2
DAYS MAX >= 90      0               0.1    -0.1        0
DAYS MAX <= 32      7               1.0     6.0        0
DAYS MIN <= 32     23              17.1     5.9       18
DAYS MIN <= 0       0               0.0     0.0        0

PRECIPITATION (INCHES)
RECORD
 MAXIMUM         5.71   1878
 MINIMUM         0.00   1952
TOTALS           0.62              1.26   -0.64     0.96
DAILY AVG.       0.02              0.04   -0.02     0.03
DAYS >= .01         7               7.4    -0.4        8
DAYS >= .10         2               3.4    -1.4        4
DAYS >= .50         0               0.5    -0.5        0
DAYS >= 1.00        0               0.1    -0.1        0
GREATEST
 24 HR. TOTAL    0.22   04/24 TO 04/24              0.40

SNOWFALL (INCHES)
RECORDS
 TOTAL           21.8   2013
TOTALS            5.3               4.2     1.1      0.0
SINCE 7/1        44.1              50.8    -6.7     71.6
SNOWDEPTH AVG.      0                MM      MM        0
DAYS >= 1.0         3               1.0     2.0        0
GREATEST
 SNOW DEPTH         3   04/09                          0  MM
 24 HR TOTAL      3.3   04/08 TO 04/08               0.0

DEGREE_DAYS
HEATING TOTAL     858               636     222
 SINCE 7/1       8361              8155     206
COOLING TOTAL       1                 1       0
 SINCE 1/1          1                 1       0
.................................................................

WIND (MPH)
HIGHEST WIND SPEED/DIRECTION    33/330    DATE  04/05
HIGHEST GUST SPEED/DIRECTION    43/340    DATE  04/05

SKY COVER
POSSIBLE SUNSHINE (PERCENT)   MM
NUMBER OF DAYS FAIR           17
NUMBER OF DAYS PC              7
NUMBER OF DAYS CLOUDY          6


WEATHER CONDITIONS. NUMBER OF DAYS WITH
THUNDERSTORM              0     MIXED PRECIP               0
HEAVY RAIN                0     RAIN                       1
LIGHT RAIN                5     FREEZING RAIN              0
LT FREEZING RAIN          0     HAIL                       0
HEAVY SNOW                1     SNOW                       2
LIGHT SNOW                7     SLEET                      0
FOG                       8     FOG W/VIS <= 1/4 MILE      3
HAZE                      1

-  INDICATES NEGATIVE NUMBERS.
R  INDICATES RECORD WAS SET OR TIED.
MM INDICATES DATA IS MISSING.
T  INDICATES TRACE AMOUNT.

$$

APRIL 2018 WAS A VERY COLD AND FAIRLY DRY MONTH. THE AVERAGE
TEMPERATURE FOR THE MONTH WAS A VERY CHILLY 36.2 DEGREES FARENHEIT,
WHICH WAS 7.6 DEGREES BELOW THE NORMAL 43.8 DEGREES FARENHEIT. THIS
AVERAGE TEMPERATURE RANKED AS THE 9TH COLDEST APRIL ON RECORD. A
RECORD LOW TEMPERATURE OF 2 DEGREES FARENHEIT WAS SET ON THE 6TH,
BREAKING THE OLD RECORD OF 3 DEGREES FARENHEIT SET ON THAT DATE IN
1979. A RECORD LOW MAXIMUM TEMPERATURE OF 18 DEGREES FARENHEIT WAS
ALSO SET ON THE 6TH, WHICH BROKE THE OLD RECORD OF 23 DEGREES
FARENHEIT, SET IN 1923. THE TOTAL PRECIPITATION MEASURED FOR THE
MONTH WAS 0.58 HUNDREDTHS, WHICH WAS 0.89 HUNDREDTHS BELOW THE
NORMAL 1.27 INCHES.
