000
CXUS53 KBIS 011643
CLSBIS
CLIMATE REPORT
NATIONAL WEATHER SERVICE BISMARCK ND
1024 AM CST TUE DEC 1 2020
...................................
...THE BISMARCK ND CLIMATE SUMMARY FOR THE SEASON, FROM
9/1/2020 TO 11/30/2020...
CLIMATE NORMAL PERIOD 1981 TO 2010
CLIMATE RECORD PERIOD 1875 TO 2020
WEATHER OBSERVED NORMAL DEPART LAST YEAR`S
VALUE DATE(S) VALUE FROM VALUE DATE(S)
NORMAL
................................................................
TEMPERATURE (F)
RECORD
HIGH 105 09/08/1959
09/07/1931
LOW -30 11/29/1985
HIGHEST 93 09/02 MM MM 88 09/16
LOWEST 8 11/29 MM MM -7 11/11
10/26
AVG. MAXIMUM 58.2 56.4 1.8 52.1
AVG. MINIMUM 32.1 32.0 0.1 33.7
MEAN 45.2 44.2 1.0 42.9
DAYS MAX >= 90 1 1.8 -0.8 0
DAYS MAX <= 32 8 9.5 -1.5 14
DAYS MIN <= 32 49 44.4 4.6 44
DAYS MIN <= 0 0 2.0 -2.0 2
PRECIPITATION (INCHES)
RECORD
MAXIMUM 10.13 2019
MINIMUM 1.12 2014
TOTALS 1.47 3.55 -2.08 10.13
DAILY AVG. 0.02 0.04 -0.02 0.11
DAYS >= .01 17 21.1 -4.1 33
DAYS >= .10 5 8.1 -3.1 17
DAYS >= .50 0 1.9 -1.9 6
DAYS >= 1.00 0 0.5 -0.5 4
GREATEST
24 HR. TOTAL 0.44 09/07 TO 09/07
SNOWFALL (INCHES)
RECORDS
TOTAL 30.2 2019
TOTALS 4.7 11.2
DEGREE_DAYS
HEATING TOTAL 1812
COOLING TOTAL 23
.................................................................
WIND (MPH)
HIGHEST WIND SPEED/DIRECTION 40/320 DATE 10/31
HIGHEST GUST SPEED/DIRECTION 59/310 DATE 10/31
- INDICATES NEGATIVE NUMBERS.
R INDICATES RECORD WAS SET OR TIED.
MM INDICATES DATA IS MISSING.
T INDICATES TRACE AMOUNT.
...................................
$$