000
CXUS53 KGRR 010910
CF6BIV
PRELIMINARY LOCAL CLIMATOLOGICAL DATA (WS FORM: F-6)
STATION: HOLLAND
MONTH: MAY
YEAR: 2022
LATITUDE: 42 49 N
LONGITUDE: 86 10 W
TEMPERATURE IN F: :PCPN: SNOW: WIND :SUNSHINE: SKY :PK WND
================================================================================
1 2 3 4 5 6A 6B 7 8 9 10 11 12 13 14 15 16 17 18
12Z AVG MX 2MIN
DY MAX MIN AVG DEP HDD CDD WTR SNW DPTH SPD SPD DIR MIN PSBL S-S WX SPD DR
================================================================================
1 57 47 52 -1 13 0 0.09 M M 13.8 24 230 M M 10 1 35 230
2 52 45 49 -4 16 0 0.00 M M 8.2 17 250 M M 9 23 250
3 52 44 48 -6 17 0 0.73 M M 8.6 17 70 M M 9 1 28 50
4 59 42 51 -3 14 0 0.00 M M 5.4 12 300 M M 4 17 20
5 60 40 50 -4 15 0 0.00 M M 4.2 12 110 M M 3 15 60
6 61 50 56 1 9 0 0.25 M M 9.2 16 60 M M 7 1 28 70
7 68 45 57 2 8 0 0.00 M M 8.6 17 90 M M 0 25 80
8 68 40 54 -1 11 0 0.00 M M 9.1 18 110 M M 0 24 150
9 78 47 63 7 2 0 0.00 M M 15.9 28 140 M M 0 42 140
10 86 66 76 20 0 11 0.00 M M 9.9 16 160 M M 6 25 150
11 90 67 79 23 0 14 0.00 M M 6.2 14 90 M M 1 1 20 90
12 88 63 76 19 0 11 0.00 M M 8.7 17 170 M M 0 24 190
13 87 59 73 16 0 8 0.00 M M 7.4 15 250 M M 0 21 250
14 76 54 65 7 0 0 0.00 M M 5.5 14 300 M M 1 19 280
15 72 53 63 5 2 0 0.01 M M 5.3 13 280 M M 2 16 290
16 71 51 61 3 4 0 0.00 M M 7.5 15 300 M M 1 23 300
17 61 46 54 -5 11 0 0.00 M M 5.6 16 270 M M 0 23 290
18 56 49 53 -6 12 0 0.27 M M 6.1 14 90 M M 10 1 20 60
19 75 49 62 3 3 0 0.00 M M 8.8 16 170 M M 6 128 25 170
20 86 60 73 13 0 8 0.10 M M 10.9 33 220 M M 4 13 48 230
21 62 52 57 -3 8 0 0.83 M M 5.1 17 250 M M 8 13 22 280
22 57 45 51 -9 14 0 0.00 M M 7.1 17 300 M M 4 24 280
23 64 40 52 -9 13 0 0.00 M M 5.5 16 100 M M 1 23 100
24 68 48 58 -3 7 0 0.00 M M 7.3 15 100 M M 1 22 100
25 72 54 63 1 2 0 1.00 M M 10.1 18 140 M M 7 13 24 140
26 76 61 69 7 0 4 0.09 M M 7.5 18 220 M M 6 1 30 210
27 65 52 59 -3 6 0 0.07 M M 5.5 14 310 M M 7 12 23 300
28 69 45 57 -5 8 0 0.00 M M 3.2 14 270 M M 0 20 270
29 83 56 70 7 0 5 0.00 M M 10.0 18 160 M M 2 28 160
30 87 66 77 14 0 12 0.00 M M 10.3 25 210 M M 0 38 220
31 86 72 79 15 0 14 0.00 M M 14.3 26 220 M M 1 40 230
================================================================================
SM 2192 1608 195 87 3.44 M 250.8 M 110
================================================================================
AV 70.7 51.9 8.1 FASTST M M 4 MAX(MPH)
MISC ----> 33 220 48 230
================================================================================
NOTES:
# LAST OF SEVERAL OCCURRENCES
COLUMN 17 PEAK WIND IN M.P.H.
PRELIMINARY LOCAL CLIMATOLOGICAL DATA (WS FORM: F-6) , PAGE 2
STATION: HOLLAND
MONTH: MAY
YEAR: 2022
LATITUDE: 42 49 N
LONGITUDE: 86 10 W
[TEMPERATURE DATA] [PRECIPITATION DATA] SYMBOLS USED IN COLUMN 16
AVERAGE MONTHLY: 61.3 TOTAL FOR MONTH: 3.44 1 = FOG OR MIST
DPTR FM NORMAL: 3.0 DPTR FM NORMAL: -0.32 2 = FOG REDUCING VISIBILITY
HIGHEST: 90 ON 11 GRTST 24HR 1.09 ON 25-26 TO 1/4 MILE OR LESS
LOWEST: 40 ON 23, 8 3 = THUNDER
SNOW, ICE PELLETS, HAIL 4 = ICE PELLETS
TOTAL MONTH: M 5 = HAIL
GRTST 24HR M ON M 6 = FREEZING RAIN OR DRIZZLE
GRTST DEPTH: M ON M 7 = DUSTSTORM OR SANDSTORM:
VSBY 1/2 MILE OR LESS
8 = SMOKE OR HAZE
[NO. OF DAYS WITH] [WEATHER - DAYS WITH] 9 = BLOWING SNOW
X = TORNADO
MAX 32 OR BELOW: 0 0.01 INCH OR MORE: 10
MAX 90 OR ABOVE: 1 0.10 INCH OR MORE: 6
MIN 32 OR BELOW: 0 0.50 INCH OR MORE: 3
MIN 0 OR BELOW: 0 1.00 INCH OR MORE: 1
[HDD (BASE 65) ]
TOTAL THIS MO. 195 CLEAR (SCALE 0-3) 16
DPTR FM NORMAL -51 PTCLDY (SCALE 4-7) 11
TOTAL FM JUL 1 5955 CLOUDY (SCALE 8-10) 4
DPTR FM NORMAL -330
[CDD (BASE 65) ]
TOTAL THIS MO. 87
DPTR FM NORMAL 50 [PRESSURE DATA]
TOTAL FM JAN 1 88 HIGHEST SLP 30.41 ON 23
DPTR FM NORMAL 47 LOWEST SLP 29.40 ON 20
[REMARKS]
#FINAL-05-22#