000
CXUS53 KGRR 011525 RRB
CLSBIV
WRKCLSBIV 000
TTAA00 GRR 011521
CLIMATE REPORT
NATIONAL WEATHER SERVICE GRAND RAPIDS, MICHIGAN
1111 AM EDT WED JUN 01 2022
...................................
...THE HOLLAND CLIMATE SUMMARY FOR THE SEASON, FROM
3/1/2022 TO 5/31/2022...
CLIMATE NORMAL PERIOD: 1991 TO 2020
CLIMATE RECORD PERIOD: 1905 TO 2022
WEATHER OBSERVED NORMAL DEPART LAST YEAR`S
VALUE DATE(S) VALUE FROM VALUE DATE(S)
NORMAL
................................................................
TEMPERATURE (F)
RECORD
HIGH 95 05/28/2018
LOW -9 03/01/1967
HIGHEST 90 05/11 MM MM 86 05/25
LOWEST 15 03/12 MM MM 17 03/02
AVG. MAXIMUM 56.2 56.6 -0.4 59.2
AVG. MINIMUM 39.1 37.7 1.4 38.6
MEAN 47.7 47.1 0.6 48.9
DAYS MAX >= 90 1 0.6 0.4 0
DAYS MAX <= 32 6 4.6 1.4 0
DAYS MIN <= 32 31 30.7 0.3 29
DAYS MIN <= 0 0 0.2 -0.2 0
PRECIPITATION (INCHES)
RECORD
MAXIMUM 17.75 1976
MINIMUM 3.38 1971
TOTALS 11.91 9.33 2.58 4.74
DAILY AVG. 0.13 0.10 0.03 0.05
DAYS >= .01 41 36.0 5.0 23
DAYS >= .10 25 20.6 4.4 11
DAYS >= .50 9 6.1 2.9 4
DAYS >= 1.00 3 1.8 1.2 0
GREATEST
24 HR. TOTAL 1.64 03/30 TO 03/31
STORM TOTAL 1.55 MM
(MM/DD(HH)) MM
DEGREE DAYS
HEATING TOTAL 1660 1687 -27 1514
SINCE 7/1 5955 6285 -330 MM
COOLING TOTAL 88 41 47 64
SINCE 1/1 88 41 47 MM
FREEZE DATES
EARLIEST 10/24
LATEST 05/13
................................................................
WIND (MPH)
AVERAGE WIND SPEED 9.7
RESULTANT WIND SPEED/DIRECTION 2/210
HIGHEST WIND SPEED/DIRECTION 45/250 DATE 03/06
HIGHEST GUST SPEED/DIRECTION 60/250 DATE 03/06
SKY COVER
POSSIBLE SUNSHINE (PERCENT) MM
AVERAGE SKY COVER 0.53
NUMBER OF DAYS FAIR 32
NUMBER OF DAYS PC 32
NUMBER OF DAYS CLOUDY 28
AVERAGE RH (PERCENT) 70
WEATHER CONDITIONS. NUMBER OF DAYS WITH
THUNDERSTORM 8 MIXED PRECIP 0
HEAVY RAIN 8 RAIN 16
LIGHT RAIN 33 FREEZING RAIN 0
LT FREEZING RAIN 1 HAIL 0
HEAVY SNOW 1 SNOW 5
LIGHT SNOW 16 SLEET 0
FOG 45 FOG W/VIS <= 1/4 MILE 3
HAZE 11
- INDICATES NEGATIVE NUMBERS.
R INDICATES RECORD WAS SET OR TIED.
MM INDICATES DATA IS MISSING.
T INDICATES TRACE AMOUNT.
$$