000
CXUS51 KRNK 010755
CLMBLF
CLIMATE REPORT
NATIONAL WEATHER SERVICE BLACKSBURG, VA
255 AM EST FRI DEC 01 2023
...................................
...THE BLUEFIELD WV CLIMATE SUMMARY FOR THE MONTH OF NOVEMBER 2023...
CLIMATE NORMAL PERIOD: 1991 TO 2020
CLIMATE RECORD PERIOD: 1909 TO 2023
WEATHER OBSERVED NORMAL DEPART LAST YEAR`S
VALUE DATE(S) VALUE FROM VALUE
NORMAL
..............................................................
TEMPERATURE (F)
RECORD
HIGH 83 11/08/1924
LOW -5 11/30/1929
HIGHEST 71 11/08 75
LOWEST 15 11/29 17
AVG. MAXIMUM 53.6 52.2 1.4 52.7
AVG. MINIMUM 35.0 34.7 0.3 36.8
MEAN 44.3 43.5 0.8 44.8
DAYS MAX >= 90 0 0.0 0.0 0
DAYS MAX <= 32 1 1.0 0.0 3
DAYS MIN <= 32 11 11.3 -0.3 13
DAYS MIN <= 0 0 0.0 0.0 0
PRECIPITATION (INCHES)
RECORD
MAXIMUM 5.63 1985
MINIMUM 0.46 2001
TOTALS 1.64 2.55 -0.91 4.11
DAYS >= .01 8 10.5 -2.5 16
DAYS >= .10 4 5.6 -1.6 6
DAYS >= .50 1 1.5 -0.5 3
DAYS >= 1.00 0 0.4 -0.4 1
GREATEST
24 HR. TOTAL 0.61 1.30
SNOWFALL (INCHES)
TOTALS 0.3 1.4 -1.1 0.4
DAYS >= TRACE 4 1.6 2.4 4
DAYS >= 1.0 0 0.5 -0.5 0
GREATEST
24 HR TOTAL 0.3 0.3
DEGREE DAYS
HEATING TOTAL 611 647 -36 605
COOLING TOTAL 0 1 -1 4
..............................................................
WIND (MPH)
AVERAGE WIND SPEED 5.8
RESULTANT WIND SPEED/DIRECTION 2/260
HIGHEST WIND SPEED/DIRECTION 33/250 DATE 11/06
HIGHEST GUST SPEED/DIRECTION 43/110 DATE 11/21
SKY COVER
AVERAGE SKY COVER 0.29
AVERAGE RH (PERCENT) 61
WEATHER CONDITIONS. NUMBER OF DAYS WITH
THUNDERSTORM 0 MIXED PRECIP 0
HEAVY RAIN 2 RAIN 3
LIGHT RAIN 9 FREEZING RAIN 0
LT FREEZING RAIN 0 HAIL 0
HEAVY SNOW 0 SNOW 0
LIGHT SNOW 4 SLEET 0
FOG 10 FOG W/VIS <= 1/4 MILE 1
HAZE 0
- INDICATES NEGATIVE NUMBERS.
R INDICATES RECORD WAS SET OR TIED.
MM INDICATES DATA IS MISSING.
T INDICATES TRACE AMOUNT.
$$
PW