030
CXUS51 KRNK 011436 CCA
CLSBLF
CLIMATE REPORT...CORRECTED
NATIONAL WEATHER SERVICE BLACKSBURG VA
925 AM EST SUN MAR 1 2020
...................................
...THE BLUEFIELD WV CLIMATE SUMMARY FOR THE WINTER SEASON, FROM
12/1/2019 TO 2/29/2020 (DECEMBER 2019 THROUGH FEBRUARY 2020)...
CLIMATE NORMAL PERIOD 1981 TO 2010
CLIMATE RECORD PERIOD 1909 TO 2020
WEATHER OBSERVED NORMAL DEPART LAST YEAR`S
VALUE DATE(S) VALUE FROM VALUE
NORMAL
.............................................................
TEMPERATURE (F)
RECORD
HIGH 75 02/26/1977
LOW -21 01/21/1985
HIGHEST 68 01/11 70
LOWEST 10 01/22 -2
01/21
AVG. MAXIMUM 46.2 44.2 2.0 43.8
AVG. MINIMUM 30.4 28.3 2.1 29.1
MEAN 38.3 36.2 2.1 36.5
DAYS MAX >= 90 0 0.0 0.0 0
DAYS MAX <= 32 12 15.4 -3.4 16
DAYS MIN <= 32 57 57.3 -0.3 52
DAYS MIN <= 0 0 0.9 -0.9 2
PRECIPITATION (INCHES)
RECORD
MAXIMUM 12.72 1993
MINIMUM 4.38 1980
TOTALS 9.73 8.57 1.16 11.71
DAILY AVG. 0.11 0.10 0.01 0.13
DAYS >= .01 43 40.3 2.7 47
DAYS >= .10 25 20.7 4.3 31
DAYS >= .50 4 5.4 -1.4 7
DAYS >= 1.00 1 1.0 0.0 2
GREATEST
24 HR. TOTAL 2.09 1.12
SNOWFALL (INCHES)
TOTALS 11.4 24.6
DAYS >= TRACE 34 33
DAYS >= 1.0 4 6
GREATEST
24 HR TOTAL 2.8 13.6
DEGREE_DAYS
HEATING TOTAL 2404 2589 -185 2562
COOLING TOTAL 0 0 0 0
..............................................................
WIND (MPH)
AVERAGE WIND SPEED 8.3
HIGHEST WIND SPEED/DIRECTION 36/240 DATE 01/11
HIGHEST GUST SPEED/DIRECTION 47/300 DATE 02/07
SKY COVER
AVERAGE SKY COVER 0.60
AVERAGE RH (PERCENT) 72
WEATHER CONDITIONS. NUMBER OF DAYS WITH:
THUNDERSTORM 0 MIXED PRECIP 0
HEAVY RAIN 7 RAIN 22
LIGHT RAIN 42 FREEZING RAIN 1
LIGHT FREEZING RAIN 1 HAIL 0
HEAVY SNOW 0 SNOW 5
LIGHT SNOW 34 SLEET 3
FOG 49 FOG W/VIS <= 1/4 MILE 6
HAZE 0
- INDICATES NEGATIVE NUMBERS.
R INDICATES RECORD WAS SET OR TIED.
MM INDICATES DATA IS MISSING.
T INDICATES TRACE AMOUNT.
$$
RAB