000
CXUS55 KPSR 011005
CF6BLH
PRELIMINARY LOCAL CLIMATOLOGICAL DATA (WS FORM: F-6)
STATION: BLYTHE CA
MONTH: DECEMBER
YEAR: 2020
LATITUDE: 33 37 N
LONGITUDE: 114 43 W
TEMPERATURE IN F: :PCPN: SNOW: WIND :SUNSHINE: SKY :PK WND
================================================================================
1 2 3 4 5 6A 6B 7 8 9 10 11 12 13 14 15 16 17 18
12Z AVG MX 2MIN
DY MAX MIN AVG DEP HDD CDD WTR SNW DPTH SPD SPD DIR MIN PSBL S-S WX SPD DR
================================================================================
1 77 37 57 1 8 0 0.00 M M 8.9 21 320 M M 0 25 320
2 71 51 61 6 4 0 0.00 M M 16.4 26 350 M M 0 34 360
3 68 46 57 2 8 0 0.00 M M 11.7 22 360 M M 0 26 350
4 70 36 53 -2 12 0 0.00 M M 4.9 14 10 M M 0 18 20
5 70 34 52 -2 13 0 0.00 M M 3.4 12 250 M M 0 13 250
6 73 37 55 1 10 0 0.00 M M 4.2 12 340 M M 0 11 340
7 76 43 60 6 5 0 0.00 M M 6.0 16 350 M M 0 21 330
8 77 51 64 10 1 0 0.00 M M 9.3 18 30 M M 0 22 30
9 73 42 58 4 7 0 0.00 M M 4.7 12 350 M M 0 13 240
10 70 48 59 5 6 0 0.02 M M 7.6 16 170 M M 3 20 150
11 65 38 52 -1 13 0 0.00 M M 4.6 10 180 M M 0 13 180
12 68 40 54 1 11 0 0.00 M M 8.5 28 360 M M 1 34 360
13 62 41 52 -1 13 0 0.00 M M 7.2 21 350 M M 0 25 360
14 69 34 52 -1 13 0 0.00 M M 8.2 28 320 M M 0 32 320
15 65 44 55 2 10 0 0.00 M M 12.3 28 10 M M 0 32 360
16 68 34 51 -2 14 0 0.00 M M 4.6 13 10 M M 0 16 330
17 57 36 47 -6 18 0 0.00 M M 3.5 12 350 M M 0 16 360
18 70 35 53 0 12 0 0.00 M M 9.5 23 350 M M 0 28 10
19 68 40 54 1 11 0 0.00 M M 6.2 15 360 M M 0 18 340
20 69 41 55 2 10 0 0.00 M M 3.8 10 310 M M 0 10 290
21 74 40 57 4 8 0 0.00 M M 4.1 10 250 M M 0 11 250
22 M M M M M M 0.00 M M M 1 160 M M 0 M M
23 66 41 54 1 11 0 0.00 M M 16.8 M M M M M 48 360
24 60 41 51 -2 14 0 T M M 5.3 M M M M M 17 20
25 69 42 56 3 9 0 0.00 M M 5.0 12 350 M M M 14 360
26 M M M M M M 0.00 M M M M M M M M 11 330
27 66 38 52 -1 13 0 0.00 M M 2.7 10 240 M M M 12 240
28 64 37 51 -2 14 0 0.00 0.0 M 9.5 24 220 M M M 32 220
29 64 44 54 1 11 0 0.00 M M 10.1 20 350 M M 2 25 330
30 66 43 55 2 10 0 0.00 M M 11.8 21 340 M M 0 26 330
31 63 33 48 -5 17 0 0.00 M M 7.6 18 350 M M 0 22 350
================================================================================
SM 1978 1167 306 0 0.02 0.0 218.4 M 6
================================================================================
AV 68.2 40.2 7.5 FASTST M M 0 MAX(MPH)
MISC ----> # 28 10 48 360
================================================================================
NOTES:
# LAST OF SEVERAL OCCURRENCES
COLUMN 17 PEAK WIND IN M.P.H.
PRELIMINARY LOCAL CLIMATOLOGICAL DATA (WS FORM: F-6) , PAGE 2
STATION: BLYTHE CA
MONTH: DECEMBER
YEAR: 2020
LATITUDE: 33 37 N
LONGITUDE: 114 43 W
[TEMPERATURE DATA] [PRECIPITATION DATA] SYMBOLS USED IN COLUMN 16
AVERAGE MONTHLY: 54.2 TOTAL FOR MONTH: 0.02 1 = FOG OR MIST
DPTR FM NORMAL: 0.8 DPTR FM NORMAL: -0.47 2 = FOG REDUCING VISIBILITY
HIGHEST: 77 ON 8, 1 GRTST 24HR 0.02 ON 10-10 TO 1/4 MILE OR LESS
LOWEST: 33 ON 31 3 = THUNDER
SNOW, ICE PELLETS, HAIL 4 = ICE PELLETS
TOTAL MONTH: 0.0 INCH 5 = HAIL
GRTST 24HR 0.0 6 = FREEZING RAIN OR DRIZZLE
GRTST DEPTH: M ON M 7 = DUSTSTORM OR SANDSTORM:
VSBY 1/2 MILE OR LESS
8 = SMOKE OR HAZE
[NO. OF DAYS WITH] [WEATHER - DAYS WITH] 9 = BLOWING SNOW
X = TORNADO
MAX 32 OR BELOW: 0 0.01 INCH OR MORE: 1
MAX 90 OR ABOVE: 0 0.10 INCH OR MORE: 0
MIN 32 OR BELOW: 0 0.50 INCH OR MORE: 0
MIN 0 OR BELOW: 0 1.00 INCH OR MORE: 0
[HDD (BASE 65) ]
TOTAL THIS MO. 306 CLEAR (SCALE 0-3) 24
DPTR FM NORMAL -54 PTCLDY (SCALE 4-7) 1
TOTAL FM JUL 1 427 CLOUDY (SCALE 8-10) 6
DPTR FM NORMAL -69
[CDD (BASE 65) ]
TOTAL THIS MO. 0
DPTR FM NORMAL -1 [PRESSURE DATA]
TOTAL FM JAN 1 4900 HIGHEST SLP M ON M
DPTR FM NORMAL 647 LOWEST SLP 29.78 ON 28
[REMARKS]
#FINAL-12-20#