000
CXUS55 KSEW 011030
CF6BLI
PRELIMINARY LOCAL CLIMATOLOGICAL DATA (WS FORM: F-6)
STATION: BELLINGHAM WA AIRPORT
MONTH: NOVEMBER
YEAR: 2021
LATITUDE: 48 47 N
LONGITUDE: 122 32 W
TEMPERATURE IN F: :PCPN: SNOW: WIND :SUNSHINE: SKY :PK WND
================================================================================
1 2 3 4 5 6A 6B 7 8 9 10 11 12 13 14 15 16 17 18
12Z AVG MX 2MIN
DY MAX MIN AVG DEP HDD CDD WTR SNW DPTH SPD SPD DIR MIN PSBL S-S WX SPD DR
================================================================================
1 53 32 43 -4 22 0 0.09 M M 2.6 10 170 M M 5 1 18 170
2 53 42 48 1 17 0 0.46 M M 4.6 13 100 M M 8 1 20 130
3 55 49 52 5 13 0 0.64 M M 6.2 12 40 M M 8 1 17 60
4 61 49 55 8 10 0 0.21 M M 11.5 26 160 M M 8 1 43 170
5 54 43 49 3 16 0 0.12 M M 9.4 24 150 M M 7 1 39 150
6 51 43 47 1 18 0 0.12 M M 13.3 23 160 M M 9 37 150
7 47 43 45 -1 20 0 0.07 M M 14.2 26 160 M M 9 1 44 150
8 53 44 49 3 16 0 0.00 M M 9.2 15 130 M M 4 24 120
9 55 44 50 4 15 0 0.29 M M 13.1 30 170 M M 8 1 50 150
10 52 43 48 2 17 0 0.13 M M 7.3 17 170 M M 6 1 26 190
11 59 44 52 7 13 0 0.39 M M 6.9 16 170 M M 10 25 160
12 58 46 52 7 13 0 0.26 M M 7.7 17 170 M M 7 1 26 170
13 50 43 47 2 18 0 0.90 M M 4.2 18 360 M M 7 1 24 360
14 57 43 50 5 15 0 2.78 M M 8.1 24 160 M M 10 1 34 170
15 57 38 48 4 17 0 1.89 M M 15.2 35 170 M M 8 1 55 160
16 48 33 41 -3 24 0 0.00 M M 3.5 9 290 M M 3 17 320
17 46 28 37 -7 28 0 0.00 M M 2.6 10 30 M M 0 1 14 60
18 40 36 38 -6 27 0 0.26 M M 8.4 20 40 M M 9 1 37 30
19 46 37 42 -2 23 0 0.02 M M 4.7 15 330 M M 8 20 330
20 47 37 42 -2 23 0 0.04 M M 3.3 12 180 M M 7 1 17 200
21 50 31 41 -2 24 0 0.00 M M 0.8 8 40 M M 1 1 10 30
22 51 30 41 -2 24 0 0.01 M M 8.5 18 170 M M 5 1 30 190
23 50 41 46 3 19 0 0.27 M M 5.1 12 310 M M 8 1 21 310
24 48 39 44 1 21 0 0.02 M M 7.2 17 150 M M 7 24 150
25 51 44 48 5 17 0 1.43 M M 13.5 26 150 M M 10 1 42 140
26 51 44 48 6 17 0 0.07 M M 6.7 18 180 M M 6 1 30 180
27 57 45 51 9 14 0 1.17 M M 7.4 21 180 M M 10 1 36 190
28 57 52 55 13 10 0 1.63 M M 9.7 21 170 M M 10 1 37 180
29 57 52 55 13 10 0 0.16 M M 8.2 18 160 M M 8 1 30 150
30 57 51 54 12 11 0 1.14 M M 13.2 24 180 M M 10 1 39 190
================================================================================
SM 1571 1246 532 0 14.57 M 236.3 M 216
================================================================================
AV 52.4 41.5 7.9 FASTST M M 7 MAX(MPH)
MISC ----> 35 170 55 160
================================================================================
NOTES:
# LAST OF SEVERAL OCCURRENCES
COLUMN 17 PEAK WIND IN M.P.H.
PRELIMINARY LOCAL CLIMATOLOGICAL DATA (WS FORM: F-6) , PAGE 2
STATION: BELLINGHAM WA AIRPORT
MONTH: NOVEMBER
YEAR: 2021
LATITUDE: 48 47 N
LONGITUDE: 122 32 W
[TEMPERATURE DATA] [PRECIPITATION DATA] SYMBOLS USED IN COLUMN 16
AVERAGE MONTHLY: 46.9 TOTAL FOR MONTH: 14.57 1 = FOG OR MIST
DPTR FM NORMAL: 2.4 DPTR FM NORMAL: 9.37 2 = FOG REDUCING VISIBILITY
HIGHEST: 61 ON 4 GRTST 24HR 3.76 ON 14-15 TO 1/4 MILE OR LESS
LOWEST: 28 ON 17 3 = THUNDER
SNOW, ICE PELLETS, HAIL 4 = ICE PELLETS
TOTAL MONTH: M 5 = HAIL
GRTST 24HR M ON M 6 = FREEZING RAIN OR DRIZZLE
GRTST DEPTH: M ON M 7 = DUSTSTORM OR SANDSTORM:
VSBY 1/2 MILE OR LESS
8 = SMOKE OR HAZE
[NO. OF DAYS WITH] [WEATHER - DAYS WITH] 9 = BLOWING SNOW
X = TORNADO
MAX 32 OR BELOW: 0 0.01 INCH OR MORE: 26
MAX 90 OR ABOVE: 0 0.10 INCH OR MORE: 19
MIN 32 OR BELOW: 4 0.50 INCH OR MORE: 8
MIN 0 OR BELOW: 0 1.00 INCH OR MORE: 6
[HDD (BASE 65) ]
TOTAL THIS MO. 532 CLEAR (SCALE 0-3) 3
DPTR FM NORMAL -84 PTCLDY (SCALE 4-7) 13
TOTAL FM JUL 1 1214 CLOUDY (SCALE 8-10) 14
DPTR FM NORMAL -155
[CDD (BASE 65) ]
TOTAL THIS MO. 0
DPTR FM NORMAL 0 [PRESSURE DATA]
TOTAL FM JAN 1 205 HIGHEST SLP 30.57 ON 20
DPTR FM NORMAL 130 LOWEST SLP 29.34 ON 15
[REMARKS]
#FINAL-11-21#