000
CXUS53 KIND 010600
CF6BMG
PRELIMINARY LOCAL CLIMATOLOGICAL DATA (WS FORM: F-6)
STATION: BLOOMINGTON IN
MONTH: JULY
YEAR: 2022
LATITUDE: 39 7 N
LONGITUDE: 86 37 W
TEMPERATURE IN F: :PCPN: SNOW: WIND :SUNSHINE: SKY :PK WND
================================================================================
1 2 3 4 5 6A 6B 7 8 9 10 11 12 13 14 15 16 17 18
12Z AVG MX 2MIN
DY MAX MIN AVG DEP HDD CDD WTR SNW DPTH SPD SPD DIR MIN PSBL S-S WX SPD DR
================================================================================
1 93 71 82 8 0 17 T M M 5.8 15 220 M M 1 13 21 280
2 88 71 80 6 0 15 0.05 M M 4.5 12 30 M M 4 1 19 10
3 89 68 79 5 0 14 0.00 M M 5.0 14 150 M M 5 20 100
4 92 64 78 3 0 13 0.00 M M 4.6 14 150 M M 1 1 20 160
5 97 77 87 12 0 22 0.00 M M 7.0 14 210 M M 0 20 210
6 92 78 85 10 0 20 0.01 M M 6.7 15 280 M M 1 18 26 330
7 83 73 78 3 0 13 0.44 M M 5.2 15 210 M M 5 13 22 210
8 81 72 77 2 0 12 0.62 M M 4.1 13 50 M M 8 123 17 50
9 83 70 77 2 0 12 0.04 M M 9.0 20 70 M M 8 18 27 80
10 86 60 73 -2 0 8 0.00 M M 4.9 10 360 M M 0 15 50
11 87 62 75 0 0 10 0.00 M M 4.7 14 220 M M 0 19 200
12 86 66 76 1 0 11 0.00 M M 5.7 16 290 M M 2 24 280
13 87 62 75 0 0 10 0.07 M M 3.3 20 20 M M 2 28 10
14 87 65 76 1 0 11 0.00 M M 2.8 12 20 M M 2 1 17 10
15 85 61 73 -2 0 8 T M M 2.9 10 120 M M 4 15 130
16 90 72 81 6 0 16 0.10 M M 8.7 21 220 M M 5 3 28 230
17 79 70 75 0 0 10 0.50 M M 7.4 22 240 M M 7 13 31 240
18 85 69 77 2 0 12 0.04 M M 4.2 9 200 M M 8 1 9 200
19 89 68 79 4 0 14 0.00 M M 3.3 13 200 M M 1 1 17 200
20 92 71 82 7 0 17 0.00 M M 7.0 16 210 M M 2 1 24 270
21 89 69 79 4 0 14 0.00 M M 4.6 12 290 M M 0 16 280
22 92 72 82 7 0 17 0.00 M M 3.9 9 220 M M 0 14 210
23 91 71 81 6 0 16 0.00 M M 7.8 21 30 M M 1 8 30 30
24 93 73 83 8 0 18 0.18 M M 9.5 21 210 M M 2 138 30 210
25 79 72 76 1 0 11 T M M 3.1 15 220 M M 6 1 22 220
26 79 65 72 -3 0 7 0.43 M M 2.9 12 210 M M 9 1 16 200
27 85 72 79 4 0 14 0.07 M M 7.6 16 250 M M 5 13 24 260
28 88 72 80 5 0 15 0.09 M M 4.7 17 240 M M 3 13 23 240
29 82 62 72 -2 0 7 T M M 3.5 12 290 M M 2 1 19 340
30 84 58 71 -3 0 6 0.00 M M 2.4 10 120 M M 0 15 120
31 84 67 76 2 0 11 0.00 M M 4.8 13 200 M M 4 1 16 180
================================================================================
SM 2697 2123 0 401 2.64 M 161.6 M 98
================================================================================
AV 87.0 68.5 5.2 FASTST M M 3 MAX(MPH)
MISC ----> 22 240 31 240
================================================================================
NOTES:
# LAST OF SEVERAL OCCURRENCES
COLUMN 17 PEAK WIND IN M.P.H.
PRELIMINARY LOCAL CLIMATOLOGICAL DATA (WS FORM: F-6) , PAGE 2
STATION: BLOOMINGTON IN
MONTH: JULY
YEAR: 2022
LATITUDE: 39 7 N
LONGITUDE: 86 37 W
[TEMPERATURE DATA] [PRECIPITATION DATA] SYMBOLS USED IN COLUMN 16
AVERAGE MONTHLY: 77.7 TOTAL FOR MONTH: 2.64 1 = FOG OR MIST
DPTR FM NORMAL: 3.0 DPTR FM NORMAL: -2.25 2 = FOG REDUCING VISIBILITY
HIGHEST: 97 ON 5 GRTST 24HR 1.06 ON 7- 8 TO 1/4 MILE OR LESS
LOWEST: 58 ON 30 3 = THUNDER
SNOW, ICE PELLETS, HAIL 4 = ICE PELLETS
TOTAL MONTH: M 5 = HAIL
GRTST 24HR M ON M 6 = FREEZING RAIN OR DRIZZLE
GRTST DEPTH: M ON M 7 = DUSTSTORM OR SANDSTORM:
VSBY 1/2 MILE OR LESS
8 = SMOKE OR HAZE
[NO. OF DAYS WITH] [WEATHER - DAYS WITH] 9 = BLOWING SNOW
X = TORNADO
MAX 32 OR BELOW: 0 0.01 INCH OR MORE: 13
MAX 90 OR ABOVE: 9 0.10 INCH OR MORE: 6
MIN 32 OR BELOW: 0 0.50 INCH OR MORE: 2
MIN 0 OR BELOW: 0 1.00 INCH OR MORE: 0
[HDD (BASE 65) ]
TOTAL THIS MO. 0 CLEAR (SCALE 0-3) 18
DPTR FM NORMAL -2 PTCLDY (SCALE 4-7) 11
TOTAL FM JUL 1 0 CLOUDY (SCALE 8-10) 2
DPTR FM NORMAL 0
[CDD (BASE 65) ]
TOTAL THIS MO. 401
DPTR FM NORMAL 100 [PRESSURE DATA]
TOTAL FM JAN 1 825 HIGHEST SLP M ON M
DPTR FM NORMAL 195 LOWEST SLP 29.66 ON 20
[REMARKS]
#FINAL-07-22#