000
CXUS54 KEWX 011110
CF6BMQ
PRELIMINARY LOCAL CLIMATOLOGICAL DATA (WS FORM: F-6)
STATION: BURNET
MONTH: FEBRUARY
YEAR: 2022
LATITUDE: 30 43 N
LONGITUDE: 98 14 W
TEMPERATURE IN F: :PCPN: SNOW: WIND :SUNSHINE: SKY :PK WND
================================================================================
1 2 3 4 5 6A 6B 7 8 9 10 11 12 13 14 15 16 17 18
12Z AVG MX 2MIN
DY MAX MIN AVG DEP HDD CDD WTR SNW DPTH SPD SPD DIR MIN PSBL S-S WX SPD DR
================================================================================
1 66 52 59 8 6 0 0.00 M M 3.2 12 190 M M 6 1 15 150
2 54 34 44 -7 21 0 0.05 M M 8.5 21 350 M M 6 1 32 330
3 34 19 27 -24 38 0 T M M 16.0 24 330 M M 9 16 34 330
4 39 19 29 -22 36 0 T M M 12.4 24 330 M M 5 33 320
5 50 20 35 -16 30 0 0.00 M M 2.7 9 210 M M 0 15 190
6 59 26 43 -8 22 0 0.00 M M 3.2 12 190 M M 0 16 190
7 60 32 46 -6 19 0 0.00 M M 6.9 16 340 M M 0 24 20
8 65 28 47 -5 18 0 0.00 M M 2.7 14 200 M M 0 8 20 280
9 72 33 53 1 12 0 0.00 M M 2.9 13 290 M M 0 18 280
10 71 36 54 2 11 0 0.00 M M 1.4 12 290 M M 0 17 270
11 76 39 58 6 7 0 0.00 M M 6.3 20 200 M M 0 30 200
12 57 34 46 -6 19 0 0.00 M M 12.0 29 20 M M 3 42 30
13 64 26 45 -7 20 0 0.00 M M 4.6 15 290 M M 0 22 290
14 69 31 50 -3 15 0 0.00 M M 4.5 17 190 M M 0 27 180
15 72 42 57 4 8 0 0.00 M M 10.7 24 180 M M 0 39 180
16 75 59 67 14 0 2 T M M 14.9 25 180 M M 8 41 180
17 66 32 49 -4 16 0 0.01 M M 13.8 28 330 M M 4 1 42 180
18 59 29 44 -9 21 0 0.00 M M 6.6 15 350 M M 0 27 350
19 65 28 47 -7 18 0 0.00 M M 3.5 12 190 M M 0 18 190
20 70 36 53 -1 12 0 0.00 M M 6.1 20 200 M M 0 29 210
21 84 59 72 18 0 7 0.00 M M 12.4 21 190 M M 4 34 190
22 83 43 63 9 2 0 T M M 10.2 23 190 M M 4 40 180
23 43 25 34 -20 31 0 T M M 11.7 20 30 M M 10 18 30 360
24 34 24 29 -26 36 0 T M M 8.7 16 330 M M 10 16 23 50
25 37 26 32 -23 33 0 0.00 M M 9.9 16 20 M M 10 26 350
26 37 32 35 -20 30 0 0.04 M M 7.8 13 50 M M 10 18 20 30
27 61 32 47 -8 18 0 0.00 M M 8.3 17 330 M M 3 1 23 330
28 66 25 46 -10 19 0 0.00 M M 1.5 8 180 M M 0 12 180
================================================================================
SM 1688 921 518 9 0.10 M 213.4 M 92
================================================================================
AV 60.3 32.9 7.6 FASTST M M 3 MAX(MPH)
MISC ----> 29 20 # 42 30
================================================================================
NOTES:
# LAST OF SEVERAL OCCURRENCES
COLUMN 17 PEAK WIND IN M.P.H.
PRELIMINARY LOCAL CLIMATOLOGICAL DATA (WS FORM: F-6) , PAGE 2
STATION: BURNET
MONTH: FEBRUARY
YEAR: 2022
LATITUDE: 30 43 N
LONGITUDE: 98 14 W
[TEMPERATURE DATA] [PRECIPITATION DATA] SYMBOLS USED IN COLUMN 16
AVERAGE MONTHLY: 46.6 TOTAL FOR MONTH: 0.10 1 = FOG OR MIST
DPTR FM NORMAL: -6.3 DPTR FM NORMAL: -1.53 2 = FOG REDUCING VISIBILITY
HIGHEST: 84 ON 21 GRTST 24HR 0.09 ON 31- 1 TO 1/4 MILE OR LESS
LOWEST: 19 ON 4, 3 3 = THUNDER
SNOW, ICE PELLETS, HAIL 4 = ICE PELLETS
TOTAL MONTH: M 5 = HAIL
GRTST 24HR M ON M 6 = FREEZING RAIN OR DRIZZLE
GRTST DEPTH: M ON M 7 = DUSTSTORM OR SANDSTORM:
VSBY 1/2 MILE OR LESS
8 = SMOKE OR HAZE
[NO. OF DAYS WITH] [WEATHER - DAYS WITH] 9 = BLOWING SNOW
X = TORNADO
MAX 32 OR BELOW: 0 0.01 INCH OR MORE: 3
MAX 90 OR ABOVE: 0 0.10 INCH OR MORE: 0
MIN 32 OR BELOW: 17 0.50 INCH OR MORE: 0
MIN 0 OR BELOW: 0 1.00 INCH OR MORE: 0
[HDD (BASE 65) ]
TOTAL THIS MO. 518 CLEAR (SCALE 0-3) 16
DPTR FM NORMAL 169 PTCLDY (SCALE 4-7) 7
TOTAL FM JUL 1 1391 CLOUDY (SCALE 8-10) 5
DPTR FM NORMAL -198
[CDD (BASE 65) ]
TOTAL THIS MO. 9
DPTR FM NORMAL -1 [PRESSURE DATA]
TOTAL FM JAN 1 9 HIGHEST SLP 30.69 ON 4
DPTR FM NORMAL 0 LOWEST SLP 29.68 ON 17
[REMARKS]
#FINAL-02-22#