000
CXUS55 KOHX 180732
CF6BNA
PRELIMINARY LOCAL CLIMATOLOGICAL DATA (WS FORM: F-6)
STATION: NASHVILLE
MONTH: FEBRUARY
YEAR: 2024
LATITUDE: 36 7 N
LONGITUDE: 86 41 W
TEMPERATURE IN F: :PCPN: SNOW: WIND :SUNSHINE: SKY :PK WND
================================================================================
1 2 3 4 5 6A 6B 7 8 9 10 11 12 13 14 15 16 17 18
12Z AVG MX 2MIN
DY MAX MIN AVG DEP HDD CDD WTR SNW DPTH SPD SPD DIR MIN PSBL S-S WX SPD DR
================================================================================
1 58 28 43 3 22 0 0.00 0.0 0 4.4 10 200 M M 4 14 200
2 71 41 56 15 9 0 0.00 0.0 0 4.6 10 40 M M 4 18 290
3 68 39 54 13 11 0 0.00 0.0 0 5.2 12 80 M M 4 15 70
4 61 44 53 12 12 0 0.00 0.0 0 7.1 14 30 M M 8 19 30
5 65 42 54 13 11 0 0.00 0.0 0 9.2 17 10 M M 2 33 360
6 59 37 48 7 17 0 0.00 0.0 0 7.0 14 360 M M 1 24 310
7 69 30 50 8 15 0 0.00 0.0 0 4.9 13 170 M M 4 18 18 180
8 63 46 55 13 10 0 0.00 0.0 0 14.0 25 190 M M 8 35 190
9 62 52 57 15 8 0 0.49 0.0 0 9.3 18 190 M M 10 13 25 190
10 63 51 57 15 8 0 0.77 0.0 0 5.8 13 190 M M 9 13 16 200
11 56 46 51 9 14 0 0.22 0.0 0 6.9 14 360 M M 10 1 22 330
12 51 34 43 0 22 0 1.16 T T 9.7 23 310 M M 10 138 34 320
13 55 34 45 2 20 0 0.00 0.0 0 4.7 13 290 M M 1 40 280
14 65 33 49 6 16 0 0.00 0.0 0 4.5 10 190 M M 0 16 280
15 69 39 54 11 11 0 0.00 0.0 0 7.9 16 290 M M 4 24 260
16 67 34 51 7 14 0 0.27 0.0 0 8.3 25 330 M M 8 13 36 310
17 37 26 32 -12 33 0 0.00 0.0 0 10.4 18 350 M M 7 29 340
18 52 19 36 -8 29 0 0.00 0.0 0 3.0 12 260 M M 1 16 190
19 60 25 43 -1 22 0 0.00 0.0 0 3.6 8 140 M M 0 14 140
20 64 35 50 5 15 0 0.00 0.0 0 3.6 13 200 M M 4 16 160
21 71 35 53 8 12 0 0.00 0.0 0 9.8 20 180 M M 2 29 180
22 62 55 59 14 6 0 0.39 0.0 0 13.5 23 200 M M 8 138 31 200
23 66 44 55 9 10 0 T 0.0 0 8.3 21 320 M M 4 1 33 310
24 51 32 42 -4 23 0 0.00 0.0 0 9.0 22 310 M M 4 31 320
25 68 28 48 2 17 0 T 0.0 0 9.0 22 200 M M 3 32 190
26 76 55 66 20 0 1 0.00 0.0 0 11.7 22 180 M M 6 30 190
27 75 62 69 22 0 4 T 0.0 0 19.2 32 190 M M 9 3 48 200
28 73 35 54 7 11 0 0.51 0.0 0 14.1 30 300 M M 8 13 44 300
29 50 30 40 -7 25 0 0.00 0.0 0 7.3 15 60 M M 8 22 60
================================================================================
SM 1807 1111 423 5 3.81 T 236.0 M 151
================================================================================
AV 62.3 38.3 8.1 FASTST M M 5 MAX(MPH)
MISC ----> 32 190 48 200
================================================================================
NOTES:
# LAST OF SEVERAL OCCURRENCES
COLUMN 17 PEAK WIND IN M.P.H.
PRELIMINARY LOCAL CLIMATOLOGICAL DATA (WS FORM: F-6) , PAGE 2
STATION: NASHVILLE
MONTH: FEBRUARY
YEAR: 2024
LATITUDE: 36 7 N
LONGITUDE: 86 41 W
[TEMPERATURE DATA] [PRECIPITATION DATA] SYMBOLS USED IN COLUMN 16
AVERAGE MONTHLY: 50.3 TOTAL FOR MONTH: 3.81 1 = FOG OR MIST
DPTR FM NORMAL: 6.9 DPTR FM NORMAL: -0.66 2 = FOG REDUCING VISIBILITY
HIGHEST: 76 ON 26 GRTST 24HR 1.16 ON 12-12 TO 1/4 MILE OR LESS
LOWEST: 19 ON 18 3 = THUNDER
SNOW, ICE PELLETS, HAIL 4 = ICE PELLETS
TOTAL MONTH: T 5 = HAIL
GRTST 24HR T ON 12-12 6 = FREEZING RAIN OR DRIZZLE
GRTST DEPTH: T 7 = DUSTSTORM OR SANDSTORM:
VSBY 1/2 MILE OR LESS
8 = SMOKE OR HAZE
[NO. OF DAYS WITH] [WEATHER - DAYS WITH] 9 = BLOWING SNOW
X = TORNADO
MAX 32 OR BELOW: 0 0.01 INCH OR MORE: 7
MAX 90 OR ABOVE: 0 0.10 INCH OR MORE: 7
MIN 32 OR BELOW: 8 0.50 INCH OR MORE: 3
MIN 0 OR BELOW: 0 1.00 INCH OR MORE: 1
[HDD (BASE 65) ]
TOTAL THIS MO. 423 CLEAR (SCALE 0-3) 8
DPTR FM NORMAL -183 PTCLDY (SCALE 4-7) 14
TOTAL FM JUL 1 2358 CLOUDY (SCALE 8-10) 7
DPTR FM NORMAL -389
[CDD (BASE 65) ]
TOTAL THIS MO. 5
DPTR FM NORMAL 4 [PRESSURE DATA]
TOTAL FM JAN 1 5 HIGHEST SLP 30.57 ON 29
DPTR FM NORMAL 4 LOWEST SLP 29.48 ON 12
[REMARKS]
#FINAL-02-24#