000
CXUS55 KBOI 011002
CF6BOI
PRELIMINARY LOCAL CLIMATOLOGICAL DATA (WS FORM: F-6)
STATION: BOISE ID
MONTH: MARCH
YEAR: 2020
LATITUDE: 43 34 N
LONGITUDE: 116 13 W
TEMPERATURE IN F: :PCPN: SNOW: WIND :SUNSHINE: SKY :PK WND
================================================================================
1 2 3 4 5 6A 6B 7 8 9 10 11 12 13 14 15 16 17 18
12Z AVG MX 2MIN
DY MAX MIN AVG DEP HDD CDD WTR SNW DPTH SPD SPD DIR MIN PSBL S-S WX SPD DR
================================================================================
1 51 27 39 -1 26 0 0.00 0.0 0 12.3 26 300 M M 2 36 300
2 49 24 37 -4 28 0 0.00 0.0 0 5.4 16 320 M M 5 22 300
3 58 40 49 8 16 0 0.00 0.0 0 6.4 15 320 M M 6 8 20 320
4 60 34 47 6 18 0 0.00 0.0 0 8.4 17 340 M M 0 24 330
5 71 38 55 13 10 0 0.00 0.0 0 12.9 22 140 M M 0 30 140
6 66 42 54 12 11 0 0.00 0.0 0 12.3 21 130 M M 0 27 140
7 60 39 50 8 15 0 0.14 0.0 0 9.1 25 190 M M 8 40 210
8 51 33 42 -1 23 0 0.00 0.0 0 3.0 7 210 M M 9 11 280
9 52 37 45 2 20 0 0.02 0.0 0 4.4 14 300 M M 9 18 340
10 57 32 45 2 20 0 0.00 0.0 0 3.4 13 140 M M 2 16 140
11 63 36 50 7 15 0 0.00 0.0 0 9.0 18 330 M M 0 25 330
12 53 32 43 -1 22 0 0.00 0.0 0 9.5 18 300 M M 0 24 300
13 57 28 43 -1 22 0 0.00 0.0 0 11.0 24 140 M M 0 32 140
14 53 38 46 2 19 0 0.10 0.0 0 9.2 26 160 M M 9 1 36 150
15 56 34 45 1 20 0 0.58 T 0 7.6 18 110 M M 8 13 25 130
16 59 35 47 2 18 0 T 0.0 0 4.9 17 220 M M 6 12 23 200
17 60 41 51 6 14 0 0.28 T 0 5.7 24 150 M M 7 13 32 150
18 49 36 43 -2 22 0 T T 0 6.5 16 330 M M 5 23 330
19 57 30 44 -1 21 0 0.00 0.0 0 3.3 9 310 M M 1 14 280
20 59 40 50 4 15 0 0.00 0.0 0 5.3 13 300 M M 5 19 310
21 59 36 48 2 17 0 0.00 0.0 0 6.1 16 320 M M 1 22 340
22 60 33 47 1 18 0 0.00 0.0 0 5.8 15 360 M M 0 21 360
23 57 43 50 4 15 0 0.05 0.0 0 9.5 29 280 M M 8 8 38 270
24 49 36 43 -3 22 0 0.07 0.0 0 6.8 21 290 M M 8 1 27 280
25 49 32 41 -6 24 0 0.01 T 0 7.9 21 310 M M 6 1 29 310
26 49 25 37 -10 28 0 0.00 0.0 0 6.5 18 320 M M 1 26 330
27 50 26 38 -9 27 0 0.00 0.0 0 6.1 17 320 M M 4 28 320
28 57 35 46 -1 19 0 0.00 0.0 0 4.7 12 330 M M 6 18 300
29 55 42 49 2 16 0 0.10 0.0 0 7.3 16 120 M M 7 1 22 40
30 54 43 49 1 16 0 0.03 0.0 0 11.3 21 140 M M 8 29 140
31 53 37 45 -3 20 0 0.44 0.0 0 9.5 35 300 M M 9 1 45 310
================================================================================
SM 1733 1084 597 0 1.82 T 231.1 M 140
================================================================================
AV 55.9 35.0 7.5 FASTST M M 5 MAX(MPH)
MISC ----> 35 300 45 310
================================================================================
NOTES:
# LAST OF SEVERAL OCCURRENCES
COLUMN 17 PEAK WIND IN M.P.H.
PRELIMINARY LOCAL CLIMATOLOGICAL DATA (WS FORM: F-6) , PAGE 2
STATION: BOISE ID
MONTH: MARCH
YEAR: 2020
LATITUDE: 43 34 N
LONGITUDE: 116 13 W
[TEMPERATURE DATA] [PRECIPITATION DATA] SYMBOLS USED IN COLUMN 16
AVERAGE MONTHLY: 45.4 TOTAL FOR MONTH: 1.82 1 = FOG OR MIST
DPTR FM NORMAL: 0.9 DPTR FM NORMAL: 0.43 2 = FOG REDUCING VISIBILITY
HIGHEST: 71 ON 5 GRTST 24HR 0.58 ON 15-15 TO 1/4 MILE OR LESS
LOWEST: 24 ON 2 3 = THUNDER
SNOW, ICE PELLETS, HAIL 4 = ICE PELLETS
TOTAL MONTH: T 5 = HAIL
GRTST 24HR T ON 15-15 6 = FREEZING RAIN OR DRIZZLE
GRTST DEPTH: 0 7 = DUSTSTORM OR SANDSTORM:
VSBY 1/2 MILE OR LESS
8 = SMOKE OR HAZE
[NO. OF DAYS WITH] [WEATHER - DAYS WITH] 9 = BLOWING SNOW
X = TORNADO
MAX 32 OR BELOW: 0 0.01 INCH OR MORE: 11
MAX 90 OR ABOVE: 0 0.10 INCH OR MORE: 6
MIN 32 OR BELOW: 9 0.50 INCH OR MORE: 1
MIN 0 OR BELOW: 0 1.00 INCH OR MORE: 0
[HDD (BASE 65) ]
TOTAL THIS MO. 597 CLEAR (SCALE 0-3) 12
DPTR FM NORMAL -39 PTCLDY (SCALE 4-7) 13
TOTAL FM JUL 1 4531 CLOUDY (SCALE 8-10) 6
DPTR FM NORMAL -264
[CDD (BASE 65) ]
TOTAL THIS MO. 0
DPTR FM NORMAL 0 [PRESSURE DATA]
TOTAL FM JAN 1 0 HIGHEST SLP 30.32 ON 10
DPTR FM NORMAL 0 LOWEST SLP 29.42 ON 13
[REMARKS]
#FINAL-03-20#