000
CXUS55 KRIW 011508
CF6BPI
PRELIMINARY LOCAL CLIMATOLOGICAL DATA (WS FORM: F-6)
STATION: BIG PINEY WY
MONTH: MARCH
YEAR: 2023
LATITUDE: 42 34 N
LONGITUDE: 110 6 W
TEMPERATURE IN F: :PCPN: SNOW: WIND :SUNSHINE: SKY :PK WND
================================================================================
1 2 3 4 5 6A 6B 7 8 9 10 11 12 13 14 15 16 17 18
12Z AVG MX 2MIN
DY MAX MIN AVG DEP HDD CDD WTR SNW DPTH SPD SPD DIR MIN PSBL S-S WX SPD DR
================================================================================
1 19 -7 6 -14 59 0 T M M 5.1 15 140 M M 4 1 21 140
2 25 -9 8 -12 57 0 0.00 M M 6.1 20 20 M M 3 1 23 20
3 24 -8 8 -13 57 0 T M M 7.4 26 320 M M 4 1 34 310
4 14 -20 -3 -24 68 0 T M M 2.9 10 80 M M 6 1 11 80
5 21 4 13 -9 52 0 0.04 M M 5.1 14 140 M M 6 1 16 140
6 22 -7 8 -14 57 0 0.02 M M 6.1 13 350 M M 9 12 16 10
7 12 -16 -2 -25 67 0 T M M 1.7 8 10 M M 3 1 9 360
8 17 -15 1 -22 64 0 0.03 M M 3.8 14 350 M M 6 1 15 330
9 13 -13 0 -24 65 0 T M M 4.4 13 80 M M 5 1 15 80
10 38 5 22 -2 43 0 0.10 M M 9.0 36 250 M M 8 12 45 250
11 26 -5 11 -14 54 0 0.00 M M 5.8 15 340 M M 2 16 340
12 21 -14 4 -21 61 0 T 0.0 0 2.7 8 70 M M 5 1 9 70
13 28 7 18 -8 47 0 0.00 M M 2.8 9 70 M M 8 1 11 60
14 35 5 20 -6 45 0 T M M 5.1 21 140 M M 8 12 30 130
15 39 10 25 -2 40 0 T M M 12.3 24 350 M M 3 1 32 220
16 22 -2 10 -17 55 0 T M M 8.5 22 350 M M 0 25 350
17 17 -6 6 -22 59 0 T M M 3.5 12 340 M M 4 12 13 350
18 17 -15 1 -27 64 0 0.00 M M 2.0 10 340 M M 0 12 360
19 19 -17 1 -28 64 0 0.00 M M 1.0 8 360 M M 0 8 360
20 27 6 17 -12 48 0 0.03 M M 2.1 10 70 M M 9 12 12 290
21 24 -4 10 -19 55 0 0.01 M M 5.3 14 350 M M 4 12 15 40
22 29 11 20 -10 45 0 0.08 M M 6.6 15 10 M M 10 1 20 20
23 29 1 15 -15 50 0 0.00 M M 3.5 12 340 M M 3 1 12 340
24 24 0 12 -19 53 0 T M M 5.9 21 330 M M 10 12 26 320
25 22 7 15 -16 50 0 0.00 M M 10.6 24 330 M M 9 30 340
26 17 -10 4 -27 61 0 T M M 4.1 9 340 M M 4 1 11 340
27 16 -10 3 -29 62 0 T M M 3.4 14 340 M M 2 1 14 340
28 21 -16 3 -29 62 0 0.00 M M 2.1 10 350 M M 2 1 11 350
29 32 5 19 -13 46 0 0.00 M M 4.3 10 70 M M 7 12 70
30 32 8 20 -12 45 0 0.03 M M 9.2 20 330 M M 6 128 24 280
31 33 5 19 -14 46 0 T M M 5.2 21 330 M M 7 25 330
================================================================================
SM 735 -120 1701 0 0.34 0.0 157.6 M 157
================================================================================
AV 23.7 -3.9 5.1 FASTST M M 5 MAX(MPH)
MISC ----> 36 250 45 250
================================================================================
NOTES:
# LAST OF SEVERAL OCCURRENCES
COLUMN 17 PEAK WIND IN M.P.H.
PRELIMINARY LOCAL CLIMATOLOGICAL DATA (WS FORM: F-6) , PAGE 2
STATION: BIG PINEY WY
MONTH: MARCH
YEAR: 2023
LATITUDE: 42 34 N
LONGITUDE: 110 6 W
[TEMPERATURE DATA] [PRECIPITATION DATA] SYMBOLS USED IN COLUMN 16
AVERAGE MONTHLY: 9.9 TOTAL FOR MONTH: 0.34 1 = FOG OR MIST
DPTR FM NORMAL: -17.0 DPTR FM NORMAL: -0.08 2 = FOG REDUCING VISIBILITY
HIGHEST: 39 ON 15 GRTST 24HR 0.10 ON 10-10 TO 1/4 MILE OR LESS
LOWEST: -20 ON 4 3 = THUNDER
SNOW, ICE PELLETS, HAIL 4 = ICE PELLETS
TOTAL MONTH: 0.0 INCH 5 = HAIL
GRTST 24HR 0.0 6 = FREEZING RAIN OR DRIZZLE
GRTST DEPTH: 0 7 = DUSTSTORM OR SANDSTORM:
VSBY 1/2 MILE OR LESS
8 = SMOKE OR HAZE
[NO. OF DAYS WITH] [WEATHER - DAYS WITH] 9 = BLOWING SNOW
X = TORNADO
MAX 32 OR BELOW: 27 0.01 INCH OR MORE: 8
MAX 90 OR ABOVE: 0 0.10 INCH OR MORE: 1
MIN 32 OR BELOW: 31 0.50 INCH OR MORE: 0
MIN 0 OR BELOW: 19 1.00 INCH OR MORE: 0
[HDD (BASE 65) ]
TOTAL THIS MO. 1701 CLEAR (SCALE 0-3) 9
DPTR FM NORMAL 520 PTCLDY (SCALE 4-7) 16
TOTAL FM JUL 1 9369 CLOUDY (SCALE 8-10) 6
DPTR FM NORMAL 759
[CDD (BASE 65) ]
TOTAL THIS MO. 0
DPTR FM NORMAL 0 [PRESSURE DATA]
TOTAL FM JAN 1 0 HIGHEST SLP 30.74 ON 18
DPTR FM NORMAL 0 LOWEST SLP 29.48 ON 10
[REMARKS]
#FINAL-03-23#