000
CXUS55 KRIW 020027
CLMBPI
CLIMATE REPORT
NATIONAL WEATHER SERVICE RIVERTON WY
527 PM MST THU FEB 01 2024
...................................
...THE BIG PINEY WY CLIMATE SUMMARY FOR THE MONTH OF JANUARY 2024...
CLIMATE NORMAL PERIOD: 1991 TO 2020
CLIMATE RECORD PERIOD: 1976 TO 2024
WEATHER OBSERVED NORMAL DEPART LAST YEAR`S
VALUE DATE(S) VALUE FROM VALUE
NORMAL
..............................................................
TEMPERATURE (F)
RECORD
HIGH 48 01/31/2003
LOW -47 01/18/1984
HIGHEST 48R 01/29
LOWEST -25 01/15
AVG. MAXIMUM 31.7 26.7 5.0
AVG. MINIMUM 3.5 -3.3 6.8
MEAN 17.6 11.7 5.9
DAYS MAX >= 90 0
DAYS MAX <= 32 14
DAYS MIN <= 32 31
DAYS MIN <= 0 12
PRECIPITATION (INCHES)
RECORD
MAXIMUM 0.99 2017
MINIMUM T 1994
TOTALS 0.08 0.44 -0.36 0.79
DAILY AVG. 0.00 0.01 -0.01
DAYS >= .01 4
DAYS >= .10 0
DAYS >= .50 0
DAYS >= 1.00 0
GREATEST
24 HR. TOTAL 0.03 01/14 TO 01/14
STORM TOTAL 0.03
DEGREE DAYS
HEATING TOTAL 1461 1652 -191
SINCE 7/1 5314 6028 -714
COOLING TOTAL 0 0 0
SINCE 1/1 0 0 0
..............................................................
WIND (MPH)
AVERAGE WIND SPEED 5.3
RESULTANT WIND SPEED/DIRECTION 2/340
HIGHEST WIND SPEED/DIRECTION 44/300 DATE 01/12
HIGHEST GUST SPEED/DIRECTION 65/300 DATE 01/12
SKY COVER
POSSIBLE SUNSHINE (PERCENT) MM
AVERAGE SKY COVER 0.42
NUMBER OF DAYS FAIR 15
NUMBER OF DAYS PC 11
NUMBER OF DAYS CLOUDY 5
AVERAGE RH (PERCENT) 74
WEATHER CONDITIONS. NUMBER OF DAYS WITH
THUNDERSTORM 0 MIXED PRECIP 0
HEAVY RAIN 0 RAIN 0
LIGHT RAIN 0 FREEZING RAIN 0
LT FREEZING RAIN 0 HAIL 0
HEAVY SNOW 0 SNOW 1
LIGHT SNOW 15 SLEET 0
FOG 17 FOG W/VIS <= 1/4 MILE 4
HAZE 4
- INDICATES NEGATIVE NUMBERS.
R INDICATES RECORD WAS SET OR TIED.
MM INDICATES DATA IS MISSING.
T INDICATES TRACE AMOUNT.
$$