000
CXUS54 KLZK 011130
CF6BPK
PRELIMINARY LOCAL CLIMATOLOGICAL DATA (WS FORM: F-6)
STATION: MOUNTAIN HOME AIRPORT
MONTH: JUNE
YEAR: 2022
LATITUDE: 36 22 N
LONGITUDE: 92 28 W
TEMPERATURE IN F: :PCPN: SNOW: WIND :SUNSHINE: SKY :PK WND
================================================================================
1 2 3 4 5 6A 6B 7 8 9 10 11 12 13 14 15 16 17 18
12Z AVG MX 2MIN
DY MAX MIN AVG DEP HDD CDD WTR SNW DPTH SPD SPD DIR MIN PSBL S-S WX SPD DR
================================================================================
1 83 68 76 4 0 11 0.06 M M 3.6 10 80 M M 4 23 80
2 75 61 68 -4 0 3 T M M 2.1 7 10 M M 5 12 350
3 79 53 66 -6 0 1 0.00 M M 1.7 10 120 M M 0 14 130
4 81 52 67 -5 0 2 0.00 M M 3.4 14 190 M M 1 18 180
5 83 58 71 -2 0 6 T M M 3.8 13 160 M M 1 3 17 170
6 83 66 75 2 0 10 0.23 M M 3.6 10 210 M M 4 13 15 210
7 84 67 76 3 0 11 0.00 M M 1.0 7 120 M M 1 1 12 210
8 78 63 71 -3 0 6 0.03 M M 2.1 8 180 M M 4 12 11 260
9 82 60 71 -3 0 6 T M M 1.0 7 120 M M 1 1 9 130
10 80 63 72 -2 0 7 0.12 M M 4.5 22 200 M M 4 31 200
11 89 64 77 3 0 12 0.00 M M 3.6 10 200 M M 1 14 190
12 96 73 85 11 0 20 0.00 M M 6.8 13 220 M M 1 17 210
13 96 76 86 11 0 21 0.00 M M 5.7 13 220 M M 0 18 200
14 93 78 86 11 0 21 0.00 M M 8.6 14 210 M M 0 21 220
15 92 74 83 8 0 18 0.00 M M 6.7 16 220 M M 0 23 220
16 94 72 83 7 0 18 0.00 M M 2.8 9 230 M M 2 13 230
17 94 74 84 8 0 19 0.00 M M 0.9 10 200 M M 0 1 13 200
18 95 73 84 8 0 19 0.00 M M 5.3 13 110 M M 0 19 130
19 88 64 76 0 0 11 0.00 M M 5.3 10 120 M M 0 14 90
20 93 58 76 0 0 11 0.00 M M 3.6 10 150 M M 0 14 230
21 96 65 81 4 0 16 0.00 M M 3.0 9 230 M M 0 13 230
22 96 69 83 6 0 18 0.00 M M 1.5 8 280 M M 0 14 290
23 94 70 82 5 0 17 T M M 1.8 8 80 M M 1 11 170
24 95 68 82 5 0 17 0.00 M M 3.7 9 170 M M 0 14 140
25 99 73 86 9 0 21 0.00 M M 4.4 9 230 M M 1 M M
26 88 69 79 1 0 14 0.00 M M 3.1 12 20 M M 2 20 10
27 86 66 76 -2 0 11 0.00 M M 3.9 12 80 M M 0 15 100
28 85 59 72 -6 0 7 0.00 M M 2.4 10 150 M M 0 15 130
29 90 57 74 -4 0 9 0.00 M M 2.6 12 140 M M 0 16 140
30 94 59 77 -1 0 12 0.00 M M 3.5 12 220 M M 1 17 180
================================================================================
SM 2661 1972 0 375 0.44 M 106.0 M 34
================================================================================
AV 88.7 65.7 3.5 FASTST M M 1 MAX(MPH)
MISC ----> 22 200 31 200
================================================================================
NOTES:
# LAST OF SEVERAL OCCURRENCES
COLUMN 17 PEAK WIND IN M.P.H.
PRELIMINARY LOCAL CLIMATOLOGICAL DATA (WS FORM: F-6) , PAGE 2
STATION: MOUNTAIN HOME AIRPORT
MONTH: JUNE
YEAR: 2022
LATITUDE: 36 22 N
LONGITUDE: 92 28 W
[TEMPERATURE DATA] [PRECIPITATION DATA] SYMBOLS USED IN COLUMN 16
AVERAGE MONTHLY: 77.2 TOTAL FOR MONTH: 0.44 1 = FOG OR MIST
DPTR FM NORMAL: 2.1 DPTR FM NORMAL: -3.08 2 = FOG REDUCING VISIBILITY
HIGHEST: 99 ON 25 GRTST 24HR 0.23 ON 6- 6 TO 1/4 MILE OR LESS
LOWEST: 52 ON 4 3 = THUNDER
SNOW, ICE PELLETS, HAIL 4 = ICE PELLETS
TOTAL MONTH: M 5 = HAIL
GRTST 24HR M ON M 6 = FREEZING RAIN OR DRIZZLE
GRTST DEPTH: M ON M 7 = DUSTSTORM OR SANDSTORM:
VSBY 1/2 MILE OR LESS
8 = SMOKE OR HAZE
[NO. OF DAYS WITH] [WEATHER - DAYS WITH] 9 = BLOWING SNOW
X = TORNADO
MAX 32 OR BELOW: 0 0.01 INCH OR MORE: 4
MAX 90 OR ABOVE: 15 0.10 INCH OR MORE: 2
MIN 32 OR BELOW: 0 0.50 INCH OR MORE: 0
MIN 0 OR BELOW: 0 1.00 INCH OR MORE: 0
[HDD (BASE 65) ]
TOTAL THIS MO. 0 CLEAR (SCALE 0-3) 25
DPTR FM NORMAL -2 PTCLDY (SCALE 4-7) 5
TOTAL FM JUL 1 3480 CLOUDY (SCALE 8-10) 0
DPTR FM NORMAL -331
[CDD (BASE 65) ]
TOTAL THIS MO. 375
DPTR FM NORMAL 68 [PRESSURE DATA]
TOTAL FM JAN 1 575 HIGHEST SLP 30.29 ON 27
DPTR FM NORMAL 93 LOWEST SLP 29.65 ON 12
[REMARKS]
#FINAL-06-22#