578
CXUS53 KDVN 011242
CLSBRL
CLIMATE REPORT
NATIONAL WEATHER SERVICE QUAD CITIES IA IL
622 AM CST SUN MAR 1 2020
...................................
...THE BURLINGTON IA CLIMATE SUMMARY FOR THE SEASON, FROM
12/1/2019 TO 2/29/2020...
CLIMATE NORMAL PERIOD 1981 TO 2010
CLIMATE RECORD PERIOD 1897 TO 2020
WEATHER OBSERVED NORMAL DEPART
VALUE DATE(S) VALUE FROM
NORMAL
................................................
TEMPERATURE (F)
RECORD
HIGH 76 02/24/1930
LOW -27 02/13/1905
HIGHEST 63 12/25 44 19
LOWEST -9 02/14 17 -26
AVG. MAXIMUM 39.1 36.8 2.3
AVG. MINIMUM 23.0 19.8 3.2
MEAN 31.0 28.3 2.7
DAYS MAX >= 90 0
DAYS MAX <= 32 24
DAYS MIN <= 32 79
DAYS MIN <= 0 3
PRECIPITATION (INCHES)
TOTALS 3.50 4.95 -1.45
DAILY AVG. 0.04 0.05 -0.01
DAYS >= .01 19
DAYS >= .10 8
DAYS >= .50 3
DAYS >= 1.00 0
GREATEST
24 HR. TOTAL 0.90 12/28 TO 12/29
DEGREE_DAYS
HEATING TOTAL 3066 3305 -239
SINCE 7/1 4367 4408 -41
COOLING TOTAL 0 0 0
SINCE 1/1 0 0 0
.................................................
WIND (MPH)
AVERAGE WIND SPEED 9.1
HIGHEST WIND SPEED/DIRECTION 30/200 DATE 01/09
HIGHEST GUST SPEED/DIRECTION 47/200 DATE 01/09
SKY COVER
AVERAGE SKY COVER 0.50
NUMBER OF DAYS FAIR 32
NUMBER OF DAYS PC 32
NUMBER OF DAYS CLOUDY 27
AVERAGE RH (PERCENT) 73
WEATHER CONDITIONS. NUMBER OF DAYS WITH
THUNDERSTORM 0 HAIL 0
SLEET 0 FOG 48
FOG W/VIS <= 1/4 MILE 5 HAZE 33
- INDICATES NEGATIVE NUMBERS.
R INDICATES RECORD WAS SET OR TIED.
MM INDICATES DATA IS MISSING.
T INDICATES TRACE AMOUNT.
$$
===================================================================
NOTE: SUPPLEMENTAL CLIMATE DATA WAS USED FROM A NEARBY
CLIMATOLOGICALLY REPRESENTATIVE STATION.
BRL
PARAMETER DATE
--------- ----
PCPN 12/15
===================================================================
GROSS