000
CXUS55 KMSO 011000
CF6BTM
PRELIMINARY LOCAL CLIMATOLOGICAL DATA (WS FORM: F-6)
STATION: BUTTE MT
MONTH: JANUARY
YEAR: 2022
LATITUDE: 45 57 N
LONGITUDE: 112 30 W
TEMPERATURE IN F: :PCPN: SNOW: WIND :SUNSHINE: SKY :PK WND
================================================================================
1 2 3 4 5 6A 6B 7 8 9 10 11 12 13 14 15 16 17 18
12Z AVG MX 2MIN
DY MAX MIN AVG DEP HDD CDD WTR SNW DPTH SPD SPD DIR MIN PSBL S-S WX SPD DR
================================================================================
1 17 -23 -3 -22 68 0 0.00 M M 3.1 9 160 M M 4 12 170
2 29 2 16 -3 49 0 0.00 M M 2.9 13 200 M M 1 17 190
3 34 -1 17 -2 48 0 0.05 M M 11.2 29 180 M M 2 12 41 180
4 30 9 20 1 45 0 0.16 M M 5.8 22 320 M M 6 128 30 320
5 19 1 10 -9 55 0 0.14 M M 5.8 23 160 M M 8 189 29 160
6 39 2 21 2 44 0 0.16 M M 1.0 10 170 M M 9 18 16 180
7 42 25 34 14 31 0 T M M 8.9 21 200 M M 6 1 35 230
8 31 9 20 0 45 0 0.00 M M 7.2 21 270 M M 4 31 280
9 26 -1 13 -7 52 0 0.00 M M 1.7 9 20 M M 0 12 10
10 23 -6 9 -11 56 0 0.00 M M 2.8 9 140 M M 0 12 140
11 39 -4 18 -2 47 0 0.00 M M 3.2 13 60 M M 4 18 30
12 50 25 38 18 27 0 0.00 M M 7.1 18 260 M M 3 37 250
13 42 16 29 9 36 0 0.00 M M 2.7 12 200 M M 1 13 190
14 40 11 26 6 39 0 0.00 M M 2.1 9 300 M M 4 13 300
15 39 4 22 2 43 0 0.00 M M 2.5 9 320 M M 3 128 12 310
16 37 6 22 2 43 0 0.00 M M 1.4 9 140 M M 1 10 200
17 38 8 23 3 42 0 0.00 M M 2.1 13 330 M M 3 19 330
18 38 21 30 10 35 0 T M M 3.1 12 330 M M 7 1 15 330
19 26 12 19 -1 46 0 0.03 M M 2.5 16 160 M M 9 18 20 170
20 40 3 22 2 43 0 T M M 3.0 12 10 M M 9 1 14 310
21 36 26 31 11 34 0 T M M 5.8 15 310 M M 9 21 300
22 37 11 24 4 41 0 0.00 M M 3.2 10 310 M M 3 13 330
23 39 2 21 1 44 0 0.00 M M 3.2 10 340 M M 1 14 340
24 29 2 16 -4 49 0 0.08 M M 4.2 15 330 M M 6 12 23 340
25 32 3 18 -2 47 0 T M M 3.0 10 10 M M 4 1 12 20
26 27 -5 11 -9 54 0 0.00 M M 3.2 14 310 M M 1 17 300
27 30 -6 12 -8 53 0 0.00 M M 2.6 9 10 M M 0 11 10
28 28 -11 9 -11 56 0 0.00 M M 2.8 8 120 M M 0 8 10 180
29 34 -5 15 -5 50 0 0.00 M M 1.9 8 160 M M 0 12 190
30 44 1 23 3 42 0 0.00 M M 2.5 8 340 M M 1 15 330
31 36 13 25 5 40 0 T M M 10.0 26 270 M M 7 128 39 280
================================================================================
SM 1051 150 1404 0 0.62 M 122.5 M 116
================================================================================
AV 33.9 4.8 4.0 FASTST M M 4 MAX(MPH)
MISC ----> 29 180 41 180
================================================================================
NOTES:
# LAST OF SEVERAL OCCURRENCES
COLUMN 17 PEAK WIND IN M.P.H.
PRELIMINARY LOCAL CLIMATOLOGICAL DATA (WS FORM: F-6) , PAGE 2
STATION: BUTTE MT
MONTH: JANUARY
YEAR: 2022
LATITUDE: 45 57 N
LONGITUDE: 112 30 W
[TEMPERATURE DATA] [PRECIPITATION DATA] SYMBOLS USED IN COLUMN 16
AVERAGE MONTHLY: 19.4 TOTAL FOR MONTH: 0.62 1 = FOG OR MIST
DPTR FM NORMAL: -0.6 DPTR FM NORMAL: 0.20 2 = FOG REDUCING VISIBILITY
HIGHEST: 50 ON 12 GRTST 24HR 0.55 ON 6- 6 TO 1/4 MILE OR LESS
LOWEST: -23 ON 1 3 = THUNDER
SNOW, ICE PELLETS, HAIL 4 = ICE PELLETS
TOTAL MONTH: M 5 = HAIL
GRTST 24HR M ON M 6 = FREEZING RAIN OR DRIZZLE
GRTST DEPTH: M ON M 7 = DUSTSTORM OR SANDSTORM:
VSBY 1/2 MILE OR LESS
8 = SMOKE OR HAZE
[NO. OF DAYS WITH] [WEATHER - DAYS WITH] 9 = BLOWING SNOW
X = TORNADO
MAX 32 OR BELOW: 13 0.01 INCH OR MORE: 6
MAX 90 OR ABOVE: 0 0.10 INCH OR MORE: 3
MIN 32 OR BELOW: 31 0.50 INCH OR MORE: 0
MIN 0 OR BELOW: 9 1.00 INCH OR MORE: 0
[HDD (BASE 65) ]
TOTAL THIS MO. 1404 CLEAR (SCALE 0-3) 15
DPTR FM NORMAL 9 PTCLDY (SCALE 4-7) 12
TOTAL FM JUL 1 4685 CLOUDY (SCALE 8-10) 4
DPTR FM NORMAL -589
[CDD (BASE 65) ]
TOTAL THIS MO. 0
DPTR FM NORMAL 0 [PRESSURE DATA]
TOTAL FM JAN 1 0 HIGHEST SLP 30.90 ON 9
DPTR FM NORMAL 0 LOWEST SLP 29.32 ON 7
[REMARKS]
#FINAL-01-22#