000
CXAK56 PAFG 011300
CF6BTT
PRELIMINARY LOCAL CLIMATOLOGICAL DATA (WS FORM: F-6)
STATION: BETTLES AK
MONTH: JANUARY
YEAR: 2024
LATITUDE: 66 55 N
LONGITUDE: 151 31 W
TEMPERATURE IN F: :PCPN: SNOW: WIND :SUNSHINE: SKY :PK WND
================================================================================
1 2 3 4 5 6A 6B 7 8 9 10 11 12 13 14 15 16 17 18
12Z AVG MX 2MIN
DY MAX MIN AVG DEP HDD CDD WTR SNW DPTH SPD SPD DIR MIN PSBL S-S WX SPD DR
================================================================================
1 -5 -12 -8 2 73 0 0.00 M 23 5.8 8 10 M M 2 M M
2 11 -11 0 10 65 0 0.00 M 23 8.6 13 60 M M 4 32 50
3 10 7 9 19 56 0 0.00 M 23 12.7 16 60 M M 0 35 60
4 11 7 9 19 56 0 0.00 0.0 22 12.9 22 90 M M 4 37 120
5 10 -10 0 11 65 0 T M 21 4.1 14 90 M M 6 1 27 90
6 7 -19 -6 5 71 0 T M 21 1.9 9 40 M M 4 M M
7 20 -15 3 14 62 0 T M 21 3.9 12 60 M M 6 23 60
8 15 0 8 19 57 0 0.05 M 21 1.2 6 220 M M 9 1 M M
9 6 -5 1 12 64 0 T T 22 0.9 6 20 M M 9 M M
10 -5 -19 -12 0 77 0 0.00 M 22 5.6 9 350 M M 2 M M
11 8 -11 -1 11 66 0 0.00 0.0 22 6.0 9 350 M M 2 M M
12 -1 -13 -7 5 72 0 0.00 0.0 22 2.7 7 250 M M 2 M M
13 3 -24 -10 2 75 0 T M 21 1.7 8 130 M M 5 M M
14 -2 -25 -13 -1 78 0 0.03 M 21 1.9 8 130 M M 9 1 M M
15 7 -7 0 12 65 0 0.08 M 22 4.4 9 360 M M 10 15 M M
16 13 -12 1 13 64 0 0.10 M 25 3.1 8 340 M M 6 1 M M
17 -1 -17 -9 3 74 0 0.00 M 25 1.9 6 99 M M 5 1 M M
18 0 -16 -8 4 73 0 0.00 M 25 2.3 6 99 M M 4 M M
19 -4 -30 -17 -6 82 0 0.00 M 24 0.5 4 50 M M 4 M M
20 2 -14 -6 5 71 0 0.00 M 24 4.0 13 360 M M 0 18 20
21 -16 -38 -27 -16 92 0 0.00 M 24 5.3 10 350 M M 0 M M
22 -21 -39 -30 -19 95 0 0.00 M 24 3.2 7 99 M M 1 M M
23 -20 -45 -32 -21 97 0 T M 24 1.2 6 230 M M 5 M M
24 -33 -48 -40 -30 105 0 T M 24 4.6 7 320 M M 3 1 M M
25 -36 -52 -44 -34 109 0 0.00 M 24 2.7 7 350 M M 1 M M
26 -45 -55 -50 -40 115 0 0.00 0.0 23 1.1 4 99 M M 3 1 M M
27 -46 -57 -51 -42 116 0 0.00 M 23 1.1 5 99 M M 2 1 M M
28 -30 -57 -43 -34 108 0 T M 23 1.6 8 120 M M 4 1 M M
29 -13 -34 -23 -14 88 0 0.23 M 23 3.1 8 150 M M 10 1 M M
30 -13 -47 -30 -22 95 0 T M 29 4.7 9 150 M M 5 1 M M
31 -37 -53 -45 -37 110 0 0.00 M 28 2.4 7 210 M M 2 1 M M
================================================================================
SM -205 -771 2496 0 0.49 T 117.0 M 129
================================================================================
AV -6.6-24.9 3.8 FASTST M M 4 MAX(MPH)
MISC ----> 22 90 37 120
================================================================================
NOTES:
# LAST OF SEVERAL OCCURRENCES
COLUMN 17 PEAK WIND IN M.P.H.
PRELIMINARY LOCAL CLIMATOLOGICAL DATA (WS FORM: F-6) , PAGE 2
STATION: BETTLES AK
MONTH: JANUARY
YEAR: 2024
LATITUDE: 66 55 N
LONGITUDE: 151 31 W
[TEMPERATURE DATA] [PRECIPITATION DATA] SYMBOLS USED IN COLUMN 16
AVERAGE MONTHLY:-15.7 TOTAL FOR MONTH: 0.49 1 = FOG OR MIST
DPTR FM NORMAL: -5.1 DPTR FM NORMAL: -0.38 2 = FOG REDUCING VISIBILITY
HIGHEST: 20 ON 7 GRTST 24HR 0.23 ON 29-29 TO 1/4 MILE OR LESS
LOWEST: -57 ON 28,27 3 = THUNDER
SNOW, ICE PELLETS, HAIL 4 = ICE PELLETS
TOTAL MONTH: T 5 = HAIL
GRTST 24HR T ON 9- 9 6 = FREEZING RAIN OR DRIZZLE
GRTST DEPTH: 29 ON 30 7 = DUSTSTORM OR SANDSTORM:
VSBY 1/2 MILE OR LESS
8 = SMOKE OR HAZE
[NO. OF DAYS WITH] [WEATHER - DAYS WITH] 9 = BLOWING SNOW
X = TORNADO
MAX 32 OR BELOW: 31 0.01 INCH OR MORE: 5
MAX 90 OR ABOVE: 0 0.10 INCH OR MORE: 2
MIN 32 OR BELOW: 31 0.50 INCH OR MORE: 0
MIN 0 OR BELOW: 29 1.00 INCH OR MORE: 0
[HDD (BASE 65) ]
TOTAL THIS MO. 2496 CLEAR (SCALE 0-3) 13
DPTR FM NORMAL 151 PTCLDY (SCALE 4-7) 13
TOTAL FM JUL 1 8547 CLOUDY (SCALE 8-10) 5
DPTR FM NORMAL -571
[CDD (BASE 65) ]
TOTAL THIS MO. 0
DPTR FM NORMAL 0 [PRESSURE DATA]
TOTAL FM JAN 1 0 HIGHEST SLP M ON M
DPTR FM NORMAL 0 LOWEST SLP M ON M
[REMARKS]
#FINAL-01-24#