000
CXUS51 KBTV 010700
CF6BTV
PRELIMINARY LOCAL CLIMATOLOGICAL DATA (WS FORM: F-6)
STATION: BURLINGTON VT
MONTH: SEPTEMBER
YEAR: 2020
LATITUDE: 44 28 N
LONGITUDE: 73 9 W
TEMPERATURE IN F: :PCPN: SNOW: WIND :SUNSHINE: SKY :PK WND
================================================================================
1 2 3 4 5 6A 6B 7 8 9 10 11 12 13 14 15 16 17 18
12Z AVG MX 2MIN
DY MAX MIN AVG DEP HDD CDD WTR SNW DPTH SPD SPD DIR MIN PSBL S-S WX SPD DR
================================================================================
1 77 56 67 1 0 2 T 0.0 0 7.4 20 180 M M 6 28 170
2 76 64 70 4 0 5 0.06 0.0 0 11.5 25 190 M M 9 34 190
3 79 61 70 5 0 5 0.00 0.0 0 5.2 16 180 M M 5 22 180
4 78 60 69 4 0 4 0.00 0.0 0 8.6 16 320 M M 5 24 190
5 76 54 65 0 0 0 T 0.0 0 6.7 21 340 M M 3 3 25 330
6 74 51 63 -1 2 0 0.00 0.0 0 3.5 13 300 M M 4 17 280
7 80 54 67 3 0 2 0.00 0.0 0 15.5 31 180 M M 5 43 200
8 81 63 72 8 0 7 0.00 0.0 M 7.7 14 350 M M 5 19 190
9 79 59 69 6 0 4 0.00 0.0 M 6.7 15 320 M M 5 18 330
10 83 55 69 6 0 4 0.01 0.0 M 8.2 20 10 M M 9 18 27 200
11 64 47 56 -7 9 0 T 0.0 0 7.0 15 330 M M 6 20 330
12 73 43 58 -4 7 0 0.00 0.0 0 5.8 17 200 M M 3 1 22 190
13 74 58 66 4 0 1 0.15 0.0 0 15.4 29 180 M M 6 38 190
14 68 47 58 -3 7 0 0.00 0.0 0 9.9 23 320 M M 5 28 320
15 63 40 52 -9 13 0 0.00 0.0 0 3.6 13 190 M M 4 1 19 180
16 74 55 65 4 0 0 0.00 0.0 0 17.1 29 190 M M 4 39 200
17 67 50 59 -1 6 0 T 0.0 M 6.4 22 190 M M 7 32 190
18 60 41 51 -9 14 0 0.00 0.0 M 7.2 22 340 M M 5 1 29 340
19 58 34 46 -13 19 0 0.00 0.0 M 3.8 15 10 M M 2 1 21 320
20 60 35 48 -11 17 0 0.00 0.0 0 3.5 15 360 M M 2 19 10
21 64 34 49 -9 16 0 0.00 0.0 0 2.3 7 310 M M 0 10 270
22 64 36 50 -8 15 0 0.00 0.0 0 5.8 17 340 M M 2 8 22 330
23 76 43 60 2 5 0 T M 0 3.4 12 330 M M 6 14 340
24 78 51 65 8 0 0 0.00 0.0 0 5.4 16 180 M M 5 23 170
25 73 50 62 5 3 0 0.00 0.0 0 1.6 10 330 M M 4 11 310
26 82 51 67 11 0 2 0.00 0.0 0 8.8 22 190 M M 3 1 27 180
27 80 68 74 18 0 9 0.00 0.0 0 13.6 23 180 M M 5 31 200
28 77 69 73 18 0 8 0.03 0.0 M 8.8 21 160 M M 5 18 31 170
29 78 58 68 13 0 3 0.53 0.0 M 10.8 26 180 M M 7 1 35 190
30 67 55 61 7 4 0 1.51 0.0 0 8.6 20 320 M M 8 1 25 320
================================================================================
SM 2183 1542 137 56 2.29 0.0 229.8 M 145
================================================================================
AV 72.8 51.4 7.7 FASTST M M 5 MAX(MPH)
MISC ----> 31 180 43 200
================================================================================
NOTES:
# LAST OF SEVERAL OCCURRENCES
COLUMN 17 PEAK WIND IN M.P.H.
PRELIMINARY LOCAL CLIMATOLOGICAL DATA (WS FORM: F-6) , PAGE 2
STATION: BURLINGTON VT
MONTH: SEPTEMBER
YEAR: 2020
LATITUDE: 44 28 N
LONGITUDE: 73 9 W
[TEMPERATURE DATA] [PRECIPITATION DATA] SYMBOLS USED IN COLUMN 16
AVERAGE MONTHLY: 62.1 TOTAL FOR MONTH: 2.29 1 = FOG OR MIST
DPTR FM NORMAL: 1.6 DPTR FM NORMAL: -1.35 2 = FOG REDUCING VISIBILITY
HIGHEST: 83 ON 10 GRTST 24HR 2.04 ON 29-30 TO 1/4 MILE OR LESS
LOWEST: 34 ON 21,19 3 = THUNDER
SNOW, ICE PELLETS, HAIL 4 = ICE PELLETS
TOTAL MONTH: 0.0 INCH 5 = HAIL
GRTST 24HR 0.0 6 = FREEZING RAIN OR DRIZZLE
GRTST DEPTH: 0 7 = DUSTSTORM OR SANDSTORM:
VSBY 1/2 MILE OR LESS
8 = SMOKE OR HAZE
[NO. OF DAYS WITH] [WEATHER - DAYS WITH] 9 = BLOWING SNOW
X = TORNADO
MAX 32 OR BELOW: 0 0.01 INCH OR MORE: 6
MAX 90 OR ABOVE: 0 0.10 INCH OR MORE: 3
MIN 32 OR BELOW: 0 0.50 INCH OR MORE: 2
MIN 0 OR BELOW: 0 1.00 INCH OR MORE: 1
[HDD (BASE 65) ]
TOTAL THIS MO. 137 CLEAR (SCALE 0-3) 6
DPTR FM NORMAL -38 PTCLDY (SCALE 4-7) 21
TOTAL FM JUL 1 151 CLOUDY (SCALE 8-10) 3
DPTR FM NORMAL -66
[CDD (BASE 65) ]
TOTAL THIS MO. 56
DPTR FM NORMAL 15 [PRESSURE DATA]
TOTAL FM JAN 1 895 HIGHEST SLP M ON M
DPTR FM NORMAL 406 LOWEST SLP 29.40 ON 30
[REMARKS]
#FINAL-09-20#