000
CXUS56 KLOX 011255
CF6BUR
PRELIMINARY LOCAL CLIMATOLOGICAL DATA (WS FORM: F-6)
STATION: HOLLYWOOD/BURBANK AIRPORT CA
MONTH: NOVEMBER
YEAR: 2022
LATITUDE: 34 12 N
LONGITUDE: 118 22 W
TEMPERATURE IN F: :PCPN: SNOW: WIND :SUNSHINE: SKY :PK WND
================================================================================
1 2 3 4 5 6A 6B 7 8 9 10 11 12 13 14 15 16 17 18
12Z AVG MX 2MIN
DY MAX MIN AVG DEP HDD CDD WTR SNW DPTH SPD SPD DIR MIN PSBL S-S WX SPD DR
================================================================================
1 74 59 67 2 0 2 0.02 M M 7.2 18 150 M M 4 8 23 170
2 70 53 62 -3 3 0 0.18 M M 6.7 20 260 M M 4 18 23 250
3 64 48 56 -8 9 0 0.00 M M 10.6 22 340 M M 0 30 360
4 72 46 59 -5 6 0 0.00 M M 3.7 15 170 M M 0 19 160
5 74 48 61 -3 4 0 0.00 M M 3.4 12 170 M M 0 14 170
6 71 50 61 -3 4 0 0.00 M M 4.4 12 160 M M 2 15 210
7 61 56 59 -4 6 0 0.13 M M 7.5 15 120 M M 9 18 20 120
8 64 50 57 -6 8 0 1.13 M M 10.2 28 190 M M 10 1 36 160
9 65 48 57 -6 8 0 T M M 4.2 14 360 M M 2 20 320
10 70 42 56 -6 9 0 0.00 M M 2.9 12 180 M M 0 15 130
11 72 44 58 -4 7 0 0.00 M M 2.3 10 200 M M 0 20 140
12 70 44 57 -5 8 0 0.00 M M 3.0 12 190 M M 0 15 180
13 72 45 59 -3 6 0 0.00 M M 6.7 22 360 M M 0 30 30
14 69 45 57 -4 8 0 0.00 M M 3.1 10 170 M M 0 13 180
15 71 43 57 -4 8 0 0.00 M M 6.4 25 50 M M 0 34 50
16 75 50 63 2 2 0 0.00 M M 10.8 30 30 M M 0 45 20
17 75 44 60 0 5 0 0.00 M M 3.2 12 290 M M 0 15 150
18 70 43 57 -3 8 0 0.00 M M 3.1 10 180 M M 0 16 170
19 75 50 63 3 2 0 0.00 M M 4.1 16 50 M M 0 8 22 30
20 75 44 60 1 5 0 0.00 M M 3.6 13 250 M M 0 8 16 260
21 74 47 61 2 4 0 0.00 M M 3.0 8 270 M M 0 13 270
22 74 46 60 1 5 0 0.00 M M 1.5 9 200 M M 0 16 130
23 73 44 59 1 6 0 0.00 M M 2.6 9 190 M M 0 12 170
24 79 48 64 6 1 0 0.00 M M 5.5 28 20 M M 0 36 20
25 76 45 61 3 4 0 0.00 M M 3.0 14 190 M M 0 19 190
26 72 44 58 0 7 0 0.00 M M 2.5 9 180 M M 0 11 170
27 73 44 59 2 6 0 0.00 M M 3.2 10 180 M M 0 18 14 120
28 63 53 58 1 7 0 0.00 M M 4.6 12 190 M M 8 18 15 200
29 64 47 56 -1 9 0 0.00 M M 3.0 12 140 M M 2 16 160
30 62 47 55 -2 10 0 0.00 M M 4.6 13 220 M M 8 8 21 150
================================================================================
SM 2119 1417 175 2 1.46 M 140.6 M 49
================================================================================
AV 70.6 47.2 4.7 FASTST M M 2 MAX(MPH)
MISC ----> 30 30 45 20
================================================================================
NOTES:
# LAST OF SEVERAL OCCURRENCES
COLUMN 17 PEAK WIND IN M.P.H.
PRELIMINARY LOCAL CLIMATOLOGICAL DATA (WS FORM: F-6) , PAGE 2
STATION: HOLLYWOOD/BURBANK AIRPORT CA
MONTH: NOVEMBER
YEAR: 2022
LATITUDE: 34 12 N
LONGITUDE: 118 22 W
[TEMPERATURE DATA] [PRECIPITATION DATA] SYMBOLS USED IN COLUMN 16
AVERAGE MONTHLY: 58.9 TOTAL FOR MONTH: 1.46 1 = FOG OR MIST
DPTR FM NORMAL: -1.8 DPTR FM NORMAL: 0.77 2 = FOG REDUCING VISIBILITY
HIGHEST: 79 ON 24 GRTST 24HR 1.13 ON 8- 8 TO 1/4 MILE OR LESS
LOWEST: 42 ON 10 3 = THUNDER
SNOW, ICE PELLETS, HAIL 4 = ICE PELLETS
TOTAL MONTH: M 5 = HAIL
GRTST 24HR M ON M 6 = FREEZING RAIN OR DRIZZLE
GRTST DEPTH: M ON M 7 = DUSTSTORM OR SANDSTORM:
VSBY 1/2 MILE OR LESS
8 = SMOKE OR HAZE
[NO. OF DAYS WITH] [WEATHER - DAYS WITH] 9 = BLOWING SNOW
X = TORNADO
MAX 32 OR BELOW: 0 0.01 INCH OR MORE: 4
MAX 90 OR ABOVE: 0 0.10 INCH OR MORE: 3
MIN 32 OR BELOW: 0 0.50 INCH OR MORE: 1
MIN 0 OR BELOW: 0 1.00 INCH OR MORE: 1
[HDD (BASE 65) ]
TOTAL THIS MO. 175 CLEAR (SCALE 0-3) 24
DPTR FM NORMAL 18 PTCLDY (SCALE 4-7) 4
TOTAL FM JUL 1 176 CLOUDY (SCALE 8-10) 2
DPTR FM NORMAL -16
[CDD (BASE 65) ]
TOTAL THIS MO. 2
DPTR FM NORMAL -27 [PRESSURE DATA]
TOTAL FM JAN 1 2372 HIGHEST SLP 30.28 ON 25
DPTR FM NORMAL 893 LOWEST SLP 29.78 ON 8
[REMARKS]
#FINAL-11-22#