000
CXUS54 KLZK 011230
CF6BVX
PRELIMINARY LOCAL CLIMATOLOGICAL DATA (WS FORM: F-6)
STATION: BATESVILLE REGIONAL AIRPORT
MONTH: MARCH
YEAR: 2023
LATITUDE: 35 43 N
LONGITUDE: 91 39 W
TEMPERATURE IN F: :PCPN: SNOW: WIND :SUNSHINE: SKY :PK WND
================================================================================
1 2 3 4 5 6A 6B 7 8 9 10 11 12 13 14 15 16 17 18
12Z AVG MX 2MIN
DY MAX MIN AVG DEP HDD CDD WTR SNW DPTH SPD SPD DIR MIN PSBL S-S WX SPD DR
================================================================================
1 74 52 63 18 2 0 0.48 M M 6.3 12 230 M M 3 1 M M
2 57 48 53 8 12 0 1.35 M M 6.3 13 90 M M 8 13 M M
3 62 46 54 8 11 0 1.70 M M 8.8 20 280 M M 9 13 33 290
4 63 45 54 8 11 0 0.00 M M 3.0 7 120 M M 7 M M
5 M M M M M M 0.00 M M M M M M M M M M
6 M M M M M M 0.00 M M M M M M M M M M
7 M M M M M M 0.00 M M M M M M M M M M
8 M M M M M M 0.00 M M M M M M M M M M
9 52 44 48 0 17 0 0.01 M M 5.2 6 310 M M 10 M M
10 59 39 49 1 16 0 0.00 M M 5.0 9 330 M M 2 18 330
11 45 37 41 -7 24 0 0.22 M M 5.4 13 100 M M 7 1 M M
12 57 43 50 2 15 0 0.00 M M 5.8 9 10 M M 6 1 18 340
13 49 32 41 -8 24 0 0.00 M M 6.7 12 320 M M 0 8 20 340
14 50 27 39 -10 26 0 0.00 M M 4.2 12 100 M M 0 M M
15 57 26 42 -7 23 0 0.00 M M 4.6 10 150 M M 0 M M
16 59 47 53 3 12 0 1.03 M M 7.3 14 190 M M 9 1 24 200
17 51 36 44 -6 21 0 T M M 10.2 17 310 M M 3 28 310
18 45 29 37 -13 28 0 0.00 M M 7.7 16 310 M M 0 25 300
19 45 23 34 -17 31 0 0.00 M M 4.9 13 260 M M 0 17 260
20 54 30 42 -9 23 0 0.00 M M 7.3 13 180 M M 1 21 190
21 47 41 44 -7 21 0 0.49 M M 6.8 14 120 M M 10 1 18 140
22 73 45 59 7 6 0 T M M 7.1 12 200 M M 7 1 21 190
23 78 67 73 21 0 8 0.00 M M 9.3 17 230 M M 6 23 230
24 71 55 63 11 2 0 3.49 M M 7.6 17 70 M M 8 13 31 70
25 66 46 56 4 9 0 0.00 M M 6.6 15 250 M M 2 22 250
26 75 43 59 6 6 0 0.00 M M 5.1 12 330 M M 0 1 25 330
27 65 44 55 2 10 0 0.00 M M 5.3 9 80 M M 1 18 99
28 62 42 52 -1 13 0 0.00 M M 4.8 9 340 M M 3 8 20 99
29 64 35 50 -4 15 0 0.00 M M 5.0 12 100 M M 0 20 100
30 73 44 59 5 6 0 0.17 M M 5.3 13 140 M M 6 M M
31 76 56 66 12 0 1 0.22 M M 11.3 21 180 M M 7 3 36 210
================================================================================
SM 1629 1122 384 9 9.16 M 172.9 M 115
================================================================================
AV 60.3 41.6 6.4 FASTST M M 4 MAX(MPH)
MISC ----> 21 180 36 210
================================================================================
NOTES:
# LAST OF SEVERAL OCCURRENCES
COLUMN 17 PEAK WIND IN M.P.H.
PRELIMINARY LOCAL CLIMATOLOGICAL DATA (WS FORM: F-6) , PAGE 2
STATION: BATESVILLE REGIONAL AIRPORT
MONTH: MARCH
YEAR: 2023
LATITUDE: 35 43 N
LONGITUDE: 91 39 W
[TEMPERATURE DATA] [PRECIPITATION DATA] SYMBOLS USED IN COLUMN 16
AVERAGE MONTHLY: 50.9 TOTAL FOR MONTH: 9.16 1 = FOG OR MIST
DPTR FM NORMAL: 1.2 DPTR FM NORMAL: 4.91 2 = FOG REDUCING VISIBILITY
HIGHEST: 78 ON 23 GRTST 24HR 3.49 ON 24-24 TO 1/4 MILE OR LESS
LOWEST: 23 ON 19 3 = THUNDER
SNOW, ICE PELLETS, HAIL 4 = ICE PELLETS
TOTAL MONTH: M 5 = HAIL
GRTST 24HR M ON M 6 = FREEZING RAIN OR DRIZZLE
GRTST DEPTH: M ON M 7 = DUSTSTORM OR SANDSTORM:
VSBY 1/2 MILE OR LESS
8 = SMOKE OR HAZE
[NO. OF DAYS WITH] [WEATHER - DAYS WITH] 9 = BLOWING SNOW
X = TORNADO
MAX 32 OR BELOW: 0 0.01 INCH OR MORE: 10
MAX 90 OR ABOVE: 0 0.10 INCH OR MORE: 9
MIN 32 OR BELOW: 6 0.50 INCH OR MORE: 4
MIN 0 OR BELOW: 0 1.00 INCH OR MORE: 4
[HDD (BASE 65) ]
TOTAL THIS MO. 384 CLEAR (SCALE 0-3) 13
DPTR FM NORMAL -96 PTCLDY (SCALE 4-7) 9
TOTAL FM JUL 1 2390 CLOUDY (SCALE 8-10) 9
DPTR FM NORMAL -1137
[CDD (BASE 65) ]
TOTAL THIS MO. 9
DPTR FM NORMAL 4 [PRESSURE DATA]
TOTAL FM JAN 1 10 HIGHEST SLP 30.55 ON 19
DPTR FM NORMAL 5 LOWEST SLP 29.06 ON 3
[REMARKS]
#FINAL-03-23#