613
CXUS54 KLZK 011131
CF6BVX
PRELIMINARY LOCAL CLIMATOLOGICAL DATA (WS FORM: F-6)
STATION: Batesville Regional Airport
MONTH: AUGUST
YEAR: 2020
LATITUDE: 35 43 N
LONGITUDE: 91 39 W
TEMPERATURE IN F: :PCPN: SNOW: WIND :SUNSHINE: SKY :PK WND
================================================================================
1 2 3 4 5 6A 6B 7 8 9 10 11 12 13 14 15 16 17 18
12Z AVG MX 2MIN
DY MAX MIN AVG DEP HDD CDD WTR SNW DPTH SPD SPD DIR MIN PSBL S-S WX SPD DR
================================================================================
1 87 68 78 -3 0 13 T M M 5.6 10 330 M M 6 1 20 360
2 89 64 77 -4 0 12 T M M 3.7 13 260 M M 3 3 M M
3 89 64 77 -4 0 12 0.00 M M 4.6 10 290 M M 2 16 99
4 84 65 75 -6 0 10 0.00 M M 4.2 8 360 M M 4 M M
5 86 59 73 -8 0 8 0.00 M M 4.6 10 80 M M 3 17 70
6 88 59 74 -7 0 9 0.00 M M 3.8 10 90 M M 0 16 80
7 92 67 80 -1 0 15 0.00 M M 4.1 10 120 M M 2 M M
8 95 68 82 1 0 17 0.00 M M 4.7 10 200 M M 0 17 200
9 99 75 87 6 0 22 0.00 M M 6.4 10 190 M M 2 M M
10 101 75 88 8 0 23 0.00 M M 6.2 16 250 M M 1 18 230
11 90 71 81 1 0 16 0.72 M M 3.0 7 99 M M 3 13 M M
12 87 70 79 -1 0 14 0.44 M M 2.9 9 100 M M 8 1 M M
13 91 71 81 1 0 16 0.00 M M 1.5 5 60 M M 5 128 M M
14 91 71 81 1 0 16 0.00 M M 2.2 7 130 M M 4 12 M M
15 95 72 84 4 0 19 0.00 M M 2.3 7 99 M M 1 1238 M M
16 90 66 78 -2 0 13 0.00 M M 4.7 9 340 M M 2 M M
17 93 61 77 -3 0 12 0.00 M M 4.8 10 230 M M 0 16 240
18 90 67 79 -1 0 14 0.00 M M 4.9 12 290 M M 2 17 99
19 87 63 75 -5 0 10 0.00 M M 6.6 12 90 M M 2 16 80
20 87 60 74 -6 0 9 0.00 M M 4.6 9 110 M M 1 16 110
21 91 64 78 -1 0 13 0.00 M M 3.8 9 100 M M 2 16 60
22 91 64 78 -1 0 13 0.00 M M 3.4 12 120 M M 2 12 M M
23 M M M M M M 0.00 M M 2.9 5 150 M M 0 M M
24 96 69 83 4 0 18 0.00 M M 5.3 12 120 M M 0 M M
25 96 67 82 3 0 17 0.00 M M 6.0 14 110 M M 2 18 80
26 89 73 81 3 0 16 T M M 5.5 25 150 M M 6 3 38 150
27 80 70 75 -3 0 10 2.17 M M 6.6 20 90 M M 6 13 43 120
28 M M M M M M T M M 6.4 16 280 M M 4 23 280
29 96 73 85 7 0 20 0.92 M M 2.5 8 360 M M 2 13 16 360
30 81 70 76 -1 0 11 0.97 M M 2.8 7 70 M M 6 13 M M
31 86 70 78 1 0 13 0.06 M M 3.6 12 10 M M 3 3 22 10
================================================================================
SM 2617 1956 0 411 5.28 M 134.2 M 84
================================================================================
AV 90.2 67.5 4.3 FASTST M M 3 MAX(MPH)
MISC ----> # 25 150 # 43 120
================================================================================
NOTES:
# LAST OF SEVERAL OCCURRENCES
COLUMN 17 PEAK WIND IN M.P.H.
PRELIMINARY LOCAL CLIMATOLOGICAL DATA (WS FORM: F-6) , PAGE 2
STATION: Batesville Regional Airport
MONTH: AUGUST
YEAR: 2020
LATITUDE: 35 43 N
LONGITUDE: 91 39 W
[TEMPERATURE DATA] [PRECIPITATION DATA] SYMBOLS USED IN COLUMN 16
AVERAGE MONTHLY: 78.8 TOTAL FOR MONTH: 5.28 1 = FOG OR MIST
DPTR FM NORMAL: -0.9 DPTR FM NORMAL: 2.24 2 = FOG REDUCING VISIBILITY
HIGHEST: 101 ON 10 GRTST 24HR 2.17 ON 27-27 TO 1/4 MILE OR LESS
LOWEST: 59 ON 6, 5 3 = THUNDER
SNOW, ICE PELLETS, HAIL 4 = ICE PELLETS
TOTAL MONTH: M 5 = HAIL
GRTST 24HR M ON M 6 = FREEZING RAIN OR DRIZZLE
GRTST DEPTH: M ON M 7 = DUSTSTORM OR SANDSTORM:
VSBY 1/2 MILE OR LESS
8 = SMOKE OR HAZE
[NO. OF DAYS WITH] [WEATHER - DAYS WITH] 9 = BLOWING SNOW
X = TORNADO
MAX 32 OR BELOW: 0 0.01 INCH OR MORE: 6
MAX 90 OR ABOVE: 16 0.10 INCH OR MORE: 5
MIN 32 OR BELOW: 0 0.50 INCH OR MORE: 4
MIN 0 OR BELOW: 0 1.00 INCH OR MORE: 1
[HDD (BASE 65) ]
TOTAL THIS MO. 0 CLEAR (SCALE 0-3) 22
DPTR FM NORMAL 0 PTCLDY (SCALE 4-7) 9
TOTAL FM JUL 1 0 CLOUDY (SCALE 8-10) 0
DPTR FM NORMAL 0
[CDD (BASE 65) ]
TOTAL THIS MO. 411
DPTR FM NORMAL -43 [PRESSURE DATA]
TOTAL FM JAN 1 1426 HIGHEST SLP 30.17 ON 8
DPTR FM NORMAL -46 LOWEST SLP 29.59 ON 27
[REMARKS]
#FINAL-08-20#