000
CXUS54 KLZK 011230
CF6BVX
PRELIMINARY LOCAL CLIMATOLOGICAL DATA (WS FORM: F-6)
STATION: BATESVILLE REGIONAL AIRPORT
MONTH: OCTOBER
YEAR: 2023
LATITUDE: 35 43 N
LONGITUDE: 91 39 W
TEMPERATURE IN F: :PCPN: SNOW: WIND :SUNSHINE: SKY :PK WND
================================================================================
1 2 3 4 5 6A 6B 7 8 9 10 11 12 13 14 15 16 17 18
12Z AVG MX 2MIN
DY MAX MIN AVG DEP HDD CDD WTR SNW DPTH SPD SPD DIR MIN PSBL S-S WX SPD DR
================================================================================
1 91 64 78 13 0 13 0.00 M M 2.6 7 80 M M 0 M M
2 92 60 76 11 0 11 0.00 M M 3.8 8 70 M M 1 M M
3 88 60 74 9 0 9 0.00 M M 4.2 10 160 M M 2 M M
4 74 65 70 6 0 5 0.01 M M 5.3 18 200 M M 7 8 26 200
5 77 62 70 6 0 5 0.90 M M 2.2 9 100 M M 7 12 M M
6 78 50 64 0 1 0 0.01 M M 4.6 9 310 M M 2 12 20 330
7 67 42 55 -8 10 0 0.00 M M 4.0 10 20 M M 0 M M
8 73 42 58 -5 7 0 0.00 M M 5.4 12 250 M M 0 17 270
9 81 54 68 6 0 3 0.00 M M 5.2 15 250 M M 0 M M
10 79 49 64 2 1 0 0.00 M M 2.5 8 80 M M 1 M M
11 80 55 68 6 0 3 0.00 M M 3.4 10 190 M M 0 23 190
12 73 54 64 2 1 0 0.00 M M 4.8 12 180 M M 6 8 M M
13 69 56 63 2 2 0 0.00 M M 6.6 13 210 M M 9 20 190
14 62 50 56 -5 9 0 0.00 M M 7.4 14 300 M M 5 23 310
15 63 50 57 -4 8 0 T M M 5.5 10 340 M M 9 1 20 340
16 65 41 53 -7 12 0 0.00 M M 5.2 10 320 M M 1 17 340
17 74 43 59 -1 6 0 0.00 M M 2.9 8 280 M M 0 M M
18 76 47 62 2 3 0 0.00 M M 6.4 13 230 M M 0 18 210
19 81 58 70 11 0 5 T M M 6.1 12 300 M M 2 17 320
20 80 52 66 7 0 1 0.00 M M 4.4 9 300 M M 0 16 300
21 87 47 67 8 0 2 0.00 M M 3.0 8 310 M M 0 8 M M
22 77 48 63 5 2 0 0.00 M M 4.6 12 90 M M 0 8 M M
23 83 53 68 10 0 3 0.00 M M 2.6 7 80 M M 1 M M
24 86 70 78 20 0 13 0.00 M M 6.3 12 190 M M 0 17 190
25 84 69 77 20 0 12 0.00 M M 8.2 14 190 M M 4 22 190
26 81 70 76 19 0 11 T M M 7.4 14 190 M M 6 31 160
27 82 69 76 19 0 11 0.00 M M 6.8 12 240 M M 9 16 240
28 74 52 63 7 2 0 1.07 M M 3.7 9 300 M M 10 1 M M
29 52 43 48 -8 17 0 2.97 M M 4.8 9 330 M M 10 1 17 330
30 51 32 42 -14 23 0 0.01 M M 5.7 8 320 M M 3 18 99
31 54 27 41 -14 24 0 0.00 M M 4.6 8 300 M M 0 20 99
================================================================================
SM 2334 1634 128 107 4.97 M 150.1 M 95
================================================================================
AV 75.3 52.7 4.8 FASTST M M 3 MAX(MPH)
MISC ----> 18 200 31 160
================================================================================
NOTES:
# LAST OF SEVERAL OCCURRENCES
COLUMN 17 PEAK WIND IN M.P.H.
PRELIMINARY LOCAL CLIMATOLOGICAL DATA (WS FORM: F-6) , PAGE 2
STATION: BATESVILLE REGIONAL AIRPORT
MONTH: OCTOBER
YEAR: 2023
LATITUDE: 35 43 N
LONGITUDE: 91 39 W
[TEMPERATURE DATA] [PRECIPITATION DATA] SYMBOLS USED IN COLUMN 16
AVERAGE MONTHLY: 64.0 TOTAL FOR MONTH: 4.97 1 = FOG OR MIST
DPTR FM NORMAL: 3.7 DPTR FM NORMAL: 0.65 2 = FOG REDUCING VISIBILITY
HIGHEST: 92 ON 2 GRTST 24HR 3.14 ON 28-29 TO 1/4 MILE OR LESS
LOWEST: 27 ON 31 3 = THUNDER
SNOW, ICE PELLETS, HAIL 4 = ICE PELLETS
TOTAL MONTH: M 5 = HAIL
GRTST 24HR M ON M 6 = FREEZING RAIN OR DRIZZLE
GRTST DEPTH: M ON M 7 = DUSTSTORM OR SANDSTORM:
VSBY 1/2 MILE OR LESS
8 = SMOKE OR HAZE
[NO. OF DAYS WITH] [WEATHER - DAYS WITH] 9 = BLOWING SNOW
X = TORNADO
MAX 32 OR BELOW: 0 0.01 INCH OR MORE: 6
MAX 90 OR ABOVE: 2 0.10 INCH OR MORE: 3
MIN 32 OR BELOW: 2 0.50 INCH OR MORE: 3
MIN 0 OR BELOW: 0 1.00 INCH OR MORE: 2
[HDD (BASE 65) ]
TOTAL THIS MO. 128 CLEAR (SCALE 0-3) 20
DPTR FM NORMAL -62 PTCLDY (SCALE 4-7) 6
TOTAL FM JUL 1 128 CLOUDY (SCALE 8-10) 5
DPTR FM NORMAL -88
[CDD (BASE 65) ]
TOTAL THIS MO. 107
DPTR FM NORMAL 63 [PRESSURE DATA]
TOTAL FM JAN 1 2035 HIGHEST SLP 30.38 ON 30
DPTR FM NORMAL 297 LOWEST SLP 29.73 ON 11
[REMARKS]
#FINAL-10-23#