000
CXUS55 KPIH 011100
CF6BYI
PRELIMINARY LOCAL CLIMATOLOGICAL DATA (WS FORM: F-6)
STATION: BURLEY
MONTH: JULY
YEAR: 2023
LATITUDE: 42 32 N
LONGITUDE: 113 46 W
TEMPERATURE IN F: :PCPN: SNOW: WIND :SUNSHINE: SKY :PK WND
================================================================================
1 2 3 4 5 6A 6B 7 8 9 10 11 12 13 14 15 16 17 18
12Z AVG MX 2MIN
DY MAX MIN AVG DEP HDD CDD WTR SNW DPTH SPD SPD DIR MIN PSBL S-S WX SPD DR
================================================================================
1 91 56 74 6 0 9 0.00 M M 5.8 14 270 M M 0 21 290
2 90 53 72 4 0 7 0.00 M M 5.4 13 240 M M 0 18 310
3 86 55 71 3 0 6 T M M 6.9 16 260 M M 0 3 24 260
4 81 53 67 -2 0 2 0.00 M M 5.4 15 60 M M 0 20 50
5 82 46 64 -5 1 0 0.00 M M 5.1 13 90 M M 0 17 80
6 88 48 68 -2 0 3 0.00 M M 2.9 16 70 M M 0 25 70
7 88 57 73 3 0 8 T M M 9.6 36 200 M M 0 8 50 190
8 88 52 70 0 0 5 0.00 M M 4.7 24 190 M M 0 31 190
9 94 56 75 5 0 10 T M M 5.6 15 110 M M 0 19 110
10 90 56 73 2 0 8 0.00 M M 7.5 17 190 M M 0 24 190
11 86 57 72 1 0 7 0.00 M M 8.1 15 240 M M 0 22 270
12 92 50 71 0 0 6 0.00 M M 3.7 12 350 M M 0 18 320
13 87 53 70 -2 0 5 0.00 M M 8.5 16 260 M M 0 23 290
14 85 55 70 -2 0 5 0.00 M M 9.4 18 260 M M 0 26 260
15 90 54 72 0 0 7 0.00 M M 6.8 15 250 M M 0 21 270
16 98 56 77 5 0 12 0.00 M M 4.7 14 60 M M 0 20 50
17 90 59 75 3 0 10 0.00 M M 5.6 20 270 M M 0 32 270
18 89 59 74 2 0 9 0.00 M M 7.2 14 250 M M 0 24 280
19 92 58 75 2 0 10 0.00 M M 6.0 30 210 M M 0 8 41 210
20 93 58 76 3 0 11 0.00 M M 6.6 21 230 M M 0 30 190
21 97 61 79 6 0 14 0.00 M M 5.4 14 80 M M 0 8 20 80
22 100 56 78 5 0 13 0.00 M M 3.6 15 200 M M 0 21 190
23 100 61 81 8 0 16 T M M 5.1 18 260 M M 0 3 25 250
24 89 61 75 2 0 10 T M M 6.1 21 280 M M 2 34 290
25 90 57 74 1 0 9 0.00 M M 6.1 16 270 M M 0 25 250
26 92 52 72 -1 0 7 0.00 M M 3.4 12 260 M M 0 16 260
27 91 59 75 2 0 10 0.00 M M 4.4 13 260 M M 0 18 250
28 93 54 74 1 0 9 0.00 M M 2.8 12 320 M M 0 8 17 320
29 97 53 75 2 0 10 0.00 M M 4.7 16 260 M M 0 18 27 250
30 92 56 74 1 0 9 0.00 M M 4.8 15 260 M M 0 22 260
31 91 54 73 0 0 8 0.00 M M 4.3 15 260 M M 0 21 260
================================================================================
SM 2812 1715 1 255 T M 176.2 M 2
================================================================================
AV 90.7 55.3 5.7 FASTST M M 0 MAX(MPH)
MISC ----> 36 200 50 190
================================================================================
NOTES:
# LAST OF SEVERAL OCCURRENCES
COLUMN 17 PEAK WIND IN M.P.H.
PRELIMINARY LOCAL CLIMATOLOGICAL DATA (WS FORM: F-6) , PAGE 2
STATION: BURLEY
MONTH: JULY
YEAR: 2023
LATITUDE: 42 32 N
LONGITUDE: 113 46 W
[TEMPERATURE DATA] [PRECIPITATION DATA] SYMBOLS USED IN COLUMN 16
AVERAGE MONTHLY: 73.0 TOTAL FOR MONTH: T 1 = FOG OR MIST
DPTR FM NORMAL: 1.5 DPTR FM NORMAL: -0.26 2 = FOG REDUCING VISIBILITY
HIGHEST: 100 ON 23,22 GRTST 24HR T ON 3- 3 TO 1/4 MILE OR LESS
LOWEST: 46 ON 5 3 = THUNDER
SNOW, ICE PELLETS, HAIL 4 = ICE PELLETS
TOTAL MONTH: M 5 = HAIL
GRTST 24HR M ON M 6 = FREEZING RAIN OR DRIZZLE
GRTST DEPTH: M ON M 7 = DUSTSTORM OR SANDSTORM:
VSBY 1/2 MILE OR LESS
8 = SMOKE OR HAZE
[NO. OF DAYS WITH] [WEATHER - DAYS WITH] 9 = BLOWING SNOW
X = TORNADO
MAX 32 OR BELOW: 0 0.01 INCH OR MORE: 0
MAX 90 OR ABOVE: 20 0.10 INCH OR MORE: 0
MIN 32 OR BELOW: 0 0.50 INCH OR MORE: 0
MIN 0 OR BELOW: 0 1.00 INCH OR MORE: 0
[HDD (BASE 65) ]
TOTAL THIS MO. 1 CLEAR (SCALE 0-3) 31
DPTR FM NORMAL -9 PTCLDY (SCALE 4-7) 0
TOTAL FM JUL 1 1 CLOUDY (SCALE 8-10) 0
DPTR FM NORMAL -6
[CDD (BASE 65) ]
TOTAL THIS MO. 255
DPTR FM NORMAL 43 [PRESSURE DATA]
TOTAL FM JAN 1 273 HIGHEST SLP 30.09 ON 25
DPTR FM NORMAL -10 LOWEST SLP 29.62 ON 10
[REMARKS]
#FINAL-07-23#