000
CXUS55 KCAE 011500
CF6CAE
PRELIMINARY LOCAL CLIMATOLOGICAL DATA (WS FORM: F-6)
STATION: COLUMBIA METRO AIRPORT SC
MONTH: JANUARY
YEAR: 2021
LATITUDE: 33 57 N
LONGITUDE: 81 7 W
TEMPERATURE IN F: :PCPN: SNOW: WIND :SUNSHINE: SKY :PK WND
================================================================================
1 2 3 4 5 6A 6B 7 8 9 10 11 12 13 14 15 16 17 18
12Z AVG MX 2MIN
DY MAX MIN AVG DEP HDD CDD WTR SNW DPTH SPD SPD DIR MIN PSBL S-S WX SPD DR
================================================================================
1 61 52 57 13 8 0 1.67 0.0 0 4.8 18 320 M M 10 12 25 320
2 63 50 57 13 8 0 1.21 0.0 0 2.1 16 290 M M 10 1 19 290
3 60 40 50 6 15 0 0.05 0.0 0 8.4 18 280 M M 6 1 23 250
4 58 38 48 4 17 0 0.00 0.0 0 3.0 10 260 M M 4 13 260
5 62 35 49 5 16 0 0.02 0.0 0 6.3 20 310 M M 4 1 24 300
6 52 31 42 -2 23 0 0.00 0.0 0 2.4 12 40 M M 3 1 17 10
7 52 27 40 -4 25 0 0.48 0.0 0 5.5 16 70 M M 5 1 20 70
8 43 37 40 -4 25 0 0.12 0.0 0 6.9 14 40 M M 10 1 19 30
9 51 33 42 -2 23 0 0.00 0.0 0 4.9 13 270 M M 5 1 16 270
10 53 26 40 -4 25 0 0.00 0.0 0 1.2 7 90 M M 3 1 10 90
11 50 29 40 -4 25 0 0.21 0.0 0 3.3 9 60 M M 7 1 15 50
12 52 36 44 0 21 0 0.34 0.0 0 4.4 10 250 M M 8 1 13 250
13 43 30 37 -7 28 0 T 0.0 0 3.4 8 170 M M 8 12 11 240
14 58 31 45 1 20 0 0.00 0.0 0 4.2 14 250 M M 3 12 18 250
15 51 31 41 -4 24 0 0.18 0.0 0 2.6 14 170 M M 6 12 17 150
16 49 29 39 -6 26 0 0.00 0.0 0 11.5 29 260 M M 3 12 39 240
17 51 25 38 -7 27 0 0.00 0.0 0 6.2 22 260 M M 2 29 260
18 56 30 43 -2 22 0 T 0.0 0 9.5 25 280 M M 1 33 280
19 63 27 45 0 20 0 0.00 0.0 0 4.5 18 230 M M 2 24 230
20 63 42 53 8 12 0 0.00 0.0 0 8.4 21 270 M M 4 26 270
21 56 43 50 5 15 0 0.01 0.0 0 9.4 21 240 M M 9 8 30 230
22 58 37 48 3 17 0 0.00 0.0 0 2.6 8 210 M M 8 12 220
23 58 30 44 -1 21 0 0.00 0.0 0 2.5 10 50 M M 1 1 15 40
24 57 33 45 0 20 0 0.00 0.0 0 3.7 10 110 M M 8 13 70
25 64 52 58 13 7 0 T 0.0 0 4.6 12 120 M M 9 18 14 100
26 72 50 61 15 4 0 0.26 0.0 0 6.1 16 310 M M 7 13 22 210
27 61 54 58 12 7 0 0.08 0.0 M 5.3 21 270 M M 10 18 28 270
28 56 37 47 1 18 0 0.00 0.0 M 8.9 25 280 M M 3 33 300
29 50 29 40 -6 25 0 0.00 0.0 0 2.3 8 20 M M 0 1 11 50
30 48 24 36 -10 29 0 T 0.0 0 3.5 12 100 M M 6 16 130
31 48 41 45 -1 20 0 0.69 0.0 0 4.8 13 140 M M 10 1 19 140
================================================================================
SM 1719 1109 593 0 5.32 0.0 157.2 M 175
================================================================================
AV 55.5 35.8 5.1 FASTST M M 6 MAX(MPH)
MISC ----> 29 260 39 240
================================================================================
NOTES:
# LAST OF SEVERAL OCCURRENCES
COLUMN 17 PEAK WIND IN M.P.H.
PRELIMINARY LOCAL CLIMATOLOGICAL DATA (WS FORM: F-6) , PAGE 2
STATION: COLUMBIA METRO AIRPORT SC
MONTH: JANUARY
YEAR: 2021
LATITUDE: 33 57 N
LONGITUDE: 81 7 W
[TEMPERATURE DATA] [PRECIPITATION DATA] SYMBOLS USED IN COLUMN 16
AVERAGE MONTHLY: 45.6 TOTAL FOR MONTH: 5.32 1 = FOG OR MIST
DPTR FM NORMAL: 0.8 DPTR FM NORMAL: 1.74 2 = FOG REDUCING VISIBILITY
HIGHEST: 72 ON 26 GRTST 24HR 1.67 ON 1- 1 TO 1/4 MILE OR LESS
LOWEST: 24 ON 30 3 = THUNDER
SNOW, ICE PELLETS, HAIL 4 = ICE PELLETS
TOTAL MONTH: 0.0 INCH 5 = HAIL
GRTST 24HR 0.0 6 = FREEZING RAIN OR DRIZZLE
GRTST DEPTH: 0 7 = DUSTSTORM OR SANDSTORM:
VSBY 1/2 MILE OR LESS
8 = SMOKE OR HAZE
[NO. OF DAYS WITH] [WEATHER - DAYS WITH] 9 = BLOWING SNOW
X = TORNADO
MAX 32 OR BELOW: 0 0.01 INCH OR MORE: 13
MAX 90 OR ABOVE: 0 0.10 INCH OR MORE: 9
MIN 32 OR BELOW: 14 0.50 INCH OR MORE: 3
MIN 0 OR BELOW: 0 1.00 INCH OR MORE: 2
[HDD (BASE 65) ]
TOTAL THIS MO. 593 CLEAR (SCALE 0-3) 9
DPTR FM NORMAL -33 PTCLDY (SCALE 4-7) 15
TOTAL FM JUL 1 1432 CLOUDY (SCALE 8-10) 7
DPTR FM NORMAL -206
[CDD (BASE 65) ]
TOTAL THIS MO. 0
DPTR FM NORMAL -1 [PRESSURE DATA]
TOTAL FM JAN 1 0 HIGHEST SLP 30.40 ON 30
DPTR FM NORMAL -1 LOWEST SLP 29.70 ON 16
[REMARKS]
#FINAL-01-21#