000
CXUS56 KMTR 010900
CF6CCR
PRELIMINARY LOCAL CLIMATOLOGICAL DATA (WS FORM: F-6)
STATION: CONCORD AIRPORT
MONTH: JUNE
YEAR: 2023
LATITUDE: 37 58 N
LONGITUDE: 122 3 W
TEMPERATURE IN F: :PCPN: SNOW: WIND :SUNSHINE: SKY :PK WND
================================================================================
1 2 3 4 5 6A 6B 7 8 9 10 11 12 13 14 15 16 17 18
12Z AVG MX 2MIN
DY MAX MIN AVG DEP HDD CDD WTR SNW DPTH SPD SPD DIR MIN PSBL S-S WX SPD DR
================================================================================
1 76 54 65 -3 0 0 0.00 M M 15.7 24 180 M M 0 31 200
2 82 54 68 0 0 3 0.00 M M 12.0 24 180 M M 0 29 190
3 89 54 72 4 0 7 0.00 M M 8.9 16 290 M M 0 21 280
4 89 54 72 3 0 7 0.00 M M 6.1 17 320 M M 0 20 310
5 73 54 64 -5 1 0 0.00 M M 11.3 20 260 M M 0 25 260
6 73 57 65 -4 0 0 T M M 10.7 25 250 M M 5 34 260
7 71 57 64 -5 1 0 0.00 M M 11.4 18 260 M M 5 23 250
8 75 56 66 -4 0 1 0.00 M M 10.1 17 220 M M 1 25 270
9 71 55 63 -7 2 0 T M M 11.7 18 260 M M 5 23 270
10 78 54 66 -4 0 1 0.00 M M 9.4 17 190 M M 3 21 200
11 76 55 66 -4 0 1 0.00 M M 12.0 18 250 M M 1 21 190
12 73 58 66 -4 0 1 0.00 M M 10.8 18 230 M M 5 21 250
13 74 57 66 -4 0 1 0.00 M M 11.1 18 270 M M 4 22 260
14 81 56 69 -1 0 4 0.00 M M 10.1 17 260 M M 1 20 260
15 81 56 69 -2 0 4 0.00 M M 9.8 18 330 M M 2 21 220
16 80 56 68 -3 0 3 0.00 M M 9.2 16 250 M M 1 20 270
17 82 56 69 -2 0 4 0.00 M M 10.8 23 300 M M 1 27 180
18 80 57 69 -2 0 4 0.00 M M 14.8 22 220 M M 0 30 250
19 73 53 63 -8 2 0 0.00 M M 10.4 23 280 M M 0 30 300
20 77 52 65 -7 0 0 0.00 M M 7.3 17 250 M M 0 23 290
21 82 53 68 -4 0 3 0.00 M M 8.7 16 280 M M 0 22 320
22 71 53 62 -10 3 0 0.00 M M 12.3 21 260 M M 2 25 260
23 73 58 66 -6 0 1 0.00 M M 11.2 20 260 M M 5 24 260
24 74 56 65 -7 0 0 0.00 M M 12.1 17 220 M M 4 22 200
25 72 55 64 -8 1 0 0.00 M M 12.9 18 210 M M 3 23 190
26 77 54 66 -6 0 1 0.00 M M 15.6 24 190 M M 3 30 190
27 78 54 66 -6 0 1 0.00 M M 15.9 23 190 M M 3 30 190
28 79 53 66 -6 0 1 0.00 M M 15.2 20 200 M M 0 24 200
29 94 55 75 2 0 10 0.00 M M 8.7 18 300 M M 0 23 200
30 99 56 78 5 0 13 0.00 M M 5.9 15 300 M M 0 17 310
================================================================================
SM 2353 1652 10 71 T M 332.1 M 54
================================================================================
AV 78.4 55.1 11.1 FASTST M M 2 MAX(MPH)
MISC ----> 25 250 34 260
================================================================================
NOTES:
# LAST OF SEVERAL OCCURRENCES
COLUMN 17 PEAK WIND IN M.P.H.
PRELIMINARY LOCAL CLIMATOLOGICAL DATA (WS FORM: F-6) , PAGE 2
STATION: CONCORD AIRPORT
MONTH: JUNE
YEAR: 2023
LATITUDE: 37 58 N
LONGITUDE: 122 3 W
[TEMPERATURE DATA] [PRECIPITATION DATA] SYMBOLS USED IN COLUMN 16
AVERAGE MONTHLY: 66.8 TOTAL FOR MONTH: T 1 = FOG OR MIST
DPTR FM NORMAL: -3.8 DPTR FM NORMAL: -0.16 2 = FOG REDUCING VISIBILITY
HIGHEST: 99 ON 30 GRTST 24HR T ON 6- 6 TO 1/4 MILE OR LESS
LOWEST: 52 ON 20 3 = THUNDER
SNOW, ICE PELLETS, HAIL 4 = ICE PELLETS
TOTAL MONTH: M 5 = HAIL
GRTST 24HR M ON M 6 = FREEZING RAIN OR DRIZZLE
GRTST DEPTH: M ON M 7 = DUSTSTORM OR SANDSTORM:
VSBY 1/2 MILE OR LESS
8 = SMOKE OR HAZE
[NO. OF DAYS WITH] [WEATHER - DAYS WITH] 9 = BLOWING SNOW
X = TORNADO
MAX 32 OR BELOW: 0 0.01 INCH OR MORE: 0
MAX 90 OR ABOVE: 2 0.10 INCH OR MORE: 0
MIN 32 OR BELOW: 0 0.50 INCH OR MORE: 0
MIN 0 OR BELOW: 0 1.00 INCH OR MORE: 0
[HDD (BASE 65) ]
TOTAL THIS MO. 10 CLEAR (SCALE 0-3) 22
DPTR FM NORMAL 0 PTCLDY (SCALE 4-7) 8
TOTAL FM JUL 1 2648 CLOUDY (SCALE 8-10) 0
DPTR FM NORMAL 498
[CDD (BASE 65) ]
TOTAL THIS MO. 71
DPTR FM NORMAL -108 [PRESSURE DATA]
TOTAL FM JAN 1 133 HIGHEST SLP M ON M
DPTR FM NORMAL -138 LOWEST SLP 29.70 ON 4
[REMARKS]
#FINAL-06-23#