000
CXUS55 KCYS 070543 CCA
CF6CDR
PRELIMINARY LOCAL CLIMATOLOGICAL DATA (WS FORM: F-6)...CORRECTED
STATION: CHADRON NEBRASKA AIRPORT
MONTH: MARCH
YEAR: 2023
LATITUDE: 42 50 N
LONGITUDE: 103 6 W
TEMPERATURE IN F: :PCPN: SNOW: WIND :SUNSHINE: SKY :PK WND
================================================================================
1 2 3 4 5 6A 6B 7 8 9 10 11 12 13 14 15 16 17 18
12Z AVG MX 2MIN
DY MAX MIN AVG DEP HDD CDD WTR SNW DPTH SPD SPD DIR MIN PSBL S-S WX SPD DR
================================================================================
1 35 23 29 -3 36 0 0.00 M M 8.9 20 270 M M 3 30 280
2 46 25 36 4 29 0 0.00 M M 9.0 23 270 M M 2 29 270
3 41 28 35 2 30 0 0.15 M M 9.3 29 290 M M 8 1 38 300
4 39 10 25 -8 40 0 T M M 8.2 29 170 M M 4 128 38 170
5 49 28 39 5 26 0 T M M 15.8 39 170 M M 2 51 170
6 29 24 27 -7 38 0 T M M 11.4 18 30 M M 9 24 40
7 31 18 25 -9 40 0 0.04 M M 6.2 15 10 M M 10 18 20 360
8 30 18 24 -11 41 0 0.00 M M 8.5 17 110 M M 10 23 100
9 28 14 21 -14 44 0 T M M 6.7 16 30 M M 7 1 21 30
10 40 12 26 -10 39 0 0.00 M M 15.0 36 180 M M 3 46 180
11 49 23 36 0 29 0 0.00 M M 15.8 29 300 M M 1 36 280
12 32 18 25 -12 40 0 0.00 M M 13.1 24 300 M M 0 41 300
13 49 14 32 -5 33 0 0.00 M M 11.4 32 180 M M 0 41 180
14 65 29 47 9 18 0 0.00 M M 10.8 31 260 M M 0 43 270
15 65 30 48 10 17 0 T M M 10.0 28 260 M M 3 1 38 250
16 36 21 29 -9 36 0 0.02 M M 12.7 26 10 M M 9 18 39 10
17 35 15 25 -14 40 0 0.00 M M 12.1 33 310 M M 1 47 310
18 37 11 24 -15 41 0 0.00 M M 5.9 20 180 M M 2 26 180
19 59 16 38 -1 27 0 0.00 M M 10.3 24 280 M M 0 32 300
20 51 14 33 -7 32 0 0.00 M M 8.4 28 150 M M 3 38 140
21 56 20 38 -2 27 0 0.02 M M 11.2 35 270 M M 4 1 48 270
22 38 19 29 -11 36 0 0.04 M M 7.4 17 60 M M 9 18 22 60
23 50 22 36 -5 29 0 T M M 4.6 10 90 M M 5 1 15 220
24 56 19 38 -3 27 0 0.00 M M 6.6 18 40 M M 2 25 50
25 46 19 33 -8 32 0 0.10 M M 13.0 26 300 M M 8 12 39 300
26 43 21 32 -10 33 0 0.00 M M 4.0 12 170 M M 6 1 14 170
27 29 18 24 -18 41 0 0.10 M M 6.9 15 20 M M 6 18 21 20
28 48 15 32 -10 33 0 0.00 M M 10.2 22 40 M M 1 29 40
29 42 22 32 -10 33 0 0.00 M M 11.7 22 170 M M 6 27 170
30 61 25 43 1 22 0 T M M 9.4 22 20 M M 2 1 29 20
31 29 10 20 -23 45 0 0.44 M M 7.7 17 340 M M 8 128 25 330
================================================================================
SM 1344 601 1034 0 0.91 M 302.2 M 134
================================================================================
AV 43.4 19.4 9.7 FASTST M M 4 MAX(MPH)
MISC ----> 39 170 51 170
================================================================================
NOTES:
# LAST OF SEVERAL OCCURRENCES
COLUMN 17 PEAK WIND IN M.P.H.
PRELIMINARY LOCAL CLIMATOLOGICAL DATA (WS FORM: F-6) , PAGE 2
STATION: CHADRON NEBRASKA AIRPORT
MONTH: MARCH
YEAR: 2023
LATITUDE: 42 50 N
LONGITUDE: 103 6 W
[TEMPERATURE DATA] [PRECIPITATION DATA] SYMBOLS USED IN COLUMN 16
AVERAGE MONTHLY: 31.4 TOTAL FOR MONTH: 0.91 1 = FOG OR MIST
DPTR FM NORMAL: -6.5 DPTR FM NORMAL: 0.10 2 = FOG REDUCING VISIBILITY
HIGHEST: 65 ON 15,14 GRTST 24HR 0.44 ON 31-31 TO 1/4 MILE OR LESS
LOWEST: 10 ON 31, 4 3 = THUNDER
SNOW, ICE PELLETS, HAIL 4 = ICE PELLETS
TOTAL MONTH: M 5 = HAIL
GRTST 24HR M ON M 6 = FREEZING RAIN OR DRIZZLE
GRTST DEPTH: M ON M 7 = DUSTSTORM OR SANDSTORM:
VSBY 1/2 MILE OR LESS
8 = SMOKE OR HAZE
[NO. OF DAYS WITH] [WEATHER - DAYS WITH] 9 = BLOWING SNOW
X = TORNADO
MAX 32 OR BELOW: 7 0.01 INCH OR MORE: 8
MAX 90 OR ABOVE: 0 0.10 INCH OR MORE: 4
MIN 32 OR BELOW: 31 0.50 INCH OR MORE: 0
MIN 0 OR BELOW: 0 1.00 INCH OR MORE: 0
[HDD (BASE 65) ]
TOTAL THIS MO. 1034 CLEAR (SCALE 0-3) 14
DPTR FM NORMAL 194 PTCLDY (SCALE 4-7) 9
TOTAL FM JUL 1 6239 CLOUDY (SCALE 8-10) 8
DPTR FM NORMAL 337
[CDD (BASE 65) ]
TOTAL THIS MO. 0
DPTR FM NORMAL 0 [PRESSURE DATA]
TOTAL FM JAN 1 0 HIGHEST SLP 30.60 ON 18
DPTR FM NORMAL 0 LOWEST SLP 29.46 ON 30
[REMARKS]
USED COOP BACKUP FOR PRECIPITATION ON ALL DAYS WITH MEASURABLE
PRECIPITATION, EXCEPT 3/6 TO 3/10 WHERE PRECIPITATION OBSERVATIONS WERE
NOT SUBMITTED. KEPT ASOS TRACE VALUES AS IS.
#FINAL-03-23#