000
CXUS55 KCYS 041750 CCA
CF6CDR
PRELIMINARY LOCAL CLIMATOLOGICAL DATA (WS FORM: F-6)...CORRECTED
STATION: CHADRON NEBRASKA AIRPORT
MONTH: JULY
YEAR: 2022
LATITUDE: 42 50 N
LONGITUDE: 103 6 W
TEMPERATURE IN F: :PCPN: SNOW: WIND :SUNSHINE: SKY :PK WND
================================================================================
1 2 3 4 5 6A 6B 7 8 9 10 11 12 13 14 15 16 17 18
12Z AVG MX 2MIN
DY MAX MIN AVG DEP HDD CDD WTR SNW DPTH SPD SPD DIR MIN PSBL S-S WX SPD DR
================================================================================
1 87 52 70 -2 0 5 0.24 M M 7.4 36 330 M M 1 13 52 300
2 91 53 72 -1 0 7 0.03 M M 8.2 30 340 M M 1 3 47 340
3 101 66 84 11 0 19 0.00 M M 14.8 31 170 M M 1 46 300
4 100 62 81 8 0 16 T M M 6.2 25 170 M M 1 3 39 310
5 95 58 77 3 0 12 0.15 M M 10.4 32 120 M M 1 13 42 130
6 87 59 73 -1 0 8 T M M 6.1 22 50 M M 2 29 50
7 92 57 75 1 0 10 0.77 M M 7.7 29 290 M M 2 123 40 300
8 93 57 75 1 0 10 0.00 M M 7.1 24 160 M M 0 31 160
9 107 71 89 14 0 24 0.00 M M 12.6 32 170 M M 0 42 170
10 98 68 83 8 0 18 0.00 M M 9.8 41 20 M M 0 54 30
11 87 57 72 -3 0 7 0.00 M M 8.9 36 30 M M 4 53 20
12 95 52 74 -1 0 9 0.00 M M 6.1 16 150 M M 0 8 23 120
13 100 60 80 5 0 15 0.00 M M 6.7 20 190 M M 0 27 150
14 104 71 88 12 0 23 0.02 M M 10.6 22 280 M M 0 3 33 300
15 98 69 84 8 0 19 0.19 M M 8.5 33 230 M M 3 13 44 220
16 96 65 81 5 0 16 0.01 M M 5.4 26 10 M M 2 35 10
17 103 61 82 6 0 17 0.00 M M 7.0 28 180 M M 0 36 180
18 111 73 92 16 0 27 0.00 M M 15.0 28 260 M M 0 43 260
19 94 59 77 1 0 12 0.00 M M 13.7 26 310 M M 0 40 300
20 101 51 76 0 0 11 0.00 M M 5.4 25 30 M M 0 8 33 30
21 103 53 78 2 0 13 0.00 M M 5.0 17 20 M M 0 24 180
22 102 56 79 3 0 14 0.00 M M 10.7 31 170 M M 0 42 180
23 91 65 78 2 0 13 0.00 M M 13.2 31 170 M M 0 43 170
24 91 60 76 0 0 11 T M M 11.5 32 350 M M 1 44 350
25 91 60 76 0 0 11 T M M 4.6 16 20 M M 3 22 10
26 83 61 72 -4 0 7 0.00 M M 7.3 21 40 M M 1 29 40
27 88 59 74 -2 0 9 0.45 M M 8.0 24 40 M M 3 13 33 30
28 85 54 70 -6 0 5 0.00 M M 4.1 15 110 M M 2 20 60
29 88 63 76 0 0 11 0.00 M M 13.4 26 170 M M 1 33 180
30 100 65 83 7 0 18 0.00 M M 11.2 21 180 M M 0 27 170
31 99 59 79 3 0 14 0.07 M M 7.6 25 150 M M 1 38 36 320
================================================================================
SM 2961 1876 0 411 1.93 M 274.2 M 30
================================================================================
AV 95.5 60.5 8.8 FASTST M M 1 MAX(MPH)
MISC ----> 41 20 54 30
================================================================================
NOTES:
# LAST OF SEVERAL OCCURRENCES
COLUMN 17 PEAK WIND IN M.P.H.
PRELIMINARY LOCAL CLIMATOLOGICAL DATA (WS FORM: F-6) , PAGE 2
STATION: CHADRON NEBRASKA AIRPORT
MONTH: JULY
YEAR: 2022
LATITUDE: 42 50 N
LONGITUDE: 103 6 W
[TEMPERATURE DATA] [PRECIPITATION DATA] SYMBOLS USED IN COLUMN 16
AVERAGE MONTHLY: 78.0 TOTAL FOR MONTH: 1.93 1 = FOG OR MIST
DPTR FM NORMAL: 2.7 DPTR FM NORMAL: -0.06 2 = FOG REDUCING VISIBILITY
HIGHEST: 111 ON 18 GRTST 24HR 0.77 ON 7- 7 TO 1/4 MILE OR LESS
LOWEST: 51 ON 20 3 = THUNDER
SNOW, ICE PELLETS, HAIL 4 = ICE PELLETS
TOTAL MONTH: M 5 = HAIL
GRTST 24HR M ON M 6 = FREEZING RAIN OR DRIZZLE
GRTST DEPTH: M ON M 7 = DUSTSTORM OR SANDSTORM:
VSBY 1/2 MILE OR LESS
8 = SMOKE OR HAZE
[NO. OF DAYS WITH] [WEATHER - DAYS WITH] 9 = BLOWING SNOW
X = TORNADO
MAX 32 OR BELOW: 0 0.01 INCH OR MORE: 9
MAX 90 OR ABOVE: 24 0.10 INCH OR MORE: 5
MIN 32 OR BELOW: 0 0.50 INCH OR MORE: 1
MIN 0 OR BELOW: 0 1.00 INCH OR MORE: 0
[HDD (BASE 65) ]
TOTAL THIS MO. 0 CLEAR (SCALE 0-3) 29
DPTR FM NORMAL -4 PTCLDY (SCALE 4-7) 2
TOTAL FM JUL 1 0 CLOUDY (SCALE 8-10) 0
DPTR FM NORMAL 0
[CDD (BASE 65) ]
TOTAL THIS MO. 411
DPTR FM NORMAL 89 [PRESSURE DATA]
TOTAL FM JAN 1 577 HIGHEST SLP 30.18 ON 28
DPTR FM NORMAL 108 LOWEST SLP 29.55 ON 18
[REMARKS]
JULY 9...TIED RECORD HIGH 107 DEGREES PREVIOUSLY SET IN 2017
JULY 14...TIED RECORD HIGH 104 DEGREES PREVIOUSLY SET IN 2006
JULY 14...TIED RECORD HIGH LOW 71 DEGREES PREVIOUSLY SET IN 2000
JULY 18...RECORD HIGH 111 DEGREES (PREVIOUS 108 DEGREES IN 2008)
JULY 18...TIED RECORD HIGH LOW 73 DEGREES PREVIOUSLY SET IN 2006
#FINAL-07-22#